000
CDUS42 KFFC 172214
CLIFTY


CLIMATE REPORT
NATIONAL WEATHER SERVICE PEACHTREE CITY GA
507 PM EST WED JAN 17 2018


...................................

...THE FULTON COUNTY AIRPORT CLIMATE SUMMARY FOR JANUARY 17 2018...
VALID TODAY AS OF 0500 PM LOCAL TIME.

CLIMATE NORMAL PERIOD 1981 TO 2010
CLIMATE RECORD PERIOD 9999 TO 9999


WEATHER ITEM   OBSERVED TIME   RECORD YEAR NORMAL DEPARTURE LAST
                VALUE   (LST)  VALUE       VALUE  FROM      YEAR
                                                  NORMAL
..................................................................
TEMPERATURE (F)
 TODAY
  MAXIMUM         26   1208 AM  MM      MM  53    -27       75
  MINIMUM         14    910 AM  MM      MM  33    -19       50
  AVERAGE         20                        43    -23       63

PRECIPITATION (IN)
  TODAY            0.03         MM      MM   0.14  -0.11     0.00
  MONTH TO DATE    0.91                      1.88  -0.97     3.09
  SINCE DEC 1      3.74                      5.87  -2.13     5.87
  SINCE JAN 1      0.91                      1.88  -0.97     3.09

SNOWFALL (IN)
  TODAY           MM            MM      MM  MM     MM        0.0
  MONTH TO DATE    0.0                      MM     MM        0.0
  SINCE DEC 1      0.0                      MM     MM        0.0
  SINCE JUL 1      0.0                      MM     MM        0.0
  SNOW DEPTH       0

DEGREE DAYS
 HEATING
  TODAY           45                        22     23        2
  MONTH TO DATE  513                       374    139      273
  SINCE DEC 1   1108                      1001    107      793
  SINCE JUL 1   1578                      1511     67     1113
..................................................................


WIND (MPH)
  RESULTANT WIND SPEED  13   RESULTANT WIND DIRECTION  NW (320)
  HIGHEST WIND SPEED    23   HIGHEST WIND DIRECTION    NW (330)
  HIGHEST GUST SPEED    33   HIGHEST GUST DIRECTION    NW (300)
  AVERAGE WIND SPEED    13.7


SKY COVER
  AVERAGE SKY COVER 0.4


WEATHER CONDITIONS
 THE FOLLOWING WEATHER WAS RECORDED TODAY.
  LIGHT SNOW
  FOG


RELATIVE HUMIDITY (PERCENT)
 HIGHEST    92           500 AM
 LOWEST     46           300 PM
 AVERAGE    69

..........................................................


THE FULTON COUNTY AIRPORT CLIMATE NORMALS FOR TOMORROW
                         NORMAL    RECORD    YEAR
 MAXIMUM TEMPERATURE (F)   53        MM        MM
 MINIMUM TEMPERATURE (F)   33        MM        MM


SUNRISE AND SUNSET
JANUARY 17 2018.......SUNRISE   742 AM EST   SUNSET   554 PM EST
JANUARY 18 2018.......SUNRISE   742 AM EST   SUNSET   555 PM EST


-  INDICATES NEGATIVE NUMBERS.
R  INDICATES RECORD WAS SET OR TIED.
MM INDICATES DATA IS MISSING.
T  INDICATES TRACE AMOUNT.




$$
