000
CDUS42 KFFC 300818
CLIFTY


CLIMATE REPORT
NATIONAL WEATHER SERVICE PEACHTREE CITY GA
417 AM EDT MON MAR 30 2015


...................................

...THE FULTON COUNTY AIRPORT CLIMATE SUMMARY FOR MARCH 29 2015...

CLIMATE NORMAL PERIOD 1981 TO 2010
CLIMATE RECORD PERIOD 9999 TO 9999


WEATHER ITEM   OBSERVED TIME   RECORD YEAR NORMAL DEPARTURE LAST
                VALUE   (LST)  VALUE       VALUE  FROM      YEAR
                                                  NORMAL
..................................................................
TEMPERATURE (F)
 YESTERDAY
  MAXIMUM         61    540 PM  MM      MM  69     -8       68
  MINIMUM         26    643 AM  MM      MM  45    -19       47
  AVERAGE         44                        57    -13       58

PRECIPITATION (IN)
  YESTERDAY        0.00         MM      MM   0.13  -0.13     0.09
  MONTH TO DATE    1.96                      4.54  -2.58     3.02
  SINCE MAR 1      1.96                      4.54  -2.58     3.02
  SINCE JAN 1      8.75                     13.71  -4.96     8.69

SNOWFALL (IN)
  YESTERDAY       MM            MM      MM  MM     MM       MM
  MONTH TO DATE    0.0                      MM     MM        0.0
  SINCE MAR 1      0.0                      MM     MM        0.0
  SINCE JUL 1      T                        MM     MM         T
  SNOW DEPTH      MM

DEGREE DAYS
 HEATING
  YESTERDAY       21                         8     13        7
  MONTH TO DATE  263                       343    -80      395
  SINCE MAR 1    263                       343    -80      395
  SINCE JUL 1   2851                      2683    168     2962

 COOLING
  YESTERDAY        0                         0      0        0
  MONTH TO DATE    2                         0      2        0
  SINCE MAR 1      2                         0      2        0
  SINCE JAN 1      2                         0      2        0
..................................................................


WIND (MPH)
  RESULTANT WIND SPEED   3   RESULTANT WIND DIRECTION   S (170)
  HIGHEST WIND SPEED    14   HIGHEST WIND DIRECTION    SE (140)
  HIGHEST GUST SPEED    18   HIGHEST GUST DIRECTION    SW (220)
  AVERAGE WIND SPEED     4.7


SKY COVER
  AVERAGE SKY COVER 0.2


WEATHER CONDITIONS
 THE FOLLOWING WEATHER WAS RECORDED YESTERDAY.
  NO SIGNIFICANT WEATHER WAS OBSERVED.


RELATIVE HUMIDITY (PERCENT)
 HIGHEST    81           600 AM
 LOWEST     18           100 PM
 AVERAGE    50

..........................................................


THE FULTON COUNTY AIRPORT CLIMATE NORMALS FOR TODAY
                         NORMAL    RECORD    YEAR
 MAXIMUM TEMPERATURE (F)   69        MM        MM
 MINIMUM TEMPERATURE (F)   45        MM        MM


SUNRISE AND SUNSET
MARCH 30 2015.........SUNRISE   729 AM EDT   SUNSET   757 PM EDT
MARCH 31 2015.........SUNRISE   727 AM EDT   SUNSET   758 PM EDT


-  INDICATES NEGATIVE NUMBERS.
R  INDICATES RECORD WAS SET OR TIED.
MM INDICATES DATA IS MISSING.
T  INDICATES TRACE AMOUNT.




$$
