000
CDUS46 KSGX 171154
CLIFUL


CLIMATE REPORT
NATIONAL WEATHER SERVICE SAN DIEGO, CA
444 AM PDT TUE OCT 17 2017


...................................

...THE FULLERTON AIRPORT CA CLIMATE SUMMARY FOR OCTOBER 16 2017...

CLIMATE NORMAL PERIOD 1981 TO 2010
CLIMATE RECORD PERIOD 1998 TO 2017


WEATHER ITEM   OBSERVED TIME   RECORD YEAR NORMAL DEPARTURE LAST
                VALUE   (LST)  VALUE       VALUE  FROM      YEAR
                                                  NORMAL
..................................................................
TEMPERATURE (F)
 YESTERDAY
  MAXIMUM        100R   112 PM  95    2012  79     21       79
  MINIMUM         59    602 AM  53    2000  57      2       65
  AVERAGE         80                        68     12       72

PRECIPITATION (IN)
  YESTERDAY        0.00          0.06 2004   0.03  -0.03     0.00
  MONTH TO DATE    T                         0.29  -0.29     0.00
  SINCE OCT 1      T                         0.29  -0.29     0.00
  SINCE JAN 1     11.18                     10.27   0.91     4.21

DEGREE DAYS
 HEATING
  YESTERDAY        0                         1     -1        0
  MONTH TO DATE    0                         1     -1        0
  SINCE SEP 1      0                         2     -2        0
  SINCE JUL 1      0                         2     -2        0

 COOLING
  YESTERDAY       15                         3     12        7
  MONTH TO DATE  120                        74     46      104
  SINCE SEP 1    422                       329     93      426
  SINCE JAN 1   1652                      1192    460     1701
..................................................................


WIND (MPH)
  RESULTANT WIND SPEED   1   RESULTANT WIND DIRECTION   W (250)
  HIGHEST WIND SPEED    10   HIGHEST WIND DIRECTION    SW (210)
  HIGHEST GUST SPEED    16   HIGHEST GUST DIRECTION    SW (210)
  AVERAGE WIND SPEED     2.0


SKY COVER
  POSSIBLE SUNSHINE  MM
  AVERAGE SKY COVER 0.1


WEATHER CONDITIONS
 THE FOLLOWING WEATHER WAS RECORDED YESTERDAY.
  NO SIGNIFICANT WEATHER WAS OBSERVED.


RELATIVE HUMIDITY (PERCENT)
 HIGHEST    55           500 AM
 LOWEST      6          1200 PM
 AVERAGE    31

..........................................................


THE FULLERTON AIRPORT CA CLIMATE NORMALS FOR TODAY
                         NORMAL    RECORD    YEAR
 MAXIMUM TEMPERATURE (F)   78        99      2012
 MINIMUM TEMPERATURE (F)   57        54      2013
                                             2008


SUNRISE AND SUNSET
OCTOBER 17 2017.......SUNRISE   659 AM PDT   SUNSET   615 PM PDT
OCTOBER 18 2017.......SUNRISE   659 AM PDT   SUNSET   614 PM PDT


-  INDICATES NEGATIVE NUMBERS.
R  INDICATES RECORD WAS SET OR TIED.
MM INDICATES DATA IS MISSING.
T  INDICATES TRACE AMOUNT.




$$
