000
CDUS46 KSGX 010022
CLIFUL


CLIMATE REPORT
NATIONAL WEATHER SERVICE SAN DIEGO, CA
522 PM PDT SUN APR 30 2017


...................................

...THE FULLERTON AIRPORT CA CLIMATE SUMMARY FOR APRIL 30 2017...
VALID TODAY AS OF 0500 PM LOCAL TIME.

CLIMATE NORMAL PERIOD 1981 TO 2010
CLIMATE RECORD PERIOD 1998 TO 2017


WEATHER ITEM   OBSERVED TIME   RECORD YEAR NORMAL DEPARTURE LAST
                VALUE   (LST)  VALUE       VALUE  FROM      YEAR
                                                  NORMAL
..................................................................
TEMPERATURE (F)
 TODAY
  MAXIMUM         88    307 PM  96    2014  74     14       72
  MINIMUM         56    517 AM  47    2010  55      1       56
  AVERAGE         72                        65      7       64

PRECIPITATION (IN)
  TODAY            0.00          0.01 2016   0.02  -0.02     0.01
  MONTH TO DATE    0.03                      0.87  -0.84     0.11
  SINCE OCT 1     16.37                     13.21   3.16     5.21
  SINCE JAN 1     10.46                      9.31   1.15     4.16

DEGREE DAYS
 HEATING
  TODAY            0                         2     -2        1
  MONTH TO DATE   15                       102    -87       18
  SINCE MAR 1     72                       272   -200       81
  SINCE JUL 1    769                      1194   -425      760

 COOLING
  TODAY            7                         2      5        0
  MONTH TO DATE  100                        30     70       84
  SINCE MAR 1    138                        43     95      105
  SINCE JAN 1    141                        52     89      177
..................................................................


WIND (MPH)
  RESULTANT WIND SPEED   2   RESULTANT WIND DIRECTION  SE (150)
  HIGHEST WIND SPEED    12   HIGHEST WIND DIRECTION     S (170)
  HIGHEST GUST SPEED    15   HIGHEST GUST DIRECTION     S (190)
  AVERAGE WIND SPEED     4.3


SKY COVER
  POSSIBLE SUNSHINE  MM
  AVERAGE SKY COVER 0.0


WEATHER CONDITIONS
 THE FOLLOWING WEATHER WAS RECORDED TODAY.
  NO SIGNIFICANT WEATHER WAS OBSERVED.


RELATIVE HUMIDITY (PERCENT)
 HIGHEST    47           300 AM
 LOWEST     14          1100 AM
 AVERAGE    31

..........................................................


THE FULLERTON AIRPORT CA CLIMATE NORMALS FOR TOMORROW
                         NORMAL    RECORD    YEAR
 MAXIMUM TEMPERATURE (F)   75        98      2014
 MINIMUM TEMPERATURE (F)   55        46      1999


SUNRISE AND SUNSET
APRIL 30 2017.........SUNRISE   604 AM PDT   SUNSET   735 PM PDT
MAY  1 2017...........SUNRISE   603 AM PDT   SUNSET   736 PM PDT


-  INDICATES NEGATIVE NUMBERS.
R  INDICATES RECORD WAS SET OR TIED.
MM INDICATES DATA IS MISSING.
T  INDICATES TRACE AMOUNT.




$$
