000
CDUS46 KSGX 071519
CLIFUL


CLIMATE REPORT
NATIONAL WEATHER SERVICE SAN DIEGO, CA
719 AM PST WED DEC 7 2016


...................................

...THE FULLERTON AIRPORT CA CLIMATE SUMMARY FOR DECEMBER 6 2016...

CLIMATE NORMAL PERIOD 1981 TO 2010
CLIMATE RECORD PERIOD 1998 TO 2016


WEATHER ITEM   OBSERVED TIME   RECORD YEAR NORMAL DEPARTURE LAST
                VALUE   (LST)  VALUE       VALUE  FROM      YEAR
                                                  NORMAL
..................................................................
TEMPERATURE (F)
 YESTERDAY
  MAXIMUM         65    222 PM  80    2015  68     -3       80
  MINIMUM         52    705 AM  38    1998  46      6       50
  AVERAGE         59                        57      2       65

PRECIPITATION (IN)
  YESTERDAY        0.00          0.05 2010   0.05  -0.05     0.00
  MONTH TO DATE    0.00                      0.26  -0.26     0.00
  SINCE OCT 1      1.40                      2.11  -0.71     0.26
  SINCE JAN 1      5.61                     12.09  -6.48     4.58

DEGREE DAYS
 HEATING
  YESTERDAY        6                         8     -2        0
  MONTH TO DATE   44                        48     -4       23
  SINCE DEC 1     44                        48     -4       23
  SINCE JUL 1    108                       212   -104      128

 COOLING
  YESTERDAY        0                         0      0        0
  MONTH TO DATE    0                         0      0        0
  SINCE DEC 1      0                         0      0        0
  SINCE JAN 1   1891                      1251    640     2188
..................................................................


WIND (MPH)
  RESULTANT WIND SPEED   2   RESULTANT WIND DIRECTION  SE (140)
  HIGHEST WIND SPEED    10   HIGHEST WIND DIRECTION    SW (210)
  HIGHEST GUST SPEED    13   HIGHEST GUST DIRECTION    SW (210)
  AVERAGE WIND SPEED     2.9


SKY COVER
  POSSIBLE SUNSHINE  MM
  AVERAGE SKY COVER 0.7


WEATHER CONDITIONS
 THE FOLLOWING WEATHER WAS RECORDED YESTERDAY.
  FOG
  HAZE


RELATIVE HUMIDITY (PERCENT)
 HIGHEST    93          1100 PM
 LOWEST     60           200 PM
 AVERAGE    77

..........................................................


THE FULLERTON AIRPORT CA CLIMATE NORMALS FOR TODAY
                         NORMAL    RECORD    YEAR
 MAXIMUM TEMPERATURE (F)   68        84      2006
 MINIMUM TEMPERATURE (F)   45        34      1998


SUNRISE AND SUNSET
DECEMBER  7 2016......SUNRISE   644 AM PST   SUNSET   443 PM PST
DECEMBER  8 2016......SUNRISE   645 AM PST   SUNSET   443 PM PST


-  INDICATES NEGATIVE NUMBERS.
R  INDICATES RECORD WAS SET OR TIED.
MM INDICATES DATA IS MISSING.
T  INDICATES TRACE AMOUNT.




$$
