000
CDUS46 KSGX 291417
CLIFUL


CLIMATE REPORT
NATIONAL WEATHER SERVICE SAN DIEGO, CA
717 AM PDT FRI APR 29 2016


...................................

...THE FULLERTON AIRPORT CA CLIMATE SUMMARY FOR APRIL 28 2016...

CLIMATE NORMAL PERIOD 1981 TO 2010
CLIMATE RECORD PERIOD 1998 TO 2016


WEATHER ITEM   OBSERVED TIME   RECORD YEAR NORMAL DEPARTURE LAST
                VALUE   (LST)  VALUE       VALUE  FROM      YEAR
                                                  NORMAL
..................................................................
TEMPERATURE (F)
 YESTERDAY
  MAXIMUM         70    304 PM  98    2008  74     -4       94
  MINIMUM         56    541 AM  48    2002  55      1       57
  AVERAGE         63                        64     -1       76

PRECIPITATION (IN)
  YESTERDAY        0.00          0.96 2005   0.03  -0.03     0.00
  MONTH TO DATE    0.10                      0.83  -0.73     0.22
  SINCE OCT 1      5.20                     13.17  -7.97     5.55
  SINCE JAN 1      4.15                      9.27  -5.12     1.73

DEGREE DAYS
 HEATING
  YESTERDAY        2                         2      0        0
  MONTH TO DATE   16                        98    -82       31
  SINCE MAR 1     79                       268   -189       64
  SINCE JUL 1    758                      1190   -432      427

 COOLING
  YESTERDAY        0                         2     -2       11
  MONTH TO DATE   84                        29     55       62
  SINCE MAR 1    105                        42     63      212
  SINCE JAN 1    177                        51    126      263
..................................................................


WIND (MPH)
  RESULTANT WIND SPEED   5   RESULTANT WIND DIRECTION   S (160)
  HIGHEST WIND SPEED    15   HIGHEST WIND DIRECTION     S (190)
  HIGHEST GUST SPEED    22   HIGHEST GUST DIRECTION    SW (210)
  AVERAGE WIND SPEED     6.9


SKY COVER
  POSSIBLE SUNSHINE  MM
  AVERAGE SKY COVER 0.5


WEATHER CONDITIONS
 THE FOLLOWING WEATHER WAS RECORDED YESTERDAY.
  NO SIGNIFICANT WEATHER WAS OBSERVED.


RELATIVE HUMIDITY (PERCENT)
 HIGHEST    77           300 AM
 LOWEST     37           200 PM
 AVERAGE    57

..........................................................


THE FULLERTON AIRPORT CA CLIMATE NORMALS FOR TODAY
                         NORMAL    RECORD    YEAR
 MAXIMUM TEMPERATURE (F)   74        97      2015
 MINIMUM TEMPERATURE (F)   55        47      1999


SUNRISE AND SUNSET
APRIL 29 2016.........SUNRISE   604 AM PDT   SUNSET   734 PM PDT
APRIL 30 2016.........SUNRISE   603 AM PDT   SUNSET   735 PM PDT


-  INDICATES NEGATIVE NUMBERS.
R  INDICATES RECORD WAS SET OR TIED.
MM INDICATES DATA IS MISSING.
T  INDICATES TRACE AMOUNT.




$$
