000
CDUS41 KCAR 302033
CLIFVE


CLIMATE REPORT
NATIONAL WEATHER SERVICE CARIBOU, ME
432 PM EDT FRI SEP 30 2016


...................................

...THE FRENCHVILLE ME CLIMATE SUMMARY FOR SEPTEMBER 30 2016...
VALID TODAY AS OF 0400 PM LOCAL TIME.

CLIMATE NORMAL PERIOD 1981 TO 2010
CLIMATE RECORD PERIOD 9999 TO 9999


WEATHER ITEM   OBSERVED TIME   RECORD YEAR NORMAL DEPARTURE LAST
                VALUE   (LST)  VALUE       VALUE  FROM      YEAR
                                                  NORMAL
..................................................................
TEMPERATURE (F)
 TODAY
  MAXIMUM         64    249 PM              56      8
  MINIMUM         30    505 AM              39     -9
  AVERAGE         47                        48     -1

PRECIPITATION (IN)
  TODAY            0.00         MM      MM   0.10  -0.10     1.41
  MONTH TO DATE    2.52                      3.52  -1.00     3.59
  SINCE SEP 1      2.52                      3.52  -1.00     3.59
  SINCE JAN 1     25.26                     25.58  -0.32    21.28

SNOWFALL (IN)
  TODAY           MM            MM      MM  MM     MM       MM
  MONTH TO DATE   MM                        MM     MM       MM
  SINCE SEP 1     MM                        MM     MM       MM
  SINCE JUL 1     MM                        MM     MM       MM
  SNOW DEPTH      MM

DEGREE DAYS
 HEATING
  TODAY           18                                1
  MONTH TO DATE  246                             -106
  SINCE JUL 1    353                             -191

 COOLING
  TODAY            0                                0
  MONTH TO DATE   20                               10
  SINCE JAN 1    221                               87
..................................................................


WIND (MPH)
  HIGHEST WIND SPEED     9   HIGHEST WIND DIRECTION    NW (330)
  HIGHEST GUST SPEED    11   HIGHEST GUST DIRECTION     N (350)
  AVERAGE WIND SPEED     4.2




..........................................................


THE FRENCHVILLE ME CLIMATE NORMALS FOR TOMORROW
                         NORMAL
 MAXIMUM TEMPERATURE (F)   56
 MINIMUM TEMPERATURE (F)   39


SUNRISE AND SUNSET
SEPTEMBER 30 2016.....SUNRISE   631 AM EDT   SUNSET   614 PM EDT
OCTOBER  1 2016.......SUNRISE   633 AM EDT   SUNSET   612 PM EDT


-  INDICATES NEGATIVE NUMBERS.
R  INDICATES RECORD WAS SET OR TIED.
MM INDICATES DATA IS MISSING.
T  INDICATES TRACE AMOUNT.




$$
