705
CDUS41 KCAR 240529
CLIFVE


CLIMATE REPORT
NATIONAL WEATHER SERVICE CARIBOU, ME
128 AM EDT WED MAY 24 2017


...................................

...THE FRENCHVILLE ME CLIMATE SUMMARY FOR MAY 23 2017...

CLIMATE NORMAL PERIOD 1981 TO 2010
CLIMATE RECORD PERIOD 9999 TO 9999


WEATHER ITEM   OBSERVED TIME   RECORD YEAR NORMAL DEPARTURE LAST
                VALUE   (LST)  VALUE       VALUE  FROM      YEAR
                                                  NORMAL
..................................................................
TEMPERATURE (F)
 YESTERDAY
  MAXIMUM         64    214 PM              63      1
  MINIMUM         42    555 AM              42      0
  AVERAGE         53                        53      0

PRECIPITATION (IN)
  YESTERDAY        0.06         MM      MM   0.10  -0.04     0.00
  MONTH TO DATE    4.22                      2.15   2.07     1.80
  SINCE MAR 1      8.51                      6.44   2.07     5.59
  SINCE JAN 1     11.13                      9.01   2.12     9.07

SNOWFALL (IN)
  YESTERDAY       MM            MM      MM  MM     MM       MM
  MONTH TO DATE   MM                        MM     MM       MM
  SINCE MAR 1     MM                        MM     MM       MM
  SINCE JUL 1     MM                        MM     MM       MM
  SNOW DEPTH      MM

DEGREE DAYS
 HEATING
  YESTERDAY       12                                0
  MONTH TO DATE  346                              -19
  SINCE JUL 1   8736                             -761

 COOLING
  YESTERDAY        0                                0
  MONTH TO DATE    5                                5
  SINCE JAN 1      5                                5
..................................................................


WIND (MPH)
  HIGHEST WIND SPEED    23   HIGHEST WIND DIRECTION     W (280)
  HIGHEST GUST SPEED    30   HIGHEST GUST DIRECTION    SW (230)
  AVERAGE WIND SPEED    10.8




..........................................................


THE FRENCHVILLE ME CLIMATE NORMALS FOR TODAY
                         NORMAL
 MAXIMUM TEMPERATURE (F)   64
 MINIMUM TEMPERATURE (F)   43


SUNRISE AND SUNSET
MAY 24 2017...........SUNRISE   447 AM EDT   SUNSET   814 PM EDT
MAY 25 2017...........SUNRISE   446 AM EDT   SUNSET   815 PM EDT


-  INDICATES NEGATIVE NUMBERS.
R  INDICATES RECORD WAS SET OR TIED.
MM INDICATES DATA IS MISSING.
T  INDICATES TRACE AMOUNT.




$$
