000
CDUS41 KCAR 282025
CLIFVE


CLIMATE REPORT
NATIONAL WEATHER SERVICE CARIBOU, ME
425 PM EDT THU APR 28 2016


...................................

...THE FRENCHVILLE ME CLIMATE SUMMARY FOR APRIL 28 2016...
VALID TODAY AS OF 0400 PM LOCAL TIME.

CLIMATE NORMAL PERIOD 1981 TO 2010
CLIMATE RECORD PERIOD 9999 TO 9999


WEATHER ITEM   OBSERVED TIME   RECORD YEAR NORMAL DEPARTURE LAST
                VALUE   (LST)  VALUE       VALUE  FROM      YEAR
                                                  NORMAL
..................................................................
TEMPERATURE (F)
 TODAY
  MAXIMUM         33    258 PM              52    -19
  MINIMUM         15    405 AM              35    -20
  AVERAGE         24                        43    -19

PRECIPITATION (IN)
  TODAY            0.00         MM      MM   0.09  -0.09      T
  MONTH TO DATE    1.32                      2.62  -1.30     2.02
  SINCE MAR 1      3.79                      4.10  -0.31     2.23
  SINCE JAN 1      7.27                      6.67   0.60     3.04

SNOWFALL (IN)
  TODAY           MM            MM      MM  MM     MM       MM
  MONTH TO DATE    0.0                      MM     MM       MM
  SINCE MAR 1      0.0                      MM     MM       MM
  SINCE JUL 1      0.0                      MM     MM       MM
  SNOW DEPTH      MM

DEGREE DAYS
 HEATING
  TODAY           41                               19
  MONTH TO DATE  897                               98
  SINCE JUL 1   8326                             -764

 COOLING
  TODAY            0                                0
  MONTH TO DATE    0                                0
  SINCE JAN 1      0                                0
..................................................................


WIND (MPH)
  HIGHEST WIND SPEED    24   HIGHEST WIND DIRECTION    NW (330)
  HIGHEST GUST SPEED    33   HIGHEST GUST DIRECTION    NW (320)
  AVERAGE WIND SPEED    12.4




..........................................................


THE FRENCHVILLE ME CLIMATE NORMALS FOR TOMORROW
                         NORMAL
 MAXIMUM TEMPERATURE (F)   53
 MINIMUM TEMPERATURE (F)   35


SUNRISE AND SUNSET
APRIL 28 2016.........SUNRISE   521 AM EDT   SUNSET   741 PM EDT
APRIL 29 2016.........SUNRISE   519 AM EDT   SUNSET   742 PM EDT


-  INDICATES NEGATIVE NUMBERS.
R  INDICATES RECORD WAS SET OR TIED.
MM INDICATES DATA IS MISSING.
T  INDICATES TRACE AMOUNT.




$$
