000
CDUS43 KIWX 170525
CLIFWA


CLIMATE REPORT
NATIONAL WEATHER SERVICE NORTHERN INDIANA
1223 AM EST TUE JAN 17 2017


...................................

...THE FORT WAYNE CLIMATE SUMMARY FOR JANUARY 16 2017...

CLIMATE NORMAL PERIOD 1981 TO 2010
CLIMATE RECORD PERIOD 1897 TO 2017


WEATHER ITEM   OBSERVED TIME   RECORD YEAR NORMAL DEPARTURE LAST
                VALUE   (LST)  VALUE       VALUE  FROM      YEAR
                                                  NORMAL
..................................................................
TEMPERATURE (F)
 YESTERDAY
  MAXIMUM         40   1159 PM  56    1990  32      8       33
                                      1949
  MINIMUM         30    209 AM -19    2009  17     13       25
                                      1972
  AVERAGE         35                        25     10       29

PRECIPITATION (IN)
  YESTERDAY        0.37          1.08 1952   0.07   0.30      T
  MONTH TO DATE    2.81                      1.24   1.57     1.48
  SINCE DEC 1      5.12                      4.01   1.11     5.63
  SINCE JAN 1      2.81                      1.24   1.57     1.48

SNOWFALL (IN)
  YESTERDAY        0.0           3.6  1994   0.4   -0.4      0.1
  MONTH TO DATE    0.7                       5.1   -4.4      4.4
  SINCE DEC 1     11.6                      13.6   -2.0      4.6
  SINCE JUL 1     12.0                      15.7   -3.7      8.8
  SNOW DEPTH       0

DEGREE DAYS
 HEATING
  YESTERDAY       30                        40    -10       36
  MONTH TO DATE  591                       639    -48      593
  SINCE DEC 1   1757                      1750      7     1311
  SINCE JUL 1   2602                      2967   -365     2280

 COOLING
  YESTERDAY        0                         0      0        0
  MONTH TO DATE    0                         0      0        0
  SINCE DEC 1      0                         0      0        0
  SINCE JAN 1      0                         0      0        0
..................................................................


WIND (MPH)
  HIGHEST WIND SPEED    12   HIGHEST WIND DIRECTION     E (90)
  HIGHEST GUST SPEED    13   HIGHEST GUST DIRECTION     E (90)
  AVERAGE WIND SPEED     6.4


SKY COVER
  AVERAGE SKY COVER 1.0


WEATHER CONDITIONS
 THE FOLLOWING WEATHER WAS RECORDED YESTERDAY.
  HEAVY RAIN
  RAIN
  LIGHT RAIN
  FOG
  FOG W/VISIBILITY <= 1/4 MILE
  HAZE


RELATIVE HUMIDITY (PERCENT)
 HIGHEST   100           700 PM
 LOWEST     82           700 AM
 AVERAGE    91

..........................................................


THE FORT WAYNE CLIMATE NORMALS FOR TODAY
                         NORMAL    RECORD    YEAR
 MAXIMUM TEMPERATURE (F)   32        65      1952
 MINIMUM TEMPERATURE (F)   17       -17      1982


SUNRISE AND SUNSET
JANUARY 17 2017.......SUNRISE   802 AM EST   SUNSET   540 PM EST
JANUARY 18 2017.......SUNRISE   802 AM EST   SUNSET   541 PM EST


-  INDICATES NEGATIVE NUMBERS.
R  INDICATES RECORD WAS SET OR TIED.
MM INDICATES DATA IS MISSING.
T  INDICATES TRACE AMOUNT.




$$
