000
CDUS43 KIWX 020023
CLIFWA


CLIMATE REPORT
NATIONAL WEATHER SERVICE NORTHERN INDIANA
822 PM EDT MON JUN 1 2015


...................................

...THE FORT WAYNE CLIMATE SUMMARY FOR JUNE 1 2015...
VALID AS OF 0800 PM LOCAL TIME.

CLIMATE NORMAL PERIOD 1981 TO 2010
CLIMATE RECORD PERIOD 1897 TO 2015


WEATHER ITEM   OBSERVED TIME   RECORD YEAR NORMAL DEPARTURE LAST
                VALUE   (LST)  VALUE       VALUE  FROM      YEAR
                                                  NORMAL
..................................................................
TEMPERATURE (F)
 TODAY
  MAXIMUM         61    604 PM 101    1934  77    -16       88
  MINIMUM         49    637 AM  38    1993  55     -6       57
  AVERAGE         55                        66    -11       73

PRECIPITATION (IN)
  TODAY            0.00          2.82 1980   0.16  -0.16      T
  MONTH TO DATE    0.00                      0.16  -0.16      T
  SINCE JUN 1      0.00                      0.16  -0.16      T
  SINCE JAN 1     14.13                     14.96  -0.83    16.70

SNOWFALL (IN)
  TODAY            0.0           0.0  2002   0.0    0.0      0.0
                                      2001
  MONTH TO DATE    0.0                       0.0    0.0      0.0
  SINCE JUN 1      0.0                       0.0    0.0      0.0
  SINCE JUL 1     45.1                      33.5   11.6     76.1
  SNOW DEPTH       0

DEGREE DAYS
 HEATING
  TODAY           10                         3      7        0
  MONTH TO DATE   10                         3      7        0
  SINCE JUN 1     10                         3      7        0
  SINCE JUL 1   6661                      6075    586     6951

 COOLING
  TODAY            0                         3     -3        8
  MONTH TO DATE    0                         3     -3        8
  SINCE JUN 1      0                         3     -3        8
  SINCE JAN 1     96                        60     36       89
..................................................................


WIND (MPH)
  RESULTANT WIND SPEED  10   RESULTANT WIND DIRECTION  NE (60)
  HIGHEST WIND SPEED    16   HIGHEST WIND DIRECTION    NE (30)
  HIGHEST GUST SPEED    18   HIGHEST GUST DIRECTION    NE (30)
  AVERAGE WIND SPEED    10.4


SKY COVER
  POSSIBLE SUNSHINE  MM
  AVERAGE SKY COVER 1.0


WEATHER CONDITIONS
 THE FOLLOWING WEATHER WAS RECORDED TODAY.
  NO SIGNIFICANT WEATHER WAS OBSERVED.


RELATIVE HUMIDITY (PERCENT)
 HIGHEST    86           200 AM
 LOWEST     67           700 PM
 AVERAGE    77

..........................................................


THE FORT WAYNE CLIMATE NORMALS FOR TOMORROW
                         NORMAL    RECORD    YEAR
 MAXIMUM TEMPERATURE (F)   77        99      1934
 MINIMUM TEMPERATURE (F)   55        36      1910


SUNRISE AND SUNSET
JUNE  1 2015..........SUNRISE   611 AM EDT   SUNSET   907 PM EDT
JUNE  2 2015..........SUNRISE   611 AM EDT   SUNSET   907 PM EDT


-  INDICATES NEGATIVE NUMBERS.
R  INDICATES RECORD WAS SET OR TIED.
MM INDICATES DATA IS MISSING.
T  INDICATES TRACE AMOUNT.




$$
