000
CDUS43 KIWX 250525
CLIFWA


CLIMATE REPORT
NATIONAL WEATHER SERVICE NORTHERN INDIANA
1225 AM EST SUN FEB 25 2018


...................................

...THE FORT WAYNE CLIMATE SUMMARY FOR FEBRUARY 24 2018...

CLIMATE NORMAL PERIOD 1981 TO 2010
CLIMATE RECORD PERIOD 1897 TO 2018


WEATHER ITEM   OBSERVED TIME   RECORD YEAR NORMAL DEPARTURE LAST
                VALUE   (LST)  VALUE       VALUE  FROM      YEAR
                                                  NORMAL
..................................................................
TEMPERATURE (F)
 YESTERDAY
  MAXIMUM         49   1159 PM  71    2017  39     10       71
  MINIMUM         38   1028 AM  -6    2015  23     15       43
  AVERAGE         44                        31     13       57

PRECIPITATION (IN)
  YESTERDAY        0.32          1.41 1956   0.08   0.24     0.31
  MONTH TO DATE    3.93                      1.73   2.20     1.55
  SINCE DEC 1      6.19                      6.76  -0.57     8.57
  SINCE JAN 1      5.18                      3.99   1.19     6.26

SNOWFALL (IN)
  YESTERDAY        0.0           2.9  1965   0.3   -0.3      0.0
  MONTH TO DATE    9.6                       6.8    2.8      2.4
  SINCE DEC 1     28.2                      25.4    2.8     14.6
  SINCE JUL 1     28.2                      27.5    0.7     15.0
  SNOW DEPTH       0

DEGREE DAYS
 HEATING
  YESTERDAY       21                        34    -13        8
  MONTH TO DATE  802                       893    -91      598
  SINCE DEC 1   3199                      3247    -48     2748
  SINCE JUL 1   4252                      4464   -212     3593

 COOLING
  YESTERDAY        0                         0      0        0
  MONTH TO DATE    0                         0      0        0
  SINCE DEC 1      0                         0      0        0
  SINCE JAN 1      0                         0      0        0
..................................................................


WIND (MPH)
  HIGHEST WIND SPEED    24   HIGHEST WIND DIRECTION     E (100)
  HIGHEST GUST SPEED    30   HIGHEST GUST DIRECTION     E (100)
  AVERAGE WIND SPEED    12.9


SKY COVER
  AVERAGE SKY COVER 1.0


WEATHER CONDITIONS
 THE FOLLOWING WEATHER WAS RECORDED YESTERDAY.
  LIGHT RAIN
  FOG


RELATIVE HUMIDITY (PERCENT)
 HIGHEST    96           300 PM
 LOWEST     86           200 AM
 AVERAGE    91

..........................................................


THE FORT WAYNE CLIMATE NORMALS FOR TODAY
                         NORMAL    RECORD    YEAR
 MAXIMUM TEMPERATURE (F)   40        73      2000
 MINIMUM TEMPERATURE (F)   23        -8      1900


SUNRISE AND SUNSET
FEBRUARY 25 2018......SUNRISE   721 AM EST   SUNSET   627 PM EST
FEBRUARY 26 2018......SUNRISE   719 AM EST   SUNSET   628 PM EST


-  INDICATES NEGATIVE NUMBERS.
R  INDICATES RECORD WAS SET OR TIED.
MM INDICATES DATA IS MISSING.
T  INDICATES TRACE AMOUNT.




$$
