000
CDUS43 KIWX 290528
CLIFWA


CLIMATE REPORT
NATIONAL WEATHER SERVICE NORTHERN INDIANA
125 AM EDT MON MAY 29 2017


...................................

...THE FORT WAYNE CLIMATE SUMMARY FOR MAY 28 2017...

CLIMATE NORMAL PERIOD 1981 TO 2010
CLIMATE RECORD PERIOD 1897 TO 2017


WEATHER ITEM   OBSERVED TIME   RECORD YEAR NORMAL DEPARTURE LAST
                VALUE   (LST)  VALUE       VALUE  FROM      YEAR
                                                  NORMAL
..................................................................
TEMPERATURE (F)
 YESTERDAY
  MAXIMUM         78    321 PM  98    1911  75      3       88
  MINIMUM         58    531 AM  33    1902  53      5       69
  AVERAGE         68                        64      4       79

PRECIPITATION (IN)
  YESTERDAY        0.75          0.99 1915   0.16   0.59      T
  MONTH TO DATE    9.14                      3.76   5.38     4.13
  SINCE MAR 1     16.90                      9.99   6.91    11.14
  SINCE JAN 1     23.37                     14.29   9.08    14.19

SNOWFALL (IN)
  YESTERDAY        0.0           0.0  2002   0.0    0.0      0.0
                                      2001
  MONTH TO DATE    0.0                       0.0    0.0      0.0
  SINCE MAR 1      3.4                       5.1   -1.7      3.9
  SINCE JUL 1     18.5                      33.5  -15.0     20.1
  SNOW DEPTH       0

DEGREE DAYS
 HEATING
  YESTERDAY        0                         3     -3        0
  MONTH TO DATE  196                       182     14      198
  SINCE MAR 1   1285                      1466   -181     1289
  SINCE JUL 1   4979                      6064  -1085     5116

 COOLING
  YESTERDAY        3                         3      0       14
  MONTH TO DATE   41                        40      1       46
  SINCE MAR 1     61                        48     13       46
  SINCE JAN 1     61                        48     13       46
..................................................................


WIND (MPH)
  HIGHEST WIND SPEED    25   HIGHEST WIND DIRECTION     W (270)
  HIGHEST GUST SPEED    32   HIGHEST GUST DIRECTION     W (270)
  AVERAGE WIND SPEED     7.8


SKY COVER
  AVERAGE SKY COVER 0.8


WEATHER CONDITIONS
 THE FOLLOWING WEATHER WAS RECORDED YESTERDAY.
  THUNDERSTORM
  HEAVY RAIN
  RAIN
  LIGHT RAIN
  FOG


RELATIVE HUMIDITY (PERCENT)
 HIGHEST    97          1000 PM
 LOWEST     69           300 PM
 AVERAGE    83

..........................................................


THE FORT WAYNE CLIMATE NORMALS FOR TODAY
                         NORMAL    RECORD    YEAR
 MAXIMUM TEMPERATURE (F)   76        93      1942
 MINIMUM TEMPERATURE (F)   54        33      1902


SUNRISE AND SUNSET
MAY 29 2017...........SUNRISE   612 AM EDT   SUNSET   905 PM EDT
MAY 30 2017...........SUNRISE   612 AM EDT   SUNSET   905 PM EDT


-  INDICATES NEGATIVE NUMBERS.
R  INDICATES RECORD WAS SET OR TIED.
MM INDICATES DATA IS MISSING.
T  INDICATES TRACE AMOUNT.




$$
