000
CDUS43 KIWX 220533
CLIFWA


CLIMATE REPORT
NATIONAL WEATHER SERVICE NORTHERN INDIANA
1231 AM EST MON DEC 22 2014


...................................

...THE FORT WAYNE CLIMATE SUMMARY FOR DECEMBER 21 2014...

CLIMATE NORMAL PERIOD 1981 TO 2010
CLIMATE RECORD PERIOD 1897 TO 2014


WEATHER ITEM   OBSERVED TIME   RECORD YEAR NORMAL DEPARTURE LAST
                VALUE   (LST)  VALUE       VALUE  FROM      YEAR
                                                  NORMAL
..................................................................
TEMPERATURE (F)
 YESTERDAY
  MAXIMUM         36    400 PM  61    1967  34      2       53
  MINIMUM         26   1156 PM -17    1989  20      6       34
  AVERAGE         31                        27      4       44

PRECIPITATION (IN)
  YESTERDAY        0.00          1.56 2013   0.09  -0.09     1.56
  MONTH TO DATE    0.90                      1.89  -0.99     2.67
  SINCE DEC 1      0.90                      1.89  -0.99     2.67
  SINCE JAN 1     42.02                     37.46   4.56    42.02

SNOWFALL (IN)
  YESTERDAY        0.0           5.0  1981   0.3   -0.3      0.0
  MONTH TO DATE    0.2                       5.3   -5.1      8.5
  SINCE DEC 1      0.2                       5.3   -5.1      8.5
  SINCE JUL 1      4.4                       7.4   -3.0      9.5
  SNOW DEPTH       0

DEGREE DAYS
 HEATING
  YESTERDAY       34                        38     -4       21
  MONTH TO DATE  673                       725    -52      771
  SINCE DEC 1    673                       725    -52      771
  SINCE JUL 1   2119                      1942    177     2072

 COOLING
  YESTERDAY        0                         0      0        0
  MONTH TO DATE    0                         0      0        0
  SINCE DEC 1      0                         0      0        0
  SINCE JAN 1    731                       809    -78      855
..................................................................


WIND (MPH)
  HIGHEST WIND SPEED    13   HIGHEST WIND DIRECTION    SE (140)
  HIGHEST GUST SPEED    15   HIGHEST GUST DIRECTION     S (160)
  AVERAGE WIND SPEED     6.2


SKY COVER
  AVERAGE SKY COVER 0.8


WEATHER CONDITIONS
 THE FOLLOWING WEATHER WAS RECORDED YESTERDAY.
  FOG
  HAZE


RELATIVE HUMIDITY (PERCENT)
 HIGHEST    92          1200 AM
 LOWEST     64           200 PM
 AVERAGE    78

..........................................................


THE FORT WAYNE CLIMATE NORMALS FOR TODAY
                         NORMAL    RECORD    YEAR
 MAXIMUM TEMPERATURE (F)   34        60      1949
 MINIMUM TEMPERATURE (F)   20       -18      1989


SUNRISE AND SUNSET
DECEMBER 22 2014......SUNRISE   803 AM EST   SUNSET   516 PM EST
DECEMBER 23 2014......SUNRISE   803 AM EST   SUNSET   517 PM EST


-  INDICATES NEGATIVE NUMBERS.
R  INDICATES RECORD WAS SET OR TIED.
MM INDICATES DATA IS MISSING.
T  INDICATES TRACE AMOUNT.




$$
