000
CDUS43 KIWX 270527
CLIFWA


CLIMATE REPORT
NATIONAL WEATHER SERVICE NORTHERN INDIANA
127 AM EDT SAT AUG 27 2016


...................................

...THE FORT WAYNE CLIMATE SUMMARY FOR AUGUST 26 2016...

CLIMATE NORMAL PERIOD 1981 TO 2010
CLIMATE RECORD PERIOD 1897 TO 2016


WEATHER ITEM   OBSERVED TIME   RECORD YEAR NORMAL DEPARTURE LAST
                VALUE   (LST)  VALUE       VALUE  FROM      YEAR
                                                  NORMAL
..................................................................
TEMPERATURE (F)
 YESTERDAY
  MAXIMUM         86    351 PM  96    1953  82      4       68
                                      1948
  MINIMUM         67    602 AM  45    1907  60      7       56
  AVERAGE         77                        71      6       62

PRECIPITATION (IN)
  YESTERDAY        0.00          4.78 1899   0.12  -0.12      T
  MONTH TO DATE    2.29                      3.08  -0.79     3.55
  SINCE JUN 1      8.85                     11.48  -2.63    21.50
  SINCE JAN 1     23.04                     26.28  -3.24    35.63

SNOWFALL (IN)
  YESTERDAY        0.0           0.0  2002   0.0    0.0      0.0
                                      2001
  MONTH TO DATE    0.0                       0.0    0.0      0.0
  SINCE JUN 1      T                         0.0    0.0      0.0
  SINCE JUL 1      0.0                       0.0    0.0      0.0
  SNOW DEPTH       0

DEGREE DAYS
 HEATING
  YESTERDAY        0                         0      0        3
  MONTH TO DATE    0                         0      0        7
  SINCE JUN 1     14                        32    -18       35
  SINCE JUL 1      3                         3      0        7

 COOLING
  YESTERDAY       12                         6      6        0
  MONTH TO DATE  278                       182     96      157
  SINCE JUN 1    794                       631    163      550
  SINCE JAN 1    868                       688    180      646
..................................................................


WIND (MPH)
  HIGHEST WIND SPEED     9   HIGHEST WIND DIRECTION     E (70)
  HIGHEST GUST SPEED    12   HIGHEST GUST DIRECTION    SE (120)
  AVERAGE WIND SPEED     3.0


SKY COVER
  AVERAGE SKY COVER 0.7


WEATHER CONDITIONS
 THE FOLLOWING WEATHER WAS RECORDED YESTERDAY.
  FOG


RELATIVE HUMIDITY (PERCENT)
 HIGHEST   100           400 AM
 LOWEST     42          1100 AM
 AVERAGE    71

..........................................................


THE FORT WAYNE CLIMATE NORMALS FOR TODAY
                         NORMAL    RECORD    YEAR
 MAXIMUM TEMPERATURE (F)   82        96      1948
 MINIMUM TEMPERATURE (F)   59        45      1910


SUNRISE AND SUNSET
AUGUST 27 2016........SUNRISE   703 AM EDT   SUNSET   820 PM EDT
AUGUST 28 2016........SUNRISE   704 AM EDT   SUNSET   819 PM EDT


-  INDICATES NEGATIVE NUMBERS.
R  INDICATES RECORD WAS SET OR TIED.
MM INDICATES DATA IS MISSING.
T  INDICATES TRACE AMOUNT.




$$
