000
CDUS43 KIWX 300521
CLIFWA


CLIMATE REPORT
NATIONAL WEATHER SERVICE NORTHERN INDIANA
121 AM EDT MON MAY 30 2016


...................................

...THE FORT WAYNE CLIMATE SUMMARY FOR MAY 29 2016...

CLIMATE NORMAL PERIOD 1981 TO 2010
CLIMATE RECORD PERIOD 1897 TO 2016


WEATHER ITEM   OBSERVED TIME   RECORD YEAR NORMAL DEPARTURE LAST
                VALUE   (LST)  VALUE       VALUE  FROM      YEAR
                                                  NORMAL
..................................................................
TEMPERATURE (F)
 YESTERDAY
  MAXIMUM         89    438 PM  93    1942  76     13       85
  MINIMUM         65   1159 PM  33    1902  54     11       60
  AVERAGE         77                        65     12       73

PRECIPITATION (IN)
  YESTERDAY        0.00          0.81 1972   0.17  -0.17     0.00
  MONTH TO DATE    4.13                      3.93   0.20     3.16
  SINCE MAR 1     11.14                     10.16   0.98     8.51
  SINCE JAN 1     14.19                     14.46  -0.27    12.28

SNOWFALL (IN)
  YESTERDAY        0.0           0.0    MM   0.0    0.0      0.0
  MONTH TO DATE    0.0                       0.0    0.0      0.0
  SINCE MAR 1      3.9                       5.1   -1.2      8.6
  SINCE JUL 1     20.1                      33.5  -13.4     45.1
  SNOW DEPTH       0

DEGREE DAYS
 HEATING
  YESTERDAY        0                         3     -3        0
  MONTH TO DATE  198                       185     13      103
  SINCE MAR 1   1289                      1469   -180     1492
  SINCE JUL 1   5116                      6067   -951     6641

 COOLING
  YESTERDAY       12                         3      9        8
  MONTH TO DATE   58                        43     15       91
  SINCE MAR 1     58                        51      7       91
  SINCE JAN 1     58                        51      7       91
..................................................................


WIND (MPH)
  HIGHEST WIND SPEED    24   HIGHEST WIND DIRECTION     W (270)
  HIGHEST GUST SPEED    35   HIGHEST GUST DIRECTION     W (280)
  AVERAGE WIND SPEED    11.2


SKY COVER
  AVERAGE SKY COVER 0.6


WEATHER CONDITIONS
 THE FOLLOWING WEATHER WAS RECORDED YESTERDAY.
  NO SIGNIFICANT WEATHER WAS OBSERVED.


RELATIVE HUMIDITY (PERCENT)
 HIGHEST    90           100 AM
 LOWEST     26           500 PM
 AVERAGE    58

..........................................................


THE FORT WAYNE CLIMATE NORMALS FOR TODAY
                         NORMAL    RECORD    YEAR
 MAXIMUM TEMPERATURE (F)   76        92      1988
                                             1953
                                             1942
 MINIMUM TEMPERATURE (F)   54        36      1947
                                             1945


SUNRISE AND SUNSET
MAY 30 2016...........SUNRISE   612 AM EDT   SUNSET   906 PM EDT
MAY 31 2016...........SUNRISE   611 AM EDT   SUNSET   906 PM EDT


-  INDICATES NEGATIVE NUMBERS.
R  INDICATES RECORD WAS SET OR TIED.
MM INDICATES DATA IS MISSING.
T  INDICATES TRACE AMOUNT.




$$
