000
CDUS43 KIWX 300020
CLIFWA


CLIMATE REPORT
NATIONAL WEATHER SERVICE NORTHERN INDIANA
820 PM EDT TUE JUL 29 2014


...................................

...THE FORT WAYNE CLIMATE SUMMARY FOR JULY 29 2014...
VALID AS OF 0800 PM LOCAL TIME.

CLIMATE NORMAL PERIOD 1981 TO 2010
CLIMATE RECORD PERIOD 1897 TO 2014


WEATHER ITEM   OBSERVED TIME   RECORD YEAR NORMAL DEPARTURE LAST
                VALUE   (LST)  VALUE       VALUE  FROM      YEAR
                                                  NORMAL
..................................................................
TEMPERATURE (F)
 TODAY
  MAXIMUM         75    310 PM  98    1916  83     -8       74
  MINIMUM         48    616 AM  47    1904  62    -14       50
  AVERAGE         62                        73    -11       62

PRECIPITATION (IN)
  TODAY            T             1.44 2002   0.13  -0.13     0.00
  MONTH TO DATE    2.00                      3.97  -1.97     3.67
  SINCE JUN 1      7.81                      8.13  -0.32     9.58
  SINCE JAN 1     24.35                     22.93   1.42    27.25

SNOWFALL (IN)
  TODAY            0.0           0.0  2002   0.0    0.0      0.0
                                      2001
  MONTH TO DATE    T                         0.0    0.0      0.0
  SINCE JUN 1      T                         0.0    0.0      0.0
  SINCE JUL 1      T                         0.0    0.0      0.0
  SNOW DEPTH       0

DEGREE DAYS
 HEATING
  TODAY            3                         0      3        3
  MONTH TO DATE   14                         0     14       10
  SINCE JUN 1     28                        29     -1       29
  SINCE JUL 1     14                         0     14       10

 COOLING
  TODAY            0                         8     -8        0
  MONTH TO DATE  143                       253   -110      236
  SINCE JUN 1    373                       435    -62      424
  SINCE JAN 1    454                       492    -38      529
..................................................................


WIND (MPH)
  RESULTANT WIND SPEED   4   RESULTANT WIND DIRECTION   W (250)
  HIGHEST WIND SPEED    18   HIGHEST WIND DIRECTION     W (270)
  HIGHEST GUST SPEED    22   HIGHEST GUST DIRECTION     W (270)
  AVERAGE WIND SPEED     5.3


SKY COVER
  POSSIBLE SUNSHINE  MM
  AVERAGE SKY COVER 0.4


WEATHER CONDITIONS
 THE FOLLOWING WEATHER WAS RECORDED TODAY.
  THUNDERSTORM
  LIGHT RAIN


RELATIVE HUMIDITY (PERCENT)
 HIGHEST    93           300 AM
 LOWEST     53           100 PM
 AVERAGE    73

..........................................................


THE FORT WAYNE CLIMATE NORMALS FOR TOMORROW
                         NORMAL    RECORD    YEAR
 MAXIMUM TEMPERATURE (F)   83       100      1999
 MINIMUM TEMPERATURE (F)   62        48      1904


SUNRISE AND SUNSET
JULY 29 2014..........SUNRISE   634 AM EDT   SUNSET   900 PM EDT
JULY 30 2014..........SUNRISE   635 AM EDT   SUNSET   859 PM EDT


-  INDICATES NEGATIVE NUMBERS.
R  INDICATES RECORD WAS SET OR TIED.
MM INDICATES DATA IS MISSING.
T  INDICATES TRACE AMOUNT.




$$
