000
CDUS43 KIWX 290524
CLIFWA


CLIMATE REPORT
NATIONAL WEATHER SERVICE NORTHERN INDIANA
123 AM EDT FRI AUG 29 2014


...................................

...THE FORT WAYNE CLIMATE SUMMARY FOR AUGUST 28 2014...

CLIMATE NORMAL PERIOD 1981 TO 2010
CLIMATE RECORD PERIOD 1897 TO 2014


WEATHER ITEM   OBSERVED TIME   RECORD YEAR NORMAL DEPARTURE LAST
                VALUE   (LST)  VALUE       VALUE  FROM      YEAR
                                                  NORMAL
..................................................................
TEMPERATURE (F)
 YESTERDAY
  MAXIMUM         78    306 PM  95    1953  81     -3       88
                                      1948
                                      1909
  MINIMUM         60    613 AM  42    1986  59      1       74
  AVERAGE         69                        70     -1       81

PRECIPITATION (IN)
  YESTERDAY        0.00          1.78 1949   0.11  -0.11     0.00
  MONTH TO DATE    6.00                      3.30   2.70     5.07
  SINCE JUN 1     13.81                     11.70   2.11    14.66
  SINCE JAN 1     30.35                     26.50   3.85    32.33

SNOWFALL (IN)
  YESTERDAY        0.0           0.0         0.0    0.0      0.0
  MONTH TO DATE    0.0                       0.0    0.0      0.0
  SINCE JUN 1      T                         0.0    0.0      0.0
  SINCE JUL 1      T                         0.0    0.0      0.0
  SNOW DEPTH       0

DEGREE DAYS
 HEATING
  YESTERDAY        0                         1     -1        0
  MONTH TO DATE   10                         1      9       10
  SINCE JUN 1     38                        33      5       39
  SINCE JUL 1     24                         4     20       20

 COOLING
  YESTERDAY        4                         6     -2       16
  MONTH TO DATE  185                       194     -9      162
  SINCE JUN 1    565                       643    -78      590
  SINCE JAN 1    646                       700    -54      695
..................................................................


WIND (MPH)
  HIGHEST WIND SPEED    10   HIGHEST WIND DIRECTION     E (100)
  HIGHEST GUST SPEED    17   HIGHEST GUST DIRECTION    SE (120)
  AVERAGE WIND SPEED     5.8


SKY COVER
  AVERAGE SKY COVER 0.5


WEATHER CONDITIONS
 THE FOLLOWING WEATHER WAS RECORDED YESTERDAY.
  NO SIGNIFICANT WEATHER WAS OBSERVED.


RELATIVE HUMIDITY (PERCENT)
 HIGHEST    97           300 AM
 LOWEST     60           300 PM
 AVERAGE    79

..........................................................


THE FORT WAYNE CLIMATE NORMALS FOR TODAY
                         NORMAL    RECORD    YEAR
 MAXIMUM TEMPERATURE (F)   81        95      1983
                                             1953
                                             1948
 MINIMUM TEMPERATURE (F)   59        38      1965


SUNRISE AND SUNSET
AUGUST 29 2014........SUNRISE   704 AM EDT   SUNSET   818 PM EDT
AUGUST 30 2014........SUNRISE   705 AM EDT   SUNSET   817 PM EDT


-  INDICATES NEGATIVE NUMBERS.
R  INDICATES RECORD WAS SET OR TIED.
MM INDICATES DATA IS MISSING.
T  INDICATES TRACE AMOUNT.




$$
