327
CDUS44 KTSA 010848
CLIFYV

CLIMATE REPORT
NATIONAL WEATHER SERVICE TULSA OK
348 AM CDT SUN MAY 1 2016


...................................

...THE FAYETTEVILLE ARKANSAS CLIMATE SUMMARY FOR APRIL 30 2016...

CLIMATE NORMAL PERIOD 1981 TO 2010
CLIMATE RECORD PERIOD 1905 TO 2016


WEATHER ITEM   OBSERVED TIME   RECORD YEAR NORMAL DEPARTURE LAST
                VALUE   (LST)  VALUE       VALUE  FROM      YEAR
                                                  NORMAL
..................................................................
TEMPERATURE (F)
 YESTERDAY
  MAXIMUM         71    216 PM  88    1987  73     -2       74
  MINIMUM         51   1159 PM  34    1996  49      2       41
  AVERAGE         61                        61      0       58

PRECIPITATION (IN)
  YESTERDAY        0.11                      0.18  -0.07     0.00
  MONTH TO DATE    3.95                      4.57  -0.62     2.76
  SINCE MAR 1      7.58                      8.52  -0.94     7.39
  SINCE JAN 1      8.73                     14.17  -5.44    10.45

SNOWFALL (IN)
  YESTERDAY        0.0                                       0.0
  MONTH TO DATE    0.0                                       0.0
  SINCE MAR 1      0.0                                       2.6
  SINCE JUL 1      T                                         7.9

DEGREE DAYS
 HEATING
  YESTERDAY        4                         5     -1        7
  MONTH TO DATE  214                       268    -54      196
  SINCE MAR 1    638                       795   -157      722
  SINCE JUL 1   3454                      4098   -644     4208

 COOLING
  YESTERDAY        0                         1     -1        0
  MONTH TO DATE   11                        24    -13       23
  SINCE MAR 1     13                        28    -15       23
  SINCE JAN 1     13                        28    -15       23
..................................................................


WIND (MPH)
  HIGHEST WIND SPEED    23   HIGHEST WIND DIRECTION     E (110)
  HIGHEST GUST SPEED    36   HIGHEST GUST DIRECTION    SE (120)
  AVERAGE WIND SPEED     8.3


SKY COVER
  POSSIBLE SUNSHINE  MM
  AVERAGE SKY COVER 0.7


WEATHER CONDITIONS
 THE FOLLOWING WEATHER WAS RECORDED YESTERDAY.
  LIGHT RAIN
  FOG


RELATIVE HUMIDITY (PERCENT)
 HIGHEST   100           300 AM
 LOWEST     78          1200 PM
 AVERAGE    89

..........................................................


THE FAYETTEVILLE ARKANSAS CLIMATE NORMALS FOR TODAY
                         NORMAL    RECORD    YEAR
 MAXIMUM TEMPERATURE (F)   73        87      1959
 MINIMUM TEMPERATURE (F)   50        29      1963


SUNRISE AND SUNSET
MAY  1 2016...........SUNRISE   624 AM CDT   SUNSET   804 PM CDT
MAY  2 2016...........SUNRISE   622 AM CDT   SUNSET   805 PM CDT


-  INDICATES NEGATIVE NUMBERS.
R  INDICATES RECORD WAS SET OR TIED.
MM INDICATES DATA IS MISSING.
T  INDICATES TRACE AMOUNT.




$$
