000
CDUS44 KTSA 281515
CLIFYV

CLIMATE REPORT
NATIONAL WEATHER SERVICE TULSA OK
915 AM CST FRI NOV 28 2014


...................................

...THE FAYETTEVILLE ARKANSAS CLIMATE SUMMARY FOR NOVEMBER 28 2014...
VALID AS OF 0900 AM LOCAL TIME.

CLIMATE NORMAL PERIOD 1981 TO 2010
CLIMATE RECORD PERIOD 1905 TO 2014


WEATHER ITEM   OBSERVED RECORD YEAR NORMAL DEPARTURE LAST
                VALUE   VALUE       VALUE  FROM      YEAR
                                           NORMAL
...........................................................
TEMPERATURE (F)
 TODAY
  MAXIMUM         40     77    1949  53
  MINIMUM         32      7    1976  31
  AVERAGE         36

PRECIPITATION (IN)
  TODAY            0.00   0.45 1968   0.13  -0.13     0.00
  MONTH TO DATE    2.50               3.96  -1.46     2.24
  SINCE SEP 1     13.31              13.11   0.20    11.46
  SINCE JAN 1     36.44              45.00  -8.56    42.53

SNOWFALL (IN)
  TODAY            0.0    2.0  1958   0.0             0.0
  MONTH TO DATE    T                  0.2              T
  SINCE SEP 1      T                  0.2              T
  SINCE JUL 1      T                  0.2              T

DEGREE DAYS
 HEATING
  TODAY           29
...........................................................


WIND (MPH)
  RESULTANT WIND SPEED   9   RESULTANT WIND DIRECTION   S (200)
  HIGHEST WIND SPEED    21   HIGHEST WIND DIRECTION     S (200)
  HIGHEST GUST SPEED    29   HIGHEST GUST DIRECTION     S (200)


SKY COVER
  POSSIBLE SUNSHINE  MM
  AVERAGE SKY COVER 0.0


WEATHER CONDITIONS
 THE FOLLOWING WEATHER WAS RECORDED TODAY.
  NO SIGNIFICANT WEATHER WAS OBSERVED.


RELATIVE HUMIDITY (PERCENT)
 HIGHEST    75
 LOWEST     53
 AVERAGE    64

..........................................................


THE FAYETTEVILLE ARKANSAS CLIMATE NORMALS FOR TOMORROW
                         NORMAL    RECORD    YEAR
 MAXIMUM TEMPERATURE (F)   53        72      2006
 MINIMUM TEMPERATURE (F)   31         4      1976


SUNRISE AND SUNSET
NOVEMBER 28 2014......SUNRISE   706 AM CST   SUNSET   503 PM CST
NOVEMBER 29 2014......SUNRISE   707 AM CST   SUNSET   503 PM CST


-  INDICATES NEGATIVE NUMBERS.
R  INDICATES RECORD WAS SET OR TIED.
MM INDICATES DATA IS MISSING.
T  INDICATES TRACE AMOUNT.




$$
