982
CDUS43 KUNR 110833
CLIGCC


CLIMATE REPORT
NATIONAL WEATHER SERVICE RAPID CITY SD
133 AM MST THU FEB 11 2016


...................................

...THE GILLETTE AIRPORT WY CLIMATE SUMMARY FOR FEBRUARY 10 2016...

CLIMATE NORMAL PERIOD 1981 TO 2010
CLIMATE RECORD PERIOD 9999 TO 9999


WEATHER ITEM   OBSERVED TIME   NORMAL DEPARTURE LAST
                VALUE   (LST)  VALUE  FROM      YEAR
                                      NORMAL
......................................................
TEMPERATURE (F)
 YESTERDAY
  MAXIMUM         57    256 PM  37     20       52
  MINIMUM         29   1010 PM  16     13       26
  AVERAGE         43            26     17       39

PRECIPITATION (IN)
  YESTERDAY        0.00          0.01  -0.01     0.01
  MONTH TO DATE    0.37          0.15   0.22     0.05
  SINCE DEC 1      1.25          0.94   0.31     0.73
  SINCE JAN 1      0.77          0.54   0.23     0.33

DEGREE DAYS
 HEATING
  YESTERDAY       22            39    -17       26
  MONTH TO DATE  359           390    -31      289
  SINCE DEC 1   2670          2870   -200     2584
  SINCE JUL 1   4230          4745   -515     4367

 COOLING
  YESTERDAY        0             0      0        0
  MONTH TO DATE    0             0      0        0
  SINCE DEC 1      0             0      0        0
  SINCE JAN 1      0             0      0        0
......................................................


WIND (MPH)
  HIGHEST WIND SPEED    25   HIGHEST WIND DIRECTION    NW (330)
  HIGHEST GUST SPEED    33   HIGHEST GUST DIRECTION    NW (330)
  AVERAGE WIND SPEED    11.6


SKY COVER
  AVERAGE SKY COVER 0.0


WEATHER CONDITIONS
 THE FOLLOWING WEATHER WAS RECORDED YESTERDAY.
  NO SIGNIFICANT WEATHER WAS OBSERVED.


RELATIVE HUMIDITY (PERCENT)
 HIGHEST    78           900 PM
 LOWEST     26          1100 AM
 AVERAGE    52

..........................................................




SUNRISE AND SUNSET
FEBRUARY 11 2016......SUNRISE   708 AM MST   SUNSET   525 PM MST
FEBRUARY 12 2016......SUNRISE   707 AM MST   SUNSET   527 PM MST


-  INDICATES NEGATIVE NUMBERS.
R  INDICATES RECORD WAS SET OR TIED.
MM INDICATES DATA IS MISSING.
T  INDICATES TRACE AMOUNT.




$$
