000
CDUS43 KUNR 180831
CLIGCC


CLIMATE REPORT
NATIONAL WEATHER SERVICE RAPID CITY SD
131 AM MST THU JAN 18 2018


...................................

...THE GILLETTE AIRPORT WY CLIMATE SUMMARY FOR JANUARY 17 2018...

CLIMATE NORMAL PERIOD 1981 TO 2010
CLIMATE RECORD PERIOD 9999 TO 9999


WEATHER ITEM   OBSERVED TIME   NORMAL DEPARTURE LAST
                VALUE   (LST)  VALUE  FROM      YEAR
                                      NORMAL
......................................................
TEMPERATURE (F)
 YESTERDAY
  MAXIMUM         41        MM  38      3       44
  MINIMUM         11    800 AM  15     -4        8
  AVERAGE         26            26      0       26

PRECIPITATION (IN)
  YESTERDAY        0.00          0.01  -0.01     0.00
  MONTH TO DATE    0.29          0.17   0.12     0.13
  SINCE DEC 1      1.00          0.57   0.43     0.98
  SINCE JAN 1      0.29          0.17   0.12     0.13

DEGREE DAYS
 HEATING
  YESTERDAY       39            39      0       39
  MONTH TO DATE  659           668     -9      660
  SINCE DEC 1   1930          1934     -4     1929
  SINCE JUL 1   3701          3809   -108     3322

 COOLING
  YESTERDAY        0             0      0        0
  MONTH TO DATE    0             0      0        0
  SINCE DEC 1      0             0      0        0
  SINCE JAN 1      0             0      0        0
......................................................


WIND (MPH)
  HIGHEST WIND SPEED    12   HIGHEST WIND DIRECTION     S (180)
  HIGHEST GUST SPEED    MM   HIGHEST GUST DIRECTION    MM
  AVERAGE WIND SPEED     7.3


SKY COVER
  AVERAGE SKY COVER 0.0


WEATHER CONDITIONS
 THE FOLLOWING WEATHER WAS RECORDED YESTERDAY.
  NO SIGNIFICANT WEATHER WAS OBSERVED.


RELATIVE HUMIDITY (PERCENT)
 HIGHEST    83           800 AM
 LOWEST     46           400 AM
 AVERAGE    65

..........................................................




SUNRISE AND SUNSET
JANUARY 18 2018.......SUNRISE   733 AM MST   SUNSET   453 PM MST
JANUARY 19 2018.......SUNRISE   732 AM MST   SUNSET   454 PM MST


-  INDICATES NEGATIVE NUMBERS.
R  INDICATES RECORD WAS SET OR TIED.
MM INDICATES DATA IS MISSING.
T  INDICATES TRACE AMOUNT.




$$
