000
CDUS43 KUNR 290841
CLIGCC


CLIMATE REPORT
NATIONAL WEATHER SERVICE RAPID CITY SD
240 AM MDT WED JUL 29 2015


...................................

...THE GILLETTE AIRPORT WY CLIMATE SUMMARY FOR JULY 28 2015...

CLIMATE NORMAL PERIOD 1981 TO 2010
CLIMATE RECORD PERIOD 9999 TO 9999


WEATHER ITEM   OBSERVED TIME   NORMAL DEPARTURE LAST
                VALUE   (LST)  VALUE  FROM      YEAR
                                      NORMAL
......................................................
TEMPERATURE (F)
 YESTERDAY
  MAXIMUM         72    453 PM  88    -16       89
  MINIMUM         44    449 AM  57    -13       51
  AVERAGE         58            72    -14       70

PRECIPITATION (IN)
  YESTERDAY        0.00          0.05  -0.05     0.00
  MONTH TO DATE    1.04          1.51  -0.47     0.16
  SINCE JUN 1      4.15          3.72   0.43     3.29
  SINCE JAN 1     11.27          9.38   1.89    12.89

DEGREE DAYS
 HEATING
  YESTERDAY        7             0      7        0
  MONTH TO DATE   22            14      8       13
  SINCE JUN 1     61           156    -95      205
  SINCE JUL 1     22            14      8       13

 COOLING
  YESTERDAY        0             8     -8        5
  MONTH TO DATE  152           192    -40      169
  SINCE JUN 1    226           252    -26      184
  SINCE JAN 1    226           260    -34      192
......................................................


WIND (MPH)
  HIGHEST WIND SPEED    32   HIGHEST WIND DIRECTION    NW (310)
  HIGHEST GUST SPEED    40   HIGHEST GUST DIRECTION    NW (320)
  AVERAGE WIND SPEED    13.5


SKY COVER
  AVERAGE SKY COVER 0.0


WEATHER CONDITIONS
 THE FOLLOWING WEATHER WAS RECORDED YESTERDAY.
  NO SIGNIFICANT WEATHER WAS OBSERVED.


RELATIVE HUMIDITY (PERCENT)
 HIGHEST    89           500 AM
 LOWEST     27           100 PM
 AVERAGE    58

..........................................................




SUNRISE AND SUNSET
JULY 29 2015..........SUNRISE   546 AM MDT   SUNSET   831 PM MDT
JULY 30 2015..........SUNRISE   547 AM MDT   SUNSET   830 PM MDT


-  INDICATES NEGATIVE NUMBERS.
R  INDICATES RECORD WAS SET OR TIED.
MM INDICATES DATA IS MISSING.
T  INDICATES TRACE AMOUNT.




$$
