000
CDUS43 KUNR 270833
CLIGCC


CLIMATE REPORT
NATIONAL WEATHER SERVICE RAPID CITY SD
232 AM MDT WED JUL 27 2016


...................................

...THE GILLETTE AIRPORT WY CLIMATE SUMMARY FOR JULY 26 2016...

CLIMATE NORMAL PERIOD 1981 TO 2010
CLIMATE RECORD PERIOD 9999 TO 9999


WEATHER ITEM   OBSERVED TIME   NORMAL DEPARTURE LAST
                VALUE   (LST)  VALUE  FROM      YEAR
                                      NORMAL
......................................................
TEMPERATURE (F)
 YESTERDAY
  MAXIMUM         91    320 PM  88      3       94
  MINIMUM         59   1001 PM  57      2       62
  AVERAGE         75            73      2       78

PRECIPITATION (IN)
  YESTERDAY        T             0.05  -0.05     0.00
  MONTH TO DATE    0.19          1.41  -1.22     1.01
  SINCE JUN 1      0.63          3.62  -2.99     4.12
  SINCE JAN 1      6.47          9.28  -2.81    11.24

DEGREE DAYS
 HEATING
  YESTERDAY        0             0      0        0
  MONTH TO DATE    7            14     -7       15
  SINCE JUN 1     41           156   -115       54
  SINCE JUL 1      7            14     -7       15

 COOLING
  YESTERDAY       10             8      2       13
  MONTH TO DATE  188           176     12      147
  SINCE JUN 1    352           236    116      221
  SINCE JAN 1    352           244    108      221
......................................................


WIND (MPH)
  HIGHEST WIND SPEED    22   HIGHEST WIND DIRECTION    NE (60)
  HIGHEST GUST SPEED    27   HIGHEST GUST DIRECTION     N (10)
  AVERAGE WIND SPEED     9.0


SKY COVER
  AVERAGE SKY COVER 0.0


WEATHER CONDITIONS
 THE FOLLOWING WEATHER WAS RECORDED YESTERDAY.
  THUNDERSTORM
  LIGHT RAIN


RELATIVE HUMIDITY (PERCENT)
 HIGHEST    84           400 AM
 LOWEST     19           300 PM
 AVERAGE    52

..........................................................




SUNRISE AND SUNSET
JULY 27 2016..........SUNRISE   545 AM MDT   SUNSET   832 PM MDT
JULY 28 2016..........SUNRISE   546 AM MDT   SUNSET   831 PM MDT


-  INDICATES NEGATIVE NUMBERS.
R  INDICATES RECORD WAS SET OR TIED.
MM INDICATES DATA IS MISSING.
T  INDICATES TRACE AMOUNT.




$$
