000
CDUS43 KUNR 130833
CLIGCC


CLIMATE REPORT
NATIONAL WEATHER SERVICE RAPID CITY SD
232 AM MDT SUN JUL 13 2014


...................................

...THE GILLETTE AIRPORT WY CLIMATE SUMMARY FOR JULY 12 2014...

CLIMATE NORMAL PERIOD 1981 TO 2010
CLIMATE RECORD PERIOD 9999 TO 9999


WEATHER ITEM   OBSERVED TIME   NORMAL DEPARTURE LAST
                VALUE   (LST)  VALUE  FROM      YEAR
                                      NORMAL
......................................................
TEMPERATURE (F)
 YESTERDAY
  MAXIMUM         84    340 PM  87     -3       82
  MINIMUM         55   1157 PM  56     -1       59
  AVERAGE         70            71     -1       71

PRECIPITATION (IN)
  YESTERDAY        0.00          0.06  -0.06     0.01
  MONTH TO DATE    0.08          0.62  -0.54     1.66
  SINCE JUN 1      3.21          2.83   0.38     4.17
  SINCE JAN 1     12.81          8.49   4.32    11.21

DEGREE DAYS
 HEATING
  YESTERDAY        0             1     -1        0
  MONTH TO DATE   10            13     -3        0
  SINCE JUN 1    202           155     47      117
  SINCE JUL 1     10            13     -3        0

 COOLING
  YESTERDAY        5             7     -2        6
  MONTH TO DATE   67            69     -2       98
  SINCE JUN 1     82           129    -47      144
  SINCE JAN 1     90           137    -47      152
......................................................


WIND (MPH)
  HIGHEST WIND SPEED    21   HIGHEST WIND DIRECTION     N (20)
  HIGHEST GUST SPEED    28   HIGHEST GUST DIRECTION    NE (30)
  AVERAGE WIND SPEED     9.2


SKY COVER
  AVERAGE SKY COVER 0.2


WEATHER CONDITIONS
 THE FOLLOWING WEATHER WAS RECORDED YESTERDAY.
  NO SIGNIFICANT WEATHER WAS OBSERVED.


RELATIVE HUMIDITY (PERCENT)
 HIGHEST    93           300 AM
 LOWEST     33           600 PM
 AVERAGE    63

..........................................................




SUNRISE AND SUNSET
JULY 13 2014..........SUNRISE   530 AM MDT   SUNSET   845 PM MDT
JULY 14 2014..........SUNRISE   531 AM MDT   SUNSET   844 PM MDT


-  INDICATES NEGATIVE NUMBERS.
R  INDICATES RECORD WAS SET OR TIED.
MM INDICATES DATA IS MISSING.
T  INDICATES TRACE AMOUNT.




$$
