000
CDUS43 KUNR 300834
CLIGCC


CLIMATE REPORT
NATIONAL WEATHER SERVICE RAPID CITY SD
232 AM MDT FRI SEP 30 2016


...................................

...THE GILLETTE AIRPORT WY CLIMATE SUMMARY FOR SEPTEMBER 29 2016...

CLIMATE NORMAL PERIOD 1981 TO 2010
CLIMATE RECORD PERIOD 9999 TO 9999


WEATHER ITEM   OBSERVED TIME   NORMAL DEPARTURE LAST
                VALUE   (LST)  VALUE  FROM      YEAR
                                      NORMAL
......................................................
TEMPERATURE (F)
 YESTERDAY
  MAXIMUM         82    222 PM  66     16       76
  MINIMUM         48    525 AM  38     10       47
  AVERAGE         65            52     13       62

PRECIPITATION (IN)
  YESTERDAY        0.00          0.04  -0.04     0.00
  MONTH TO DATE    2.50          1.14   1.36     0.16
  SINCE SEP 1      2.50          1.14   1.36     0.16
  SINCE JAN 1     11.66         11.62   0.04    13.30

DEGREE DAYS
 HEATING
  YESTERDAY        0            13    -13        3
  MONTH TO DATE  182           224    -42       85
  SINCE SEP 1    182           224    -42       85
  SINCE JUL 1    236           281    -45      150

 COOLING
  YESTERDAY        0             0      0        0
  MONTH TO DATE   25            40    -15       85
  SINCE SEP 1     25            40    -15       85
  SINCE JAN 1    569           500     69      538
......................................................


WIND (MPH)
  HIGHEST WIND SPEED    24   HIGHEST WIND DIRECTION     S (170)
  HIGHEST GUST SPEED    30   HIGHEST GUST DIRECTION    SW (230)
  AVERAGE WIND SPEED    15.3


SKY COVER
  AVERAGE SKY COVER 0.1


WEATHER CONDITIONS
 THE FOLLOWING WEATHER WAS RECORDED YESTERDAY.
  NO SIGNIFICANT WEATHER WAS OBSERVED.


RELATIVE HUMIDITY (PERCENT)
 HIGHEST    74           500 AM
 LOWEST     28           300 PM
 AVERAGE    51

..........................................................




SUNRISE AND SUNSET
SEPTEMBER 30 2016.....SUNRISE   659 AM MDT   SUNSET   644 PM MDT
OCTOBER  1 2016.......SUNRISE   701 AM MDT   SUNSET   642 PM MDT


-  INDICATES NEGATIVE NUMBERS.
R  INDICATES RECORD WAS SET OR TIED.
MM INDICATES DATA IS MISSING.
T  INDICATES TRACE AMOUNT.




$$
