000
CDUS43 KUNR 230832
CLIGCC


CLIMATE REPORT
NATIONAL WEATHER SERVICE RAPID CITY SD
231 AM MDT SUN JUL 23 2017


...................................

...THE GILLETTE AIRPORT WY CLIMATE SUMMARY FOR JULY 22 2017...

CLIMATE NORMAL PERIOD 1981 TO 2010
CLIMATE RECORD PERIOD 9999 TO 9999


WEATHER ITEM   OBSERVED TIME   NORMAL DEPARTURE LAST
                VALUE   (LST)  VALUE  FROM      YEAR
                                      NORMAL
......................................................
TEMPERATURE (F)
 YESTERDAY
  MAXIMUM         91    418 PM  88      3      102
  MINIMUM         51    509 AM  57     -6       65
  AVERAGE         71            72     -1       84

PRECIPITATION (IN)
  YESTERDAY        0.00          0.05  -0.05     0.01
  MONTH TO DATE    0.38          1.21  -0.83     0.19
  SINCE JUN 1      2.28          3.42  -1.14     0.63
  SINCE JAN 1      9.47          9.08   0.39     6.47

DEGREE DAYS
 HEATING
  YESTERDAY        0             0      0        0
  MONTH TO DATE    0            14    -14        7
  SINCE JUN 1     90           156    -66       41
  SINCE JUL 1      0            14    -14        7

 COOLING
  YESTERDAY        6             8     -2       19
  MONTH TO DATE  267           144    123      155
  SINCE JUN 1    320           204    116      319
  SINCE JAN 1    324           212    112      319
......................................................


WIND (MPH)
  HIGHEST WIND SPEED    14   HIGHEST WIND DIRECTION     N (350)
  HIGHEST GUST SPEED    19   HIGHEST GUST DIRECTION     N (350)
  AVERAGE WIND SPEED     4.7


SKY COVER
  AVERAGE SKY COVER 0.0


WEATHER CONDITIONS
 THE FOLLOWING WEATHER WAS RECORDED YESTERDAY.
  HAZE


RELATIVE HUMIDITY (PERCENT)
 HIGHEST    59           500 AM
 LOWEST     10          1200 PM
 AVERAGE    35

..........................................................




SUNRISE AND SUNSET
JULY 23 2017..........SUNRISE   540 AM MDT   SUNSET   837 PM MDT
JULY 24 2017..........SUNRISE   541 AM MDT   SUNSET   836 PM MDT


-  INDICATES NEGATIVE NUMBERS.
R  INDICATES RECORD WAS SET OR TIED.
MM INDICATES DATA IS MISSING.
T  INDICATES TRACE AMOUNT.




$$
