000
CDUS43 KUNR 290831
CLIGCC


CLIMATE REPORT
NATIONAL WEATHER SERVICE RAPID CITY SD
231 AM MDT MON AUG 29 2016


...................................

...THE GILLETTE AIRPORT WY CLIMATE SUMMARY FOR AUGUST 28 2016...

CLIMATE NORMAL PERIOD 1981 TO 2010
CLIMATE RECORD PERIOD 9999 TO 9999


WEATHER ITEM   OBSERVED TIME   NORMAL DEPARTURE LAST
                VALUE   (LST)  VALUE  FROM      YEAR
                                      NORMAL
......................................................
TEMPERATURE (F)
 YESTERDAY
  MAXIMUM         90    255 PM  83      7       87
  MINIMUM         44    520 AM  50     -6       57
  AVERAGE         67            66      1       72

PRECIPITATION (IN)
  YESTERDAY        0.00          0.03  -0.03     0.00
  MONTH TO DATE    1.56          0.86   0.70     1.87
  SINCE JUN 1      3.32          4.73  -1.41     6.02
  SINCE JAN 1      9.16         10.39  -1.23    13.14

DEGREE DAYS
 HEATING
  YESTERDAY        0             2     -2        0
  MONTH TO DATE   47            30     17       43
  SINCE JUN 1     88           191   -103      104
  SINCE JUL 1     54            49      5       65

 COOLING
  YESTERDAY        2             4     -2        7
  MONTH TO DATE  129           168    -39      183
  SINCE JUN 1    523           442     81      421
  SINCE JAN 1    523           450     73      421
......................................................


WIND (MPH)
  HIGHEST WIND SPEED    12   HIGHEST WIND DIRECTION     N (360)
  HIGHEST GUST SPEED    20   HIGHEST GUST DIRECTION     N (10)
  AVERAGE WIND SPEED     4.5


SKY COVER
  AVERAGE SKY COVER 0.0


WEATHER CONDITIONS
 THE FOLLOWING WEATHER WAS RECORDED YESTERDAY.
  NO SIGNIFICANT WEATHER WAS OBSERVED.


RELATIVE HUMIDITY (PERCENT)
 HIGHEST    70           500 AM
 LOWEST      9           300 PM
 AVERAGE    40

..........................................................




SUNRISE AND SUNSET
AUGUST 29 2016........SUNRISE   622 AM MDT   SUNSET   743 PM MDT
AUGUST 30 2016........SUNRISE   623 AM MDT   SUNSET   741 PM MDT


-  INDICATES NEGATIVE NUMBERS.
R  INDICATES RECORD WAS SET OR TIED.
MM INDICATES DATA IS MISSING.
T  INDICATES TRACE AMOUNT.




$$
