000
CDUS43 KUNR 040831
CLIGCC


CLIMATE REPORT
NATIONAL WEATHER SERVICE RAPID CITY SD
231 AM MDT WED MAY 4 2016


...................................

...THE GILLETTE AIRPORT WY CLIMATE SUMMARY FOR MAY 3 2016...

CLIMATE NORMAL PERIOD 1981 TO 2010
CLIMATE RECORD PERIOD 9999 TO 9999


WEATHER ITEM   OBSERVED TIME   NORMAL DEPARTURE LAST
                VALUE   (LST)  VALUE  FROM      YEAR
                                      NORMAL
......................................................
TEMPERATURE (F)
 YESTERDAY
  MAXIMUM         71    350 PM  62      9       68
  MINIMUM         41    457 AM  36      5       44
  AVERAGE         56            49      7       56

PRECIPITATION (IN)
  YESTERDAY        0.00          0.07  -0.07     0.20
  MONTH TO DATE    0.00          0.21  -0.21     0.20
  SINCE MAR 1      3.66          2.64   1.02     1.85
  SINCE JAN 1      5.17          3.42   1.75     2.70

DEGREE DAYS
 HEATING
  YESTERDAY        9            16     -7        9
  MONTH TO DATE   51            50      1       25
  SINCE MAR 1   1446          1658   -212     1334
  SINCE JUL 1   6177          7066   -889     6424

 COOLING
  YESTERDAY        0             0      0        0
  MONTH TO DATE    0             0      0        0
  SINCE MAR 1      0             0      0        0
  SINCE JAN 1      0             0      0        0
......................................................


WIND (MPH)
  HIGHEST WIND SPEED    16   HIGHEST WIND DIRECTION    NW (320)
  HIGHEST GUST SPEED    22   HIGHEST GUST DIRECTION     N (340)
  AVERAGE WIND SPEED    10.3


SKY COVER
  AVERAGE SKY COVER 0.0


WEATHER CONDITIONS
 THE FOLLOWING WEATHER WAS RECORDED YESTERDAY.
  NO SIGNIFICANT WEATHER WAS OBSERVED.


RELATIVE HUMIDITY (PERCENT)
 HIGHEST    83           900 PM
 LOWEST     31           400 PM
 AVERAGE    57

..........................................................




SUNRISE AND SUNSET
MAY  4 2016...........SUNRISE   548 AM MDT   SUNSET   811 PM MDT
MAY  5 2016...........SUNRISE   547 AM MDT   SUNSET   812 PM MDT


-  INDICATES NEGATIVE NUMBERS.
R  INDICATES RECORD WAS SET OR TIED.
MM INDICATES DATA IS MISSING.
T  INDICATES TRACE AMOUNT.




$$
