000
CDUS43 KDDC 140725
CLIGCK


CLIMATE REPORT
NATIONAL WEATHER SERVICE DODGE CITY KS
125 AM CST SUN FEB 14 2016


...................................

...THE GARDEN CITY REGIONAL ARPT KS CLIMATE SUMMARY FOR FEBRUARY 13 2016...

CLIMATE NORMAL PERIOD 1981 TO 2010
CLIMATE RECORD PERIOD 1948 TO 2016


WEATHER ITEM   OBSERVED TIME   RECORD YEAR NORMAL DEPARTURE LAST
                VALUE   (LST)  VALUE       VALUE  FROM      YEAR
                                                  NORMAL
..................................................................
TEMPERATURE (F)
 YESTERDAY
  MAXIMUM         53    431 PM  82    1954  48      5       64
  MINIMUM         22    805 AM  -1    1965  21      1       31
  AVERAGE         38                        34      4       48

PRECIPITATION (IN)
  YESTERDAY        0.00          0.98 1969   0.02  -0.02     0.00
  MONTH TO DATE    0.19                      0.22  -0.03      T
  SINCE DEC 1      1.32                      1.08   0.24     0.43
  SINCE JAN 1      0.22                      0.56  -0.34     0.38

DEGREE DAYS
 HEATING
  YESTERDAY       27                        31     -4
  MONTH TO DATE  384                       418    -34
  SINCE DEC 1   2273                      2509   -236
  SINCE JUL 1   3110                      3598   -488

 COOLING
  YESTERDAY        0                         0      0
  MONTH TO DATE    0                         0      0
  SINCE DEC 1      0                         0      0
  SINCE JAN 1      0                         0      0
..................................................................


WIND (MPH)
  HIGHEST WIND SPEED    26   HIGHEST WIND DIRECTION     S (180)
  HIGHEST GUST SPEED    32   HIGHEST GUST DIRECTION     S (180)
  AVERAGE WIND SPEED    13.8



WEATHER CONDITIONS
 THE FOLLOWING WEATHER WAS RECORDED YESTERDAY.
  FOG


RELATIVE HUMIDITY (PERCENT)
 HIGHEST    96           400 AM
 LOWEST     42           300 PM
 AVERAGE    69

..........................................................


THE GARDEN CITY REGIONAL ARPT KS CLIMATE NORMALS FOR TODAY
                         NORMAL    RECORD    YEAR
 MAXIMUM TEMPERATURE (F)   48        82      1954
 MINIMUM TEMPERATURE (F)   21       -10      2007


SUNRISE AND SUNSET
FEBRUARY 14 2016......SUNRISE   734 AM CST   SUNSET   620 PM CST
FEBRUARY 15 2016......SUNRISE   733 AM CST   SUNSET   621 PM CST


-  INDICATES NEGATIVE NUMBERS.
R  INDICATES RECORD WAS SET OR TIED.
MM INDICATES DATA IS MISSING.
T  INDICATES TRACE AMOUNT.




$$
