315
CDUS43 KDDC 232327
CLIGCK


CLIMATE REPORT
NATIONAL WEATHER SERVICE DODGE CITY KS
626 PM CDT MON OCT 23 2017


...................................

...THE GARDEN CITY REGIONAL ARPT KS CLIMATE SUMMARY FOR OCTOBER 23 2017...
VALID TODAY AS OF 0500 PM LOCAL TIME.

CLIMATE NORMAL PERIOD 1981 TO 2010
CLIMATE RECORD PERIOD 1948 TO 2017


WEATHER ITEM   OBSERVED TIME   RECORD YEAR NORMAL DEPARTURE LAST
                VALUE   (LST)  VALUE       VALUE  FROM      YEAR
                                                  NORMAL
..................................................................
TEMPERATURE (F)
 TODAY
  MAXIMUM         66    226 PM  91    2003  67     -1       75
  MINIMUM         41    400 AM  26    1995  38      3       39
  AVERAGE         54                        53      1       57

PRECIPITATION (IN)
  TODAY            T             0.49 2000   0.04  -0.04     0.00
  MONTH TO DATE    0.97                      1.03  -0.06      T
  SINCE SEP 1      5.68                      2.50   3.18     0.19
  SINCE JAN 1     20.50                     18.15   2.35    20.02

DEGREE DAYS
 HEATING
  TODAY           11                        13     -2        8
  MONTH TO DATE  149                       204    -55      124
  SINCE SEP 1    198                       272    -74      152
  SINCE JUL 1    198                       276    -78      152

 COOLING
  TODAY            0                         0      0        0
  MONTH TO DATE   27                        18      9       38
  SINCE SEP 1    226                       180     46      255
  SINCE JAN 1   1373                      1296     77     1411
..................................................................


WIND (MPH)
  HIGHEST WIND SPEED    35   HIGHEST WIND DIRECTION     N (360)
  HIGHEST GUST SPEED    47   HIGHEST GUST DIRECTION     N (10)
  AVERAGE WIND SPEED    18.5



WEATHER CONDITIONS
 THE FOLLOWING WEATHER WAS RECORDED TODAY.
  NO SIGNIFICANT WEATHER WAS OBSERVED.


RELATIVE HUMIDITY (PERCENT)
 HIGHEST    67           400 AM
 LOWEST     16           500 PM
 AVERAGE    42

..........................................................


THE GARDEN CITY REGIONAL ARPT KS CLIMATE NORMALS FOR TOMORROW
                         NORMAL    RECORD    YEAR
 MAXIMUM TEMPERATURE (F)   67        86      2014
 MINIMUM TEMPERATURE (F)   38        20      1980


SUNRISE AND SUNSET
OCTOBER 23 2017.......SUNRISE   800 AM CDT   SUNSET   654 PM CDT
OCTOBER 24 2017.......SUNRISE   801 AM CDT   SUNSET   653 PM CDT


-  INDICATES NEGATIVE NUMBERS.
R  INDICATES RECORD WAS SET OR TIED.
MM INDICATES DATA IS MISSING.
T  INDICATES TRACE AMOUNT.




$$
