000
CDUS43 KDDC 302333
CLIGCK


CLIMATE REPORT
NATIONAL WEATHER SERVICE DODGE CITY KS
626 PM CDT THU OCT 30 2014


...................................

...THE GARDEN CITY REGIONAL ARPT KS CLIMATE SUMMARY FOR OCTOBER 30 2014...
VALID TODAY AS OF 0500 PM LOCAL TIME.

CLIMATE NORMAL PERIOD 1981 TO 2010
CLIMATE RECORD PERIOD 1948 TO 2014


WEATHER ITEM   OBSERVED TIME   RECORD YEAR NORMAL DEPARTURE LAST
                VALUE   (LST)  VALUE       VALUE  FROM      YEAR
                                                  NORMAL
..................................................................
TEMPERATURE (F)
 TODAY
  MAXIMUM         68    339 PM  90    1968  64      4       58
  MINIMUM         40    130 AM  13    1993  35      5       40
  AVERAGE         54                        50      4       49

PRECIPITATION (IN)
  TODAY            0.00          2.07 1979   0.02  -0.02      T
  MONTH TO DATE    1.74                      1.25   0.49     1.25
  SINCE SEP 1      3.73                      2.72   1.01     3.67
  SINCE JAN 1     21.38                     18.37   3.01    13.84

DEGREE DAYS
 HEATING
  TODAY           11                        15     -4       16
  MONTH TO DATE  198                       303   -105      331
  SINCE SEP 1    254                       371   -117      349
  SINCE JUL 1    264                       375   -111      349

 COOLING
  TODAY            0                         0      0        0
  MONTH TO DATE   10                        18     -8       19
  SINCE SEP 1    182                       180      2      249
  SINCE JAN 1   1342                      1296     46     1591
..................................................................


WIND (MPH)
  HIGHEST WIND SPEED    24   HIGHEST WIND DIRECTION     N (10)
  HIGHEST GUST SPEED    29   HIGHEST GUST DIRECTION     N (350)
  AVERAGE WIND SPEED    13.8



WEATHER CONDITIONS
 THE FOLLOWING WEATHER WAS RECORDED TODAY.
  NO SIGNIFICANT WEATHER WAS OBSERVED.


RELATIVE HUMIDITY (PERCENT)
 HIGHEST    76           100 AM
 LOWEST     21           200 PM
 AVERAGE    49

..........................................................


THE GARDEN CITY REGIONAL ARPT KS CLIMATE NORMALS FOR TOMORROW
                         NORMAL    RECORD    YEAR
 MAXIMUM TEMPERATURE (F)   64        88      1950
 MINIMUM TEMPERATURE (F)   35        15      1991


SUNRISE AND SUNSET
OCTOBER 30 2014.......SUNRISE   806 AM CDT   SUNSET   646 PM CDT
OCTOBER 31 2014.......SUNRISE   807 AM CDT   SUNSET   645 PM CDT


-  INDICATES NEGATIVE NUMBERS.
R  INDICATES RECORD WAS SET OR TIED.
MM INDICATES DATA IS MISSING.
T  INDICATES TRACE AMOUNT.




$$
