000
CDUS43 KDDC 301006
CLIGCK


CLIMATE REPORT
NATIONAL WEATHER SERVICE DODGE CITY KS
505 AM CDT SUN AUG 30 2015


...................................

...THE GARDEN CITY REGIONAL ARPT KS CLIMATE SUMMARY FOR AUGUST 29 2015...

CLIMATE NORMAL PERIOD 1981 TO 2010
CLIMATE RECORD PERIOD 1948 TO 2015


WEATHER ITEM   OBSERVED TIME   RECORD YEAR NORMAL DEPARTURE LAST
                VALUE   (LST)  VALUE       VALUE  FROM      YEAR
                                                  NORMAL
..................................................................
TEMPERATURE (F)
 YESTERDAY
  MAXIMUM         90    359 PM 104    1984  88      2       85
  MINIMUM         56    649 AM  47    1988  61     -5       57
  AVERAGE         73                        75     -2       71

PRECIPITATION (IN)
  YESTERDAY        0.00          0.96 1975   0.06  -0.06     0.00
  MONTH TO DATE    1.89                      2.32  -0.43     1.85
  SINCE JUN 1     10.97                      8.58   2.39    16.29
  SINCE JAN 1     19.79                     15.52   4.27    17.65

DEGREE DAYS
 HEATING
  YESTERDAY        0                         0      0
  MONTH TO DATE    0                         0      0
  SINCE JUN 1      0                        17    -17
  SINCE JUL 1      0                         1     -1

 COOLING
  YESTERDAY        8                        10     -2
  MONTH TO DATE  328                       346    -18
  SINCE JUN 1   1084                      1008     76
  SINCE JAN 1   1114                      1097     17
..................................................................


WIND (MPH)
  HIGHEST WIND SPEED    12   HIGHEST WIND DIRECTION     N (20)
  HIGHEST GUST SPEED    15   HIGHEST GUST DIRECTION     N (20)
  AVERAGE WIND SPEED     6.2



WEATHER CONDITIONS
 THE FOLLOWING WEATHER WAS RECORDED YESTERDAY.
  NO SIGNIFICANT WEATHER WAS OBSERVED.


RELATIVE HUMIDITY (PERCENT)
 HIGHEST    93           500 AM
 LOWEST     21           400 PM
 AVERAGE    57

..........................................................


THE GARDEN CITY REGIONAL ARPT KS CLIMATE NORMALS FOR TODAY
                         NORMAL    RECORD    YEAR
 MAXIMUM TEMPERATURE (F)   88       104      1990
 MINIMUM TEMPERATURE (F)   61        51      1993


SUNRISE AND SUNSET
AUGUST 30 2015........SUNRISE   711 AM CDT   SUNSET   815 PM CDT
AUGUST 31 2015........SUNRISE   712 AM CDT   SUNSET   814 PM CDT


-  INDICATES NEGATIVE NUMBERS.
R  INDICATES RECORD WAS SET OR TIED.
MM INDICATES DATA IS MISSING.
T  INDICATES TRACE AMOUNT.




$$
