000
CDUS43 KDDC 311442
CLIGCK


CLIMATE REPORT
NATIONAL WEATHER SERVICE DODGE CITY KS
942 AM CDT TUE MAY 31 2016


...................................

...THE GARDEN CITY REGIONAL ARPT KS CLIMATE SUMMARY FOR MAY 31 2016...
VALID AS OF 0800 AM LOCAL TIME.

CLIMATE NORMAL PERIOD 1981 TO 2010
CLIMATE RECORD PERIOD 1948 TO 2016


WEATHER ITEM   OBSERVED TIME   RECORD YEAR NORMAL DEPARTURE LAST
                VALUE   (LST)  VALUE       VALUE  FROM      YEAR
                                                  NORMAL
..................................................................
TEMPERATURE (F)
 TODAY
  MAXIMUM         64    756 AM 103    2002  81    -17       77
  MINIMUM         56    632 AM  41    2004  55      1       45
  AVERAGE         60                        68     -8       61

PRECIPITATION (IN)
  TODAY            0.01          1.24 1988   0.11  -0.10     0.00
  MONTH TO DATE    0.70                      2.88  -2.18     7.37
  SINCE MAR 1      5.24                      6.06  -0.82     8.05
  SINCE JAN 1      5.46                      6.94  -1.48     8.82

..................................................................


WIND (MPH)
  HIGHEST WIND SPEED    21   HIGHEST WIND DIRECTION    SE (120)
  HIGHEST GUST SPEED    26   HIGHEST GUST DIRECTION    SE (120)



WEATHER CONDITIONS
 THE FOLLOWING WEATHER WAS RECORDED TODAY.
  THUNDERSTORM
  LIGHT RAIN


RELATIVE HUMIDITY (PERCENT)
 HIGHEST    93           300 AM
 LOWEST     73           800 AM

..........................................................


THE GARDEN CITY REGIONAL ARPT KS CLIMATE NORMALS FOR TOMORROW
                         NORMAL    RECORD    YEAR
 MAXIMUM TEMPERATURE (F)   81       103      2002
 MINIMUM TEMPERATURE (F)   56        46      1954


SUNRISE AND SUNSET
MAY 31 2016...........SUNRISE   622 AM CDT   SUNSET   859 PM CDT
JUNE  1 2016..........SUNRISE   622 AM CDT   SUNSET   900 PM CDT


-  INDICATES NEGATIVE NUMBERS.
R  INDICATES RECORD WAS SET OR TIED.
MM INDICATES DATA IS MISSING.
T  INDICATES TRACE AMOUNT.




$$
