000
CDUS41 KPHI 170628
CLIGED


CLIMATE REPORT
NATIONAL WEATHER SERVICE MOUNT HOLLY NJ
228 AM EDT WED SEP 17 2014


...................................

...THE GEORGETOWN DE CLIMATE SUMMARY FOR SEPTEMBER 16 2014...

CLIMATE NORMAL PERIOD 1981 TO 2010
CLIMATE RECORD PERIOD 1948 TO 2014


WEATHER ITEM   OBSERVED TIME   RECORD YEAR NORMAL DEPARTURE LAST
                VALUE   (LST)  VALUE       VALUE  FROM      YEAR
                                                  NORMAL
..................................................................
TEMPERATURE (F)
 YESTERDAY
  MAXIMUM         79   1147 AM  90    2010  78      1       76
  MINIMUM         58    318 AM  41    1985  59     -1       59
  AVERAGE         69                        68      1       68

PRECIPITATION (IN)
  YESTERDAY        0.05          2.40 1963   0.12  -0.07     0.01
  MONTH TO DATE    1.28                      2.40  -1.12     0.28
  SINCE SEP 1      1.28                      2.40  -1.12     0.28
  SINCE JAN 1     31.58                     31.67  -0.09    42.27

SNOWFALL (IN)
  YESTERDAY       MM            MM      MM  MM     MM       MM
  MONTH TO DATE   MM                        MM     MM       MM
  SINCE SEP 1     MM                        MM     MM       MM
  SINCE JUL 1     MM                        MM     MM       MM
  SNOW DEPTH      MM

DEGREE DAYS
 HEATING
  YESTERDAY        0                         1     -1        0
  MONTH TO DATE    4                         6     -2        8
  SINCE SEP 1      4                         6     -2        8
  SINCE JUL 1      4                         7     -3        8

 COOLING
  YESTERDAY        4                         5     -1        3
  MONTH TO DATE  146                       101     45      133
  SINCE SEP 1    146                       101     45      133
  SINCE JAN 1   1097                      1130    -33     1320
..................................................................


WIND (MPH)
  HIGHEST WIND SPEED    16   HIGHEST WIND DIRECTION    NE (50)
  HIGHEST GUST SPEED    19   HIGHEST GUST DIRECTION    NE (60)
  AVERAGE WIND SPEED     6.1


SKY COVER
  POSSIBLE SUNSHINE  MM
  AVERAGE SKY COVER 0.4


WEATHER CONDITIONS
 THE FOLLOWING WEATHER WAS RECORDED YESTERDAY.
  LIGHT RAIN
  FOG


RELATIVE HUMIDITY (PERCENT)
 HIGHEST    87           200 AM
 LOWEST     42           100 PM
 AVERAGE    65

..........................................................


THE GEORGETOWN DE CLIMATE NORMALS FOR TODAY
                         NORMAL    RECORD    YEAR
 MAXIMUM TEMPERATURE (F)   78        93      1970
 MINIMUM TEMPERATURE (F)   59        38      1984


SUNRISE AND SUNSET
SEPTEMBER 17 2014.....SUNRISE   645 AM EDT   SUNSET   706 PM EDT
SEPTEMBER 18 2014.....SUNRISE   646 AM EDT   SUNSET   705 PM EDT


-  INDICATES NEGATIVE NUMBERS.
R  INDICATES RECORD WAS SET OR TIED.
MM INDICATES DATA IS MISSING.
T  INDICATES TRACE AMOUNT.




$$
