000
CDUS41 KPHI 240636
CLIGED


CLIMATE REPORT
NATIONAL WEATHER SERVICE MOUNT HOLLY NJ
234 AM EDT SUN JUL 24 2016


...................................

...THE GEORGETOWN DE CLIMATE SUMMARY FOR JULY 23 2016...

CLIMATE NORMAL PERIOD 1981 TO 2010
CLIMATE RECORD PERIOD 1948 TO 2016


WEATHER ITEM   OBSERVED TIME   RECORD YEAR NORMAL DEPARTURE LAST
                VALUE   (LST)  VALUE       VALUE  FROM      YEAR
                                                  NORMAL
..................................................................
TEMPERATURE (F)
 YESTERDAY
  MAXIMUM         97    252 PM 104    2011  86     11       83
  MINIMUM         77    527 AM  50    1977  68      9       63
  AVERAGE         87                        77     10       73

PRECIPITATION (IN)
  YESTERDAY        0.00          2.41 1988   0.12  -0.12     0.00
  MONTH TO DATE    1.14                      3.17  -2.03     2.72
  SINCE JUN 1      4.13                      7.78  -3.65     7.55
  SINCE JAN 1     22.36                     24.72  -2.36    22.29

SNOWFALL (IN)
  YESTERDAY       MM            MM      MM  MM     MM       MM
  MONTH TO DATE   MM                        MM     MM       MM
  SINCE JUN 1     MM                        MM     MM       MM
  SINCE JUL 1     MM                        MM     MM       MM
  SNOW DEPTH      MM

DEGREE DAYS
 HEATING
  YESTERDAY        0                         0      0        0
  MONTH TO DATE    0                         0      0        0
  SINCE JUN 1      1                        13    -12       21
  SINCE JUL 1      0                         0      0        0

 COOLING
  YESTERDAY       22                        12     10        8
  MONTH TO DATE  328                       271     57      276
  SINCE JUN 1    547                       510     37      569
  SINCE JAN 1    637                       604     33      744
..................................................................


WIND (MPH)
  HIGHEST WIND SPEED    15   HIGHEST WIND DIRECTION    SW (240)
  HIGHEST GUST SPEED    19   HIGHEST GUST DIRECTION     W (250)
  AVERAGE WIND SPEED     5.9


SKY COVER
  POSSIBLE SUNSHINE  MM
  AVERAGE SKY COVER 0.1


WEATHER CONDITIONS
 THE FOLLOWING WEATHER WAS RECORDED YESTERDAY.
  FOG


RELATIVE HUMIDITY (PERCENT)
 HIGHEST    91          1200 AM
 LOWEST     42           300 PM
 AVERAGE    67

..........................................................


THE GEORGETOWN DE CLIMATE NORMALS FOR TODAY
                         NORMAL    RECORD    YEAR
 MAXIMUM TEMPERATURE (F)   86        99      2011
                                             2010
 MINIMUM TEMPERATURE (F)   68        50      1985


SUNRISE AND SUNSET
JULY 24 2016..........SUNRISE   556 AM EDT   SUNSET   819 PM EDT
JULY 25 2016..........SUNRISE   557 AM EDT   SUNSET   818 PM EDT


-  INDICATES NEGATIVE NUMBERS.
R  INDICATES RECORD WAS SET OR TIED.
MM INDICATES DATA IS MISSING.
T  INDICATES TRACE AMOUNT.




$$
