751
CDUS41 KPHI 230555
CLIGED


CLIMATE REPORT
NATIONAL WEATHER SERVICE MOUNT HOLLY NJ
1253 AM EST FRI FEB 23 2018


...................................

...THE GEORGETOWN DE CLIMATE SUMMARY FOR FEBRUARY 22 2018...

CLIMATE NORMAL PERIOD 1981 TO 2010
CLIMATE RECORD PERIOD 1948 TO 2018


WEATHER ITEM   OBSERVED TIME   RECORD YEAR NORMAL DEPARTURE LAST
                VALUE   (LST)  VALUE       VALUE  FROM      YEAR
                                                  NORMAL
..................................................................
TEMPERATURE (F)
 YESTERDAY
  MAXIMUM         68   1239 AM  72    1997  48     20       64
  MINIMUM         40    847 PM  10    1963  29     11       38
  AVERAGE         54                        39     15       51

PRECIPITATION (IN)
  YESTERDAY        0.06          1.03 2003   0.10  -0.04     0.00
  MONTH TO DATE    3.88                      2.17   1.71     0.56
  SINCE DEC 1      7.69                      8.38  -0.69     6.49
  SINCE JAN 1      6.73                      5.09   1.64     3.69

DEGREE DAYS
 HEATING
  YESTERDAY       11                        26    -15       14
  MONTH TO DATE  443                       616   -173      472
  SINCE DEC 1   2242                      2342   -100     1992
  SINCE JUL 1   2859                      3126   -267     2626

 COOLING
  YESTERDAY        0                         0      0        0
  MONTH TO DATE    7                         0      7        0
  SINCE DEC 1      7                         0      7        0
  SINCE JAN 1      7                         0      7        0
..................................................................


WIND (MPH)
  HIGHEST WIND SPEED    23   HIGHEST WIND DIRECTION    NE (60)
  HIGHEST GUST SPEED    30   HIGHEST GUST DIRECTION    NE (50)
  AVERAGE WIND SPEED    13.4


SKY COVER
  POSSIBLE SUNSHINE  MM
  AVERAGE SKY COVER 0.9


WEATHER CONDITIONS
 THE FOLLOWING WEATHER WAS RECORDED YESTERDAY.
  RAIN
  LIGHT RAIN
  FOG


RELATIVE HUMIDITY (PERCENT)
 HIGHEST    92           400 PM
 LOWEST     59           900 AM
 AVERAGE    76

..........................................................


THE GEORGETOWN DE CLIMATE NORMALS FOR TODAY
                         NORMAL    RECORD    YEAR
 MAXIMUM TEMPERATURE (F)   48        75      2017
 MINIMUM TEMPERATURE (F)   30         5      1963


SUNRISE AND SUNSET
FEBRUARY 23 2018......SUNRISE   642 AM EST   SUNSET   548 PM EST
FEBRUARY 24 2018......SUNRISE   641 AM EST   SUNSET   549 PM EST


-  INDICATES NEGATIVE NUMBERS.
R  INDICATES RECORD WAS SET OR TIED.
MM INDICATES DATA IS MISSING.
T  INDICATES TRACE AMOUNT.




$$
