000
CDUS41 KPHI 110635
CLIGED


CLIMATE REPORT
NATIONAL WEATHER SERVICE MOUNT HOLLY NJ
131 AM EST THU FEB 11 2016


...................................

...THE GEORGETOWN DE CLIMATE SUMMARY FOR FEBRUARY 10 2016...

CLIMATE NORMAL PERIOD 1981 TO 2010
CLIMATE RECORD PERIOD 1948 TO 2016


WEATHER ITEM   OBSERVED TIME   RECORD YEAR NORMAL DEPARTURE LAST
                VALUE   (LST)  VALUE       VALUE  FROM      YEAR
                                                  NORMAL
..................................................................
TEMPERATURE (F)
 YESTERDAY
  MAXIMUM         38    423 PM  70    1960  46     -8       37
  MINIMUM         27   1159 PM  -6    1979  28     -1       30
  AVERAGE         33                        37     -4       34

PRECIPITATION (IN)
  YESTERDAY        T             1.30 1967   0.10  -0.10     0.19
  MONTH TO DATE    1.50                      0.97   0.53     0.96
  SINCE DEC 1      8.53                      7.18   1.35     9.02
  SINCE JAN 1      4.37                      3.89   0.48     5.49

SNOWFALL (IN)
  YESTERDAY       MM            MM      MM  MM     MM       MM
  MONTH TO DATE   MM                        MM     MM       MM
  SINCE DEC 1     MM                        MM     MM       MM
  SINCE JUL 1     MM                        MM     MM       MM
  SNOW DEPTH      MM

DEGREE DAYS
 HEATING
  YESTERDAY       32                        28      4       31
  MONTH TO DATE  232                       289    -57      304
  SINCE DEC 1   1547                      2015   -468     1967
  SINCE JUL 1   2187                      2799   -612     2730

 COOLING
  YESTERDAY        0                         0      0        0
  MONTH TO DATE    0                         0      0        0
  SINCE DEC 1      9                         0      9        0
  SINCE JAN 1      0                         0      0        0
..................................................................


WIND (MPH)
  HIGHEST WIND SPEED    18   HIGHEST WIND DIRECTION     W (280)
  HIGHEST GUST SPEED    25   HIGHEST GUST DIRECTION     W (290)
  AVERAGE WIND SPEED     9.2


SKY COVER
  POSSIBLE SUNSHINE  MM
  AVERAGE SKY COVER 0.9


WEATHER CONDITIONS
 THE FOLLOWING WEATHER WAS RECORDED YESTERDAY.
  LIGHT SNOW
  FOG
  HAZE


RELATIVE HUMIDITY (PERCENT)
 HIGHEST    92           700 AM
 LOWEST     44           400 PM
 AVERAGE    68

..........................................................


THE GEORGETOWN DE CLIMATE NORMALS FOR TODAY
                         NORMAL    RECORD    YEAR
 MAXIMUM TEMPERATURE (F)   46        71      2009
 MINIMUM TEMPERATURE (F)   28        -8      1979


SUNRISE AND SUNSET
FEBRUARY 11 2016......SUNRISE   658 AM EST   SUNSET   534 PM EST
FEBRUARY 12 2016......SUNRISE   656 AM EST   SUNSET   535 PM EST


-  INDICATES NEGATIVE NUMBERS.
R  INDICATES RECORD WAS SET OR TIED.
MM INDICATES DATA IS MISSING.
T  INDICATES TRACE AMOUNT.




$$
