000
CDUS41 KPHI 020627
CLIGED


CLIMATE REPORT
NATIONAL WEATHER SERVICE MOUNT HOLLY NJ
226 AM EDT WED SEP 2 2015


...................................

...THE GEORGETOWN DE CLIMATE SUMMARY FOR SEPTEMBER 1 2015...

CLIMATE NORMAL PERIOD 1981 TO 2010
CLIMATE RECORD PERIOD 1948 TO 2015


WEATHER ITEM   OBSERVED TIME   RECORD YEAR NORMAL DEPARTURE LAST
                VALUE   (LST)  VALUE       VALUE  FROM      YEAR
                                                  NORMAL
..................................................................
TEMPERATURE (F)
 YESTERDAY
  MAXIMUM         91    100 PM  96    2010  82      9       92
  MINIMUM         68    607 AM  50    1986  64      4       75
  AVERAGE         80                        73      7       84

PRECIPITATION (IN)
  YESTERDAY        0.00          6.22 2002   0.15  -0.15     0.02
  MONTH TO DATE    0.00                      0.15  -0.15     0.02
  SINCE SEP 1      0.00                      0.15  -0.15     0.02
  SINCE JAN 1     25.20                     29.42  -4.22    30.32

SNOWFALL (IN)
  YESTERDAY       MM            MM      MM  MM     MM       MM
  MONTH TO DATE   MM                        MM     MM       MM
  SINCE SEP 1     MM                        MM     MM       MM
  SINCE JUL 1     MM                        MM     MM       MM
  SNOW DEPTH      MM

DEGREE DAYS
 HEATING
  YESTERDAY        0                         0      0        0
  MONTH TO DATE    0                         0      0        0
  SINCE SEP 1      0                         0      0        0
  SINCE JUL 1      0                         1     -1        0

 COOLING
  YESTERDAY       15                         8      7       19
  MONTH TO DATE   15                         8      7       19
  SINCE SEP 1     15                         8      7       19
  SINCE JAN 1   1184                      1037    147      970
..................................................................


WIND (MPH)
  HIGHEST WIND SPEED    13   HIGHEST WIND DIRECTION     S (200)
  HIGHEST GUST SPEED    17   HIGHEST GUST DIRECTION    SW (210)
  AVERAGE WIND SPEED     3.7


SKY COVER
  POSSIBLE SUNSHINE  MM
  AVERAGE SKY COVER 0.1


WEATHER CONDITIONS
 THE FOLLOWING WEATHER WAS RECORDED YESTERDAY.
  FOG


RELATIVE HUMIDITY (PERCENT)
 HIGHEST    97           100 AM
 LOWEST     49           100 PM
 AVERAGE    73

..........................................................


THE GEORGETOWN DE CLIMATE NORMALS FOR TODAY
                         NORMAL    RECORD    YEAR
 MAXIMUM TEMPERATURE (F)   82        98      1953
 MINIMUM TEMPERATURE (F)   64        43      1948


SUNRISE AND SUNSET
SEPTEMBER  2 2015.....SUNRISE   631 AM EDT   SUNSET   730 PM EDT
SEPTEMBER  3 2015.....SUNRISE   632 AM EDT   SUNSET   729 PM EDT


-  INDICATES NEGATIVE NUMBERS.
R  INDICATES RECORD WAS SET OR TIED.
MM INDICATES DATA IS MISSING.
T  INDICATES TRACE AMOUNT.




$$
