000
CDUS41 KPHI 102135
CLIGED


CLIMATE REPORT
NATIONAL WEATHER SERVICE MOUNT HOLLY NJ
534 PM EDT THU JUL 10 2014


...................................

...THE GEORGETOWN DE CLIMATE SUMMARY FOR JULY 10 2014...
VALID TODAY AS OF 0500 PM LOCAL TIME.

CLIMATE NORMAL PERIOD 1981 TO 2010
CLIMATE RECORD PERIOD 1948 TO 2014


WEATHER ITEM   OBSERVED TIME   RECORD YEAR NORMAL DEPARTURE LAST
                VALUE   (LST)  VALUE       VALUE  FROM      YEAR
                                                  NORMAL
..................................................................
TEMPERATURE (F)
 TODAY
  MAXIMUM         82   1236 PM  96    1994  86     -4       89
  MINIMUM         69    356 PM  54    1979  67      2       75
  AVERAGE         76                        77     -1       82

PRECIPITATION (IN)
  TODAY            1.08          2.08 1959   0.13   0.95     0.04
  MONTH TO DATE    3.79                      1.52   2.27     1.64
  SINCE JUN 1      5.56                      6.13  -0.57    13.88
  SINCE JAN 1     22.75                     23.07  -0.32    28.73

SNOWFALL (IN)
  TODAY           MM            MM      MM  MM     MM       MM
  MONTH TO DATE   MM                        MM     MM       MM
  SINCE JUN 1     MM                        MM     MM       MM
  SINCE JUL 1     MM                        MM     MM       MM
  SNOW DEPTH      MM

DEGREE DAYS
 HEATING
  TODAY            0                         0      0        0
  MONTH TO DATE    0                         0      0        0
  SINCE JUN 1      5                        13     -8        0
  SINCE JUL 1      0                         0      0        0

 COOLING
  TODAY           11                        12     -1       17
  MONTH TO DATE  139                       115     24      160
  SINCE JUN 1    393                       354     39      447
  SINCE JAN 1    494                       448     46      604
..................................................................


WIND (MPH)
  HIGHEST WIND SPEED    21   HIGHEST WIND DIRECTION    NE (50)
  HIGHEST GUST SPEED    26   HIGHEST GUST DIRECTION    NE (50)
  AVERAGE WIND SPEED    10.4


SKY COVER
  POSSIBLE SUNSHINE  MM
  AVERAGE SKY COVER 0.6


WEATHER CONDITIONS
 THE FOLLOWING WEATHER WAS RECORDED TODAY.
  THUNDERSTORM
  HEAVY RAIN
  FOG


RELATIVE HUMIDITY (PERCENT)
 HIGHEST    93           100 AM
 LOWEST     69          1100 AM
 AVERAGE    81

..........................................................


THE GEORGETOWN DE CLIMATE NORMALS FOR TOMORROW
                         NORMAL    RECORD    YEAR
 MAXIMUM TEMPERATURE (F)   86        98      1988
 MINIMUM TEMPERATURE (F)   67        49      1953


SUNRISE AND SUNSET
JULY 10 2014..........SUNRISE   546 AM EDT   SUNSET   828 PM EDT
JULY 11 2014..........SUNRISE   546 AM EDT   SUNSET   827 PM EDT


-  INDICATES NEGATIVE NUMBERS.
R  INDICATES RECORD WAS SET OR TIED.
MM INDICATES DATA IS MISSING.
T  INDICATES TRACE AMOUNT.




$$
