000
CDUS41 KPHI 140556
CLIGED


CLIMATE REPORT
NATIONAL WEATHER SERVICE MOUNT HOLLY NJ
1255 AM EST THU DEC 14 2017


...................................

...THE GEORGETOWN DE CLIMATE SUMMARY FOR DECEMBER 13 2017...

CLIMATE NORMAL PERIOD 1981 TO 2010
CLIMATE RECORD PERIOD 1948 TO 2017


WEATHER ITEM   OBSERVED TIME   RECORD YEAR NORMAL DEPARTURE LAST
                VALUE   (LST)  VALUE       VALUE  FROM      YEAR
                                                  NORMAL
..................................................................
TEMPERATURE (F)
 YESTERDAY
  MAXIMUM         32    948 PM  71    2015  49    -17       46
  MINIMUM         23    742 AM   5    1958  31     -8       29
  AVERAGE         28                        40    -12       38

PRECIPITATION (IN)
  YESTERDAY        0.01          1.48 1983   0.11  -0.10     0.00
  MONTH TO DATE    0.83                      1.50  -0.67     1.86
  SINCE DEC 1      0.83                      1.50  -0.67     1.86
  SINCE JAN 1     42.56                     41.98   0.58    47.13

DEGREE DAYS
 HEATING
  YESTERDAY       37                        25     12       27
  MONTH TO DATE  314                       303     11      307
  SINCE DEC 1    314                       303     11      307
  SINCE JUL 1    931                      1087   -156      941

 COOLING
  YESTERDAY        0                         0      0        0
  MONTH TO DATE    0                         0      0        0
  SINCE DEC 1      0                         0      0        0
  SINCE JAN 1   1517                      1196    321     1506
..................................................................


WIND (MPH)
  HIGHEST WIND SPEED    23   HIGHEST WIND DIRECTION     W (280)
  HIGHEST GUST SPEED    38   HIGHEST GUST DIRECTION     W (280)
  AVERAGE WIND SPEED    11.8


SKY COVER
  POSSIBLE SUNSHINE  MM
  AVERAGE SKY COVER 0.2


WEATHER CONDITIONS
 THE FOLLOWING WEATHER WAS RECORDED YESTERDAY.
  LIGHT SNOW
  FOG


RELATIVE HUMIDITY (PERCENT)
 HIGHEST    92          1100 PM
 LOWEST     30           300 PM
 AVERAGE    61

..........................................................


THE GEORGETOWN DE CLIMATE NORMALS FOR TODAY
                         NORMAL    RECORD    YEAR
 MAXIMUM TEMPERATURE (F)   48        75      2015
 MINIMUM TEMPERATURE (F)   31         3      1958


SUNRISE AND SUNSET
DECEMBER 14 2017......SUNRISE   712 AM EST   SUNSET   441 PM EST
DECEMBER 15 2017......SUNRISE   712 AM EST   SUNSET   441 PM EST


-  INDICATES NEGATIVE NUMBERS.
R  INDICATES RECORD WAS SET OR TIED.
MM INDICATES DATA IS MISSING.
T  INDICATES TRACE AMOUNT.




$$
