000
CDUS41 KPHI 210629
CLIGED


CLIMATE REPORT
NATIONAL WEATHER SERVICE MOUNT HOLLY NJ
126 AM EST SUN DEC 21 2014


...................................

...THE GEORGETOWN DE CLIMATE SUMMARY FOR DECEMBER 20 2014...

CLIMATE NORMAL PERIOD 1981 TO 2010
CLIMATE RECORD PERIOD 1948 TO 2014


WEATHER ITEM   OBSERVED TIME   RECORD YEAR NORMAL DEPARTURE LAST
                VALUE   (LST)  VALUE       VALUE  FROM      YEAR
                                                  NORMAL
..................................................................
TEMPERATURE (F)
 YESTERDAY
  MAXIMUM         39    211 PM  65    2002  47     -8       62
                                      1957
  MINIMUM         22    725 AM   8    1985  29     -7       47
  AVERAGE         31                        38     -7       55

PRECIPITATION (IN)
  YESTERDAY        0.00          0.66 2002   0.10  -0.10     0.00
  MONTH TO DATE    2.20                      2.27  -0.07     2.97
  SINCE DEC 1      2.20                      2.27  -0.07     2.97
  SINCE JAN 1     42.44                     42.75  -0.31    52.53

SNOWFALL (IN)
  YESTERDAY       MM            MM      MM  MM     MM       MM
  MONTH TO DATE   MM                        MM     MM       MM
  SINCE DEC 1     MM                        MM     MM       MM
  SINCE JUL 1     MM                        MM     MM       MM
  SNOW DEPTH      MM

DEGREE DAYS
 HEATING
  YESTERDAY       34                        27      7       10
  MONTH TO DATE  460                       487    -27      478
  SINCE DEC 1    460                       487    -27      478
  SINCE JUL 1   1223                      1271    -48     1281

 COOLING
  YESTERDAY        0                         0      0        0
  MONTH TO DATE    0                         0      0        0
  SINCE DEC 1      0                         0      0        0
  SINCE JAN 1   1151                      1196    -45     1396
..................................................................


WIND (MPH)
  HIGHEST WIND SPEED     8   HIGHEST WIND DIRECTION     N (20)
  HIGHEST GUST SPEED    10   HIGHEST GUST DIRECTION     N (10)
  AVERAGE WIND SPEED     1.8


SKY COVER
  POSSIBLE SUNSHINE  MM
  AVERAGE SKY COVER 0.2


WEATHER CONDITIONS
 THE FOLLOWING WEATHER WAS RECORDED YESTERDAY.
  NO SIGNIFICANT WEATHER WAS OBSERVED.


RELATIVE HUMIDITY (PERCENT)
 HIGHEST    88           800 AM
 LOWEST     59           100 PM
 AVERAGE    74

..........................................................


THE GEORGETOWN DE CLIMATE NORMALS FOR TODAY
                         NORMAL    RECORD    YEAR
 MAXIMUM TEMPERATURE (F)   46        71      2013
 MINIMUM TEMPERATURE (F)   29         4      1989


SUNRISE AND SUNSET
DECEMBER 21 2014......SUNRISE   716 AM EST   SUNSET   443 PM EST
DECEMBER 22 2014......SUNRISE   716 AM EST   SUNSET   444 PM EST


-  INDICATES NEGATIVE NUMBERS.
R  INDICATES RECORD WAS SET OR TIED.
MM INDICATES DATA IS MISSING.
T  INDICATES TRACE AMOUNT.




$$
