000
CDUS46 KOTX 280824
CLIGEG


CLIMATE REPORT
NATIONAL WEATHER SERVICE SPOKANE, WA
1221 AM PST SUN DEC 28 2014


...................................

...THE SPOKANE WA AIRPORT CLIMATE SUMMARY FOR DECEMBER 27 2014...

CLIMATE NORMAL PERIOD 1981 TO 2010
CLIMATE RECORD PERIOD 1881 TO 2014


WEATHER ITEM   OBSERVED TIME   RECORD YEAR NORMAL DEPARTURE LAST
                VALUE   (LST)  VALUE       VALUE  FROM      YEAR
                                                  NORMAL
..................................................................
TEMPERATURE (F)
 YESTERDAY
  MAXIMUM         35    542 PM  55    1980  32      3       34
  MINIMUM         22   1208 AM  -4    1983  22      0       21
  AVERAGE         29                        27      2       28

PRECIPITATION (IN)
  YESTERDAY        0.20        0.78   1889  0.07   0.13     0.00
  MONTH TO DATE    1.96                     2.04  -0.08     0.65
  SINCE OCT 1      4.72                     5.52  -0.80     2.30
  SINCE JAN 1     14.98                    16.30  -1.32    11.33

SNOWFALL (IN)
  YESTERDAY        2.0         5.9    1973  0.5    1.5      0.0
  MONTH TO DATE    3.2                     12.5   -9.3      3.4
  SINCE DEC 1      3.2                     12.5   -9.3      3.4
  SINCE JUL 1      3.7                     20.0  -16.3      6.5
  SNOW DEPTH       0

DEGREE DAYS
 HEATING
  YESTERDAY       36                        38     -2       37
  MONTH TO DATE  806                      1015   -209     1064
  SINCE DEC 1    806                      1015   -209     1064
  SINCE JUL 1   2175                      2682   -507     2719

 COOLING
  YESTERDAY        0                         0      0        0
  MONTH TO DATE    0                         0      0        0
  SINCE DEC 1      0                         0      0        0
  SINCE JAN 1    654                       450    204      709
..................................................................


WIND (MPH)
  HIGHEST WIND SPEED    23   HIGHEST WIND DIRECTION    SW (220)
  HIGHEST GUST SPEED    31   HIGHEST GUST DIRECTION    SW (210)
  AVERAGE WIND SPEED    10.4


SKY COVER
  POSSIBLE SUNSHINE  MM
  AVERAGE SKY COVER 1.0


WEATHER CONDITIONS
 THE FOLLOWING WEATHER WAS RECORDED YESTERDAY.
  LIGHT RAIN
  SNOW
  LIGHT SNOW
  FOG


RELATIVE HUMIDITY (PERCENT)
 HIGHEST   100          1200 AM
 LOWEST     84           100 AM
 AVERAGE    92

..........................................................


THE SPOKANE WA AIRPORT CLIMATE NORMALS FOR TODAY
                         NORMAL    RECORD    YEAR
 MAXIMUM TEMPERATURE (F)   32        51      1897
 MINIMUM TEMPERATURE (F)   22       -15      1968


SUNRISE AND SUNSET
DECEMBER 28 2014......SUNRISE   738 AM PST   SUNSET   406 PM PST
DECEMBER 29 2014......SUNRISE   738 AM PST   SUNSET   406 PM PST


-  INDICATES NEGATIVE NUMBERS.
R  INDICATES RECORD WAS SET OR TIED.
MM INDICATES DATA IS MISSING.
T  INDICATES TRACE AMOUNT.

$$
