000
CDUS46 KOTX 260830
CLIGEG


CLIMATE REPORT
NATIONAL WEATHER SERVICE SPOKANE, WA
130 AM PDT THU MAR 26 2015


...................................

...THE SPOKANE WA AIRPORT CLIMATE SUMMARY FOR MARCH 25 2015...

CLIMATE NORMAL PERIOD 1981 TO 2010
CLIMATE RECORD PERIOD 1881 TO 2015


WEATHER ITEM   OBSERVED TIME   RECORD YEAR NORMAL DEPARTURE LAST
                VALUE   (LST)  VALUE       VALUE  FROM      YEAR
                                                  NORMAL
..................................................................
TEMPERATURE (F)
 YESTERDAY
  MAXIMUM         48    751 PM  71    1960  52     -4       51
  MINIMUM         34    531 AM  14    1955  34      0       34
  AVERAGE         41                        43     -2       43

PRECIPITATION (IN)
  YESTERDAY        0.17          0.61 1981   0.05   0.12     0.00
                                      1940
  MONTH TO DATE    2.16                      1.30   0.86     2.58
  SINCE OCT 1      9.84                     10.20  -0.36     7.73
  SINCE JAN 1      5.11                      4.42   0.69     5.40

SNOWFALL (IN)
  YESTERDAY        0.0           1.7  1984   0.1   -0.1      0.0
  MONTH TO DATE    0.9                       2.9   -2.0      5.8
  SINCE MAR 1      0.9                       2.9   -2.0      5.8
  SINCE JUL 1     16.6                      43.2  -26.6     37.6
  SNOW DEPTH       0

DEGREE DAYS
 HEATING
  YESTERDAY       24                        22      2       22
  MONTH TO DATE  515                       638   -123      649
  SINCE MAR 1    515                       638   -123      649
  SINCE JUL 1   4637                      5467   -830     5692

 COOLING
  YESTERDAY        0                         0      0        0
  MONTH TO DATE    0                         0      0        0
  SINCE MAR 1      0                         0      0        0
  SINCE JAN 1      0                         0      0        0
..................................................................


WIND (MPH)
  HIGHEST WIND SPEED    16   HIGHEST WIND DIRECTION     S (200)
  HIGHEST GUST SPEED    21   HIGHEST GUST DIRECTION     S (200)
  AVERAGE WIND SPEED     9.2


SKY COVER
  POSSIBLE SUNSHINE  MM
  AVERAGE SKY COVER 1.0


WEATHER CONDITIONS
 THE FOLLOWING WEATHER WAS RECORDED YESTERDAY.
  LIGHT RAIN
  FOG


RELATIVE HUMIDITY (PERCENT)
 HIGHEST   100           500 PM
 LOWEST     79           800 AM
 AVERAGE    90

..........................................................


THE SPOKANE WA AIRPORT CLIMATE NORMALS FOR TODAY
                         NORMAL    RECORD    YEAR
 MAXIMUM TEMPERATURE (F)   52        67      1946
                                             1889
 MINIMUM TEMPERATURE (F)   34        16      1904


SUNRISE AND SUNSET
MARCH 26 2015.........SUNRISE   641 AM PDT   SUNSET   711 PM PDT
MARCH 27 2015.........SUNRISE   639 AM PDT   SUNSET   713 PM PDT


-  INDICATES NEGATIVE NUMBERS.
R  INDICATES RECORD WAS SET OR TIED.
MM INDICATES DATA IS MISSING.
T  INDICATES TRACE AMOUNT.




$$
