000
CDUS46 KOTX 240823
CLIGEG


CLIMATE REPORT
NATIONAL WEATHER SERVICE SPOKANE, WA
123 AM PDT SAT SEP 24 2016


...................................

...THE SPOKANE WA AIRPORT CLIMATE SUMMARY FOR SEPTEMBER 23 2016...

CLIMATE NORMAL PERIOD 1981 TO 2010
CLIMATE RECORD PERIOD 1881 TO 2016


WEATHER ITEM   OBSERVED TIME   RECORD YEAR NORMAL DEPARTURE LAST
                VALUE   (LST)  VALUE       VALUE  FROM      YEAR
                                                  NORMAL
..................................................................
TEMPERATURE (F)
 YESTERDAY
  MAXIMUM         64   1223 PM  91    1905  70     -6       72
  MINIMUM         46    648 AM  22    2000  45      1       43
  AVERAGE         55                        57     -2       58

PRECIPITATION (IN)
  YESTERDAY        0.01          1.15 1892   0.03  -0.02     0.00
  MONTH TO DATE    0.20                      0.51  -0.31     0.52
  SINCE OCT 1     15.36                     16.40  -1.04    12.45
  SINCE JAN 1      9.00                     10.62  -1.62     7.72

SNOWFALL (IN)
  YESTERDAY       MM             1.4  1926   0.0   MM        0.0
  MONTH TO DATE    0.0                       0.0    0.0      0.0
  SINCE SEP 1      0.0                       0.0    0.0      0.0
  SINCE JUL 1      0.0                       0.0    0.0      0.0
  SNOW DEPTH       0

DEGREE DAYS
 HEATING
  YESTERDAY       10                         8      2        7
  MONTH TO DATE  145                       117     28      155
  SINCE SEP 1    145                       117     28      155
  SINCE JUL 1    175                       182     -7      171

 COOLING
  YESTERDAY        0                         1     -1        0
  MONTH TO DATE    2                        36    -34       20
  SINCE SEP 1      2                        36    -34       20
  SINCE JAN 1    489                       447     42      828
..................................................................


WIND (MPH)
  HIGHEST WIND SPEED    24   HIGHEST WIND DIRECTION    SW (240)
  HIGHEST GUST SPEED    28   HIGHEST GUST DIRECTION    SW (240)
  AVERAGE WIND SPEED    10.2


SKY COVER
  POSSIBLE SUNSHINE  MM
  AVERAGE SKY COVER 0.8


WEATHER CONDITIONS
 THE FOLLOWING WEATHER WAS RECORDED YESTERDAY.
  LIGHT RAIN


RELATIVE HUMIDITY (PERCENT)
 HIGHEST    86           300 AM
 LOWEST     36           100 PM
 AVERAGE    61

..........................................................


THE SPOKANE WA AIRPORT CLIMATE NORMALS FOR TODAY
                         NORMAL    RECORD    YEAR
 MAXIMUM TEMPERATURE (F)   70        90      2011
 MINIMUM TEMPERATURE (F)   44        22      1926


SUNRISE AND SUNSET
SEPTEMBER 24 2016.....SUNRISE   640 AM PDT   SUNSET   643 PM PDT
SEPTEMBER 25 2016.....SUNRISE   642 AM PDT   SUNSET   641 PM PDT


-  INDICATES NEGATIVE NUMBERS.
R  INDICATES RECORD WAS SET OR TIED.
MM INDICATES DATA IS MISSING.
T  INDICATES TRACE AMOUNT.




$$
