583
CDUS46 KOTX 200826
CLIGEG


CLIMATE REPORT
NATIONAL WEATHER SERVICE SPOKANE, WA
126 AM PDT SUN AUG 20 2017


...................................

...THE SPOKANE WA AIRPORT CLIMATE SUMMARY FOR AUGUST 19 2017...

CLIMATE NORMAL PERIOD 1981 TO 2010
CLIMATE RECORD PERIOD 1881 TO 2017


WEATHER ITEM   OBSERVED TIME   RECORD YEAR NORMAL DEPARTURE LAST
                VALUE   (LST)  VALUE       VALUE  FROM      YEAR
                                                  NORMAL
..................................................................
TEMPERATURE (F)
 YESTERDAY
  MAXIMUM         80    306 PM 101    1942  82     -2       85
  MINIMUM         54    604 AM  40    1907  56     -2       61
  AVERAGE         67                        69     -2       73

PRECIPITATION (IN)
  YESTERDAY        0.00          0.65 1965   0.02  -0.02     0.00
  MONTH TO DATE    T                         0.35  -0.35     0.16
  SINCE OCT 1     23.26                     15.65   7.61    15.16
  SINCE JAN 1     13.97                      9.87   4.10     8.80

SNOWFALL (IN)
  YESTERDAY        0.0           0.0  2002   0.0    0.0      0.0
                                      2001
                                      1999
  MONTH TO DATE    0.0                       0.0    0.0      0.0
  SINCE JUN 1      0.0                       0.0    0.0      0.0
  SINCE JUL 1      0.0                       0.0    0.0      0.0
  SNOW DEPTH       0

DEGREE DAYS
 HEATING
  YESTERDAY        0                         1     -1        0
  MONTH TO DATE    2                        14    -12        9
  SINCE JUN 1     68                       182   -114      139
  SINCE JUL 1      2                        46    -44       29

 COOLING
  YESTERDAY        2                         5     -3        8
  MONTH TO DATE  194                       121     73      141
  SINCE JUN 1    583                       350    233      407
  SINCE JAN 1    618                       364    254      419
..................................................................


WIND (MPH)
  HIGHEST WIND SPEED    17   HIGHEST WIND DIRECTION    SW (220)
  HIGHEST GUST SPEED    20   HIGHEST GUST DIRECTION    SW (220)
  AVERAGE WIND SPEED     8.1


SKY COVER
  POSSIBLE SUNSHINE  MM
  AVERAGE SKY COVER 0.4


WEATHER CONDITIONS
 THE FOLLOWING WEATHER WAS RECORDED YESTERDAY.
  NO SIGNIFICANT WEATHER WAS OBSERVED.


RELATIVE HUMIDITY (PERCENT)
 HIGHEST    71           500 AM
 LOWEST     19           200 PM
 AVERAGE    45

..........................................................


THE SPOKANE WA AIRPORT CLIMATE NORMALS FOR TODAY
                         NORMAL    RECORD    YEAR
 MAXIMUM TEMPERATURE (F)   82       100      1897
 MINIMUM TEMPERATURE (F)   55        40      1945


SUNRISE AND SUNSET
AUGUST 20 2017........SUNRISE   553 AM PDT   SUNSET   753 PM PDT
AUGUST 21 2017........SUNRISE   554 AM PDT   SUNSET   751 PM PDT


-  INDICATES NEGATIVE NUMBERS.
R  INDICATES RECORD WAS SET OR TIED.
MM INDICATES DATA IS MISSING.
T  INDICATES TRACE AMOUNT.




$$
