000
CDUS46 KOTX 200822
CLIGEG


CLIMATE REPORT
NATIONAL WEATHER SERVICE SPOKANE, WA
122 AM PDT FRI OCT 20 2017


...................................

...THE SPOKANE WA AIRPORT CLIMATE SUMMARY FOR OCTOBER 19 2017...

CLIMATE NORMAL PERIOD 1981 TO 2010
CLIMATE RECORD PERIOD 1881 TO 2017


WEATHER ITEM   OBSERVED TIME   RECORD YEAR NORMAL DEPARTURE LAST
                VALUE   (LST)  VALUE       VALUE  FROM      YEAR
                                                  NORMAL
..................................................................
TEMPERATURE (F)
 YESTERDAY
  MAXIMUM         57    200 PM  73    1944  56      1       54
                                      1921
  MINIMUM         46   1159 PM  15    1984  36     10       40
  AVERAGE         52                        46      6       47

PRECIPITATION (IN)
  YESTERDAY        0.29          1.41 1899   0.04   0.25      T
  MONTH TO DATE    0.78                      0.57   0.21     3.28
  SINCE OCT 1      0.78                      0.57   0.21     3.28
  SINCE JAN 1     15.96                     11.35   4.61    12.29

SNOWFALL (IN)
  YESTERDAY        0.0           0.0  2002   0.0    0.0      0.0
                                      2001
                                      1999
  MONTH TO DATE    T                         0.0    0.0      0.0
  SINCE SEP 1      T                         0.0    0.0      0.0
  SINCE JUL 1      T                         0.0    0.0      0.0
  SNOW DEPTH       0

DEGREE DAYS
 HEATING
  YESTERDAY       13                        19     -6       18
  MONTH TO DATE  317                       285     32      303
  SINCE SEP 1    483                       468     15      461
  SINCE JUL 1    486                       533    -47      491

 COOLING
  YESTERDAY        0                         0      0        0
  MONTH TO DATE    0                         0      0        0
  SINCE SEP 1     89                        38     51        7
  SINCE JAN 1    794                       449    345      494
..................................................................


WIND (MPH)
  HIGHEST WIND SPEED    20   HIGHEST WIND DIRECTION     S (200)
  HIGHEST GUST SPEED    27   HIGHEST GUST DIRECTION     S (190)
  AVERAGE WIND SPEED     9.2


SKY COVER
  POSSIBLE SUNSHINE  MM
  AVERAGE SKY COVER 1.0


WEATHER CONDITIONS
 THE FOLLOWING WEATHER WAS RECORDED YESTERDAY.
  RAIN
  LIGHT RAIN
  FOG


RELATIVE HUMIDITY (PERCENT)
 HIGHEST   100           900 PM
 LOWEST     55           500 AM
 AVERAGE    78

..........................................................


THE SPOKANE WA AIRPORT CLIMATE NORMALS FOR TODAY
                         NORMAL    RECORD    YEAR
 MAXIMUM TEMPERATURE (F)   56        77      1940
 MINIMUM TEMPERATURE (F)   36        18      1984


SUNRISE AND SUNSET
OCTOBER 20 2017.......SUNRISE   717 AM PDT   SUNSET   552 PM PDT
OCTOBER 21 2017.......SUNRISE   718 AM PDT   SUNSET   550 PM PDT


-  INDICATES NEGATIVE NUMBERS.
R  INDICATES RECORD WAS SET OR TIED.
MM INDICATES DATA IS MISSING.
T  INDICATES TRACE AMOUNT.




$$
