341
CDUS46 KOTX 250824
CLIGEG


CLIMATE REPORT
NATIONAL WEATHER SERVICE SPOKANE, WA
123 AM PDT SAT MAR 25 2017


...................................

...THE SPOKANE WA AIRPORT CLIMATE SUMMARY FOR MARCH 24 2017...

CLIMATE NORMAL PERIOD 1981 TO 2010
CLIMATE RECORD PERIOD 1881 TO 2017


WEATHER ITEM   OBSERVED TIME   RECORD YEAR NORMAL DEPARTURE LAST
                VALUE   (LST)  VALUE       VALUE  FROM      YEAR
                                                  NORMAL
..................................................................
TEMPERATURE (F)
 YESTERDAY
  MAXIMUM         45    536 PM  68    1939  52     -7       50
                                      1918
  MINIMUM         36    621 AM  11    1965  34      2       39
  AVERAGE         41                        43     -2       45

PRECIPITATION (IN)
  YESTERDAY        0.38          0.57 1962   0.05   0.33      T
  MONTH TO DATE    3.42                      1.25   2.17     2.95
  SINCE OCT 1     18.95                     10.15   8.80    12.77
  SINCE JAN 1      9.66                      4.37   5.29     6.41

SNOWFALL (IN)
  YESTERDAY        0.0           3.4  1962   0.1   -0.1      0.0
  MONTH TO DATE    5.4                       2.8    2.6       T
  SINCE MAR 1      5.4                       2.8    2.6       T
  SINCE JUL 1     61.0                      43.1   17.9     33.6
  SNOW DEPTH       0

DEGREE DAYS
 HEATING
  YESTERDAY       24                        22      2       20
  MONTH TO DATE  589                       616    -27      540
  SINCE MAR 1    589                       616    -27      540
  SINCE JUL 1   5582                      5445    137     4829

 COOLING
  YESTERDAY        0                         0      0        0
  MONTH TO DATE    0                         0      0        0
  SINCE MAR 1      0                         0      0        0
  SINCE JAN 1      0                         0      0        0
..................................................................


WIND (MPH)
  HIGHEST WIND SPEED    25   HIGHEST WIND DIRECTION    SW (220)
  HIGHEST GUST SPEED    30   HIGHEST GUST DIRECTION    SW (220)
  AVERAGE WIND SPEED     9.3


SKY COVER
  POSSIBLE SUNSHINE  MM
  AVERAGE SKY COVER 0.9


WEATHER CONDITIONS
 THE FOLLOWING WEATHER WAS RECORDED YESTERDAY.
  LIGHT RAIN
  FOG


RELATIVE HUMIDITY (PERCENT)
 HIGHEST    96          1100 AM
 LOWEST     64           400 AM
 AVERAGE    80

..........................................................


THE SPOKANE WA AIRPORT CLIMATE NORMALS FOR TODAY
                         NORMAL    RECORD    YEAR
 MAXIMUM TEMPERATURE (F)   52        71      1960
 MINIMUM TEMPERATURE (F)   34        14      1955


SUNRISE AND SUNSET
MARCH 25 2017.........SUNRISE   642 AM PDT   SUNSET   711 PM PDT
MARCH 26 2017.........SUNRISE   640 AM PDT   SUNSET   712 PM PDT


-  INDICATES NEGATIVE NUMBERS.
R  INDICATES RECORD WAS SET OR TIED.
MM INDICATES DATA IS MISSING.
T  INDICATES TRACE AMOUNT.




$$
