000
CDUS46 KOTX 210827
CLIGEG


CLIMATE REPORT
NATIONAL WEATHER SERVICE SPOKANE, WA
126 AM PDT THU AUG 21 2014


...................................

...THE SPOKANE WA AIRPORT CLIMATE SUMMARY FOR AUGUST 20 2014...

CLIMATE NORMAL PERIOD 1981 TO 2010
CLIMATE RECORD PERIOD 1881 TO 2014


WEATHER ITEM   OBSERVED TIME   RECORD YEAR NORMAL DEPARTURE LAST
                VALUE   (LST)  VALUE       VALUE  FROM      YEAR
                                                  NORMAL
..................................................................
TEMPERATURE (F)
 YESTERDAY
  MAXIMUM         79    312 PM 100    1897  82     -3       82
  MINIMUM         60   1159 PM  40    1945  55      5       57
  AVERAGE         70                        69      1       70

PRECIPITATION (IN)
  YESTERDAY        0.12          1.44 1923   0.02   0.10     0.00
  MONTH TO DATE    0.17                      0.37  -0.20     0.64
  SINCE OCT 1     11.92                     15.67  -3.75    14.79
  SINCE JAN 1      9.59                      9.89  -0.30     7.43

SNOWFALL (IN)
  YESTERDAY        0.0           0.0  2002   0.0    0.0      0.0
                                      2001
                                      1999
  MONTH TO DATE    0.0                       0.0    0.0      0.0
  SINCE JUN 1      0.0                       0.0    0.0      0.0
  SINCE JUL 1      0.0                       0.0    0.0      0.0
  SNOW DEPTH       0

DEGREE DAYS
 HEATING
  YESTERDAY        0                         1     -1        0
  MONTH TO DATE    0                        15    -15        7
  SINCE JUN 1    113                       183    -70      147
  SINCE JUL 1      7                        47    -40        7

 COOLING
  YESTERDAY        5                         5      0        5
  MONTH TO DATE  202                       126     76      173
  SINCE JUN 1    564                       355    209      505
  SINCE JAN 1    570                       369    201      535
..................................................................


WIND (MPH)
  HIGHEST WIND SPEED    23   HIGHEST WIND DIRECTION     N (350)
  HIGHEST GUST SPEED    29   HIGHEST GUST DIRECTION     S (200)
  AVERAGE WIND SPEED    10.1


SKY COVER
  POSSIBLE SUNSHINE  MM
  AVERAGE SKY COVER 0.6


WEATHER CONDITIONS
 THE FOLLOWING WEATHER WAS RECORDED YESTERDAY.
  THUNDERSTORM
  LIGHT RAIN


RELATIVE HUMIDITY (PERCENT)
 HIGHEST    84          1000 PM
 LOWEST     36           300 PM
 AVERAGE    60

..........................................................


THE SPOKANE WA AIRPORT CLIMATE NORMALS FOR TODAY
                         NORMAL    RECORD    YEAR
 MAXIMUM TEMPERATURE (F)   82        99      1888
 MINIMUM TEMPERATURE (F)   55        43      1945


SUNRISE AND SUNSET
AUGUST 21 2014........SUNRISE   554 AM PDT   SUNSET   752 PM PDT
AUGUST 22 2014........SUNRISE   555 AM PDT   SUNSET   750 PM PDT


-  INDICATES NEGATIVE NUMBERS.
R  INDICATES RECORD WAS SET OR TIED.
MM INDICATES DATA IS MISSING.
T  INDICATES TRACE AMOUNT.




$$
