000
CDUS46 KOTX 010820
CLIGEG


CLIMATE REPORT
NATIONAL WEATHER SERVICE SPOKANE, WA
120 AM PDT FRI AUG 1 2014


...................................

...THE SPOKANE WA AIRPORT CLIMATE SUMMARY FOR JULY 31 2014...

CLIMATE NORMAL PERIOD 1981 TO 2010
CLIMATE RECORD PERIOD 1881 TO 2014


WEATHER ITEM   OBSERVED TIME   RECORD YEAR NORMAL DEPARTURE LAST
                VALUE   (LST)  VALUE       VALUE  FROM      YEAR
                                                  NORMAL
..................................................................
TEMPERATURE (F)
 YESTERDAY
  MAXIMUM         99    336 PM 103    1929  86     13       87
  MINIMUM         69    551 AM  45    2006  58     11       63
                                      1945
  AVERAGE         84                        72     12       75

PRECIPITATION (IN)
  YESTERDAY        0.00          0.48 1881   0.02  -0.02      T
  MONTH TO DATE    0.18                      0.64  -0.46      T
  SINCE OCT 1     11.75                     15.30  -3.55    14.15
  SINCE JAN 1      9.42                      9.52  -0.10     6.79

SNOWFALL (IN)
  YESTERDAY        0.0           0.0  2002   0.0    0.0      0.0
                                      2001
                                      2000
  MONTH TO DATE    0.0                       0.0    0.0      0.0
  SINCE JUN 1      0.0                       0.0    0.0      0.0
  SINCE JUL 1      0.0                       0.0    0.0      0.0
  SNOW DEPTH       0

DEGREE DAYS
 HEATING
  YESTERDAY        0                         0      0        0
  MONTH TO DATE    7                        31    -24        0
  SINCE JUN 1    113                       168    -55      140
  SINCE JUL 1      7                        32    -25        0

 COOLING
  YESTERDAY       19                         7     12       10
  MONTH TO DATE  348                       180    168      284
  SINCE JUN 1    362                       229    133      332
  SINCE JAN 1    368                       243    125      362
..................................................................


WIND (MPH)
  HIGHEST WIND SPEED    21   HIGHEST WIND DIRECTION    SW (220)
  HIGHEST GUST SPEED    25   HIGHEST GUST DIRECTION    SW (220)
  AVERAGE WIND SPEED     8.5


SKY COVER
  POSSIBLE SUNSHINE  MM
  AVERAGE SKY COVER 0.4


WEATHER CONDITIONS
 THE FOLLOWING WEATHER WAS RECORDED YESTERDAY.
  NO SIGNIFICANT WEATHER WAS OBSERVED.


RELATIVE HUMIDITY (PERCENT)
 HIGHEST    37           400 AM
 LOWEST      8           300 PM
 AVERAGE    23

..........................................................


THE SPOKANE WA AIRPORT CLIMATE NORMALS FOR TODAY
                         NORMAL    RECORD    YEAR
 MAXIMUM TEMPERATURE (F)   86       101      2009
                                             1971
 MINIMUM TEMPERATURE (F)   58        44      1987


SUNRISE AND SUNSET
AUGUST  1 2014........SUNRISE   528 AM PDT   SUNSET   824 PM PDT
AUGUST  2 2014........SUNRISE   529 AM PDT   SUNSET   823 PM PDT


-  INDICATES NEGATIVE NUMBERS.
R  INDICATES RECORD WAS SET OR TIED.
MM INDICATES DATA IS MISSING.
T  INDICATES TRACE AMOUNT.




$$
