000
CDUS45 KRIW 030736
CLIGEY


CLIMATE REPORT
NATIONAL WEATHER SERVICE RIVERTON WY
128 AM MDT WED JUN 3 2015


...................................

...THE GREYBULL WY CLIMATE SUMMARY FOR JUNE 2 2015...

CLIMATE NORMAL PERIOD 1981 TO 2010
CLIMATE RECORD PERIOD 1998 TO 2015


WEATHER ITEM   OBSERVED TIME   RECORD YEAR NORMAL DEPARTURE LAST
                VALUE   (LST)  VALUE       VALUE  FROM      YEAR
                                                  NORMAL
..................................................................
TEMPERATURE (F)
 YESTERDAY
  MAXIMUM         83    244 PM  92    2006  76      7       81
  MINIMUM         49    445 AM  39    2005  48      1       43
  AVERAGE         66                        62      4       62

PRECIPITATION (IN)
  YESTERDAY        0.02          0.36 2009   0.07  -0.05     0.00
  MONTH TO DATE    0.12                      0.15  -0.03      T
  SINCE JUN 1      0.12                      0.15  -0.03      T
  SINCE JAN 1      1.70                      3.32  -1.62     1.70

DEGREE DAYS
 HEATING
  YESTERDAY        0                         5     -5        3
  MONTH TO DATE    0                        10    -10        7
  SINCE JUN 1      0                        10    -10        7
  SINCE JUL 1   7119                      7690   -571     7591

 COOLING
  YESTERDAY        1                         2     -1        0
  MONTH TO DATE    8                         4      4        0
  SINCE JUN 1      8                         4      4        0
  SINCE JAN 1     13                        24    -11       42
..................................................................


WIND (MPH)
  HIGHEST WIND SPEED    29   HIGHEST WIND DIRECTION    NW (320)
  HIGHEST GUST SPEED    36   HIGHEST GUST DIRECTION    SW (230)
  AVERAGE WIND SPEED     5.6


SKY COVER
  POSSIBLE SUNSHINE  MM
  AVERAGE SKY COVER 0.2


WEATHER CONDITIONS
 THE FOLLOWING WEATHER WAS RECORDED YESTERDAY.
  THUNDERSTORM
  LIGHT RAIN


RELATIVE HUMIDITY (PERCENT)
 HIGHEST   100           400 AM
 LOWEST     18           300 PM
 AVERAGE    59

..........................................................


THE GREYBULL WY CLIMATE NORMALS FOR TODAY
                         NORMAL    RECORD    YEAR
 MAXIMUM TEMPERATURE (F)   76        88      2004
                                             2000
 MINIMUM TEMPERATURE (F)   48        41      2011


SUNRISE AND SUNSET
JUNE  3 2015..........SUNRISE   530 AM MDT   SUNSET   852 PM MDT
JUNE  4 2015..........SUNRISE   529 AM MDT   SUNSET   852 PM MDT


-  INDICATES NEGATIVE NUMBERS.
R  INDICATES RECORD WAS SET OR TIED.
MM INDICATES DATA IS MISSING.
T  INDICATES TRACE AMOUNT.




$$
