000
CDUS45 KRIW 270738
CLIGEY


CLIMATE REPORT
NATIONAL WEATHER SERVICE RIVERTON WY
135 AM MDT SAT MAY 27 2017


...................................

...THE GREYBULL WY CLIMATE SUMMARY FOR MAY 26 2017...

CLIMATE NORMAL PERIOD 1981 TO 2010
CLIMATE RECORD PERIOD 1998 TO 2017


WEATHER ITEM   OBSERVED TIME   RECORD YEAR NORMAL DEPARTURE LAST
                VALUE   (LST)  VALUE       VALUE  FROM      YEAR
                                                  NORMAL
..................................................................
TEMPERATURE (F)
 YESTERDAY
  MAXIMUM         63    122 PM  90    2006  74    -11       65
                                      2003
  MINIMUM         45   1159 PM  35    2007  46     -1       47
  AVERAGE         54                        60     -6       56

PRECIPITATION (IN)
  YESTERDAY        0.01          0.36 2002   0.07  -0.06     0.15
  MONTH TO DATE    0.51                      1.28  -0.77     1.23
  SINCE MAR 1      1.32                      2.39  -1.07     2.05
  SINCE JAN 1      1.53                      2.80  -1.27     2.16

DEGREE DAYS
 HEATING
  YESTERDAY       11                         6      5        9
  MONTH TO DATE  213                       252    -39      222
  SINCE MAR 1   1374                      1680   -306     1417
  SINCE JUL 1   7415                      7651   -236     6570

 COOLING
  YESTERDAY        0                         1     -1        0
  MONTH TO DATE    9                        11     -2       11
  SINCE MAR 1      9                        12     -3       11
  SINCE JAN 1      9                        12     -3       11
..................................................................


WIND (MPH)
  HIGHEST WIND SPEED    22   HIGHEST WIND DIRECTION    SW (230)
  HIGHEST GUST SPEED    29   HIGHEST GUST DIRECTION     W (250)
  AVERAGE WIND SPEED     6.7


SKY COVER
  POSSIBLE SUNSHINE  MM
  AVERAGE SKY COVER 0.7


WEATHER CONDITIONS
 THE FOLLOWING WEATHER WAS RECORDED YESTERDAY.
  LIGHT RAIN


RELATIVE HUMIDITY (PERCENT)
 HIGHEST    77          1100 PM
 LOWEST     25          1200 PM
 AVERAGE    51

..........................................................


THE GREYBULL WY CLIMATE NORMALS FOR TODAY
                         NORMAL    RECORD    YEAR
 MAXIMUM TEMPERATURE (F)   74        87      2010
 MINIMUM TEMPERATURE (F)   46        39      2012
                                             2005


SUNRISE AND SUNSET
MAY 27 2017...........SUNRISE   534 AM MDT   SUNSET   846 PM MDT
MAY 28 2017...........SUNRISE   533 AM MDT   SUNSET   847 PM MDT


-  INDICATES NEGATIVE NUMBERS.
R  INDICATES RECORD WAS SET OR TIED.
MM INDICATES DATA IS MISSING.
T  INDICATES TRACE AMOUNT.




$$
