000
CDUS45 KRIW 290744
CLIGEY


CLIMATE REPORT
NATIONAL WEATHER SERVICE RIVERTON WY
133 AM MDT FRI JUL 29 2016


...................................

...THE GREYBULL WY CLIMATE SUMMARY FOR JULY 28 2016...

CLIMATE NORMAL PERIOD 1981 TO 2010
CLIMATE RECORD PERIOD 1998 TO 2016


WEATHER ITEM   OBSERVED TIME   RECORD YEAR NORMAL DEPARTURE LAST
                VALUE   (LST)  VALUE       VALUE  FROM      YEAR
                                                  NORMAL
..................................................................
TEMPERATURE (F)
 YESTERDAY
  MAXIMUM         87    455 PM 104    1999  92     -5       76
  MINIMUM         61    543 AM  47    2015  58      3       47
  AVERAGE         74                        75     -1       62

PRECIPITATION (IN)
  YESTERDAY        0.03          0.05 2004   0.01   0.02     0.00
  MONTH TO DATE    0.09                      0.61  -0.52      T
  SINCE JUN 1      0.26                      1.81  -1.55     0.25
  SINCE JAN 1      2.55                      4.98  -2.43     1.83

DEGREE DAYS
 HEATING
  YESTERDAY        0                         0      0        3
  MONTH TO DATE    2                         1      1        3
  SINCE JUN 1      7                        71    -64        3
  SINCE JUL 1      2                         1      1        3

 COOLING
  YESTERDAY        9                        10     -1        0
  MONTH TO DATE  280                       248     32      246
  SINCE JUN 1    542                       354    188      491
  SINCE JAN 1    553                       374    179      496
..................................................................


WIND (MPH)
  HIGHEST WIND SPEED    46   HIGHEST WIND DIRECTION    NW (300)
  HIGHEST GUST SPEED    60   HIGHEST GUST DIRECTION    NW (300)
  AVERAGE WIND SPEED    10.9


SKY COVER
  POSSIBLE SUNSHINE  MM
  AVERAGE SKY COVER 0.1


WEATHER CONDITIONS
 THE FOLLOWING WEATHER WAS RECORDED YESTERDAY.
  THUNDERSTORM
  RAIN
  LIGHT RAIN


RELATIVE HUMIDITY (PERCENT)
 HIGHEST    78           500 AM
 LOWEST     21           500 PM
 AVERAGE    50

..........................................................


THE GREYBULL WY CLIMATE NORMALS FOR TODAY
                         NORMAL    RECORD    YEAR
 MAXIMUM TEMPERATURE (F)   92       103      2006
 MINIMUM TEMPERATURE (F)   58        46      2015


SUNRISE AND SUNSET
JULY 29 2016..........SUNRISE   556 AM MDT   SUNSET   840 PM MDT
JULY 30 2016..........SUNRISE   557 AM MDT   SUNSET   839 PM MDT


-  INDICATES NEGATIVE NUMBERS.
R  INDICATES RECORD WAS SET OR TIED.
MM INDICATES DATA IS MISSING.
T  INDICATES TRACE AMOUNT.




$$
