000
CDUS45 KRIW 010737
CLIGEY


CLIMATE REPORT
NATIONAL WEATHER SERVICE RIVERTON WY
1234 AM MST SUN FEB 1 2015


...................................

...THE GREYBULL WY CLIMATE SUMMARY FOR JANUARY 31 2015...

CLIMATE NORMAL PERIOD 1981 TO 2010
CLIMATE RECORD PERIOD 1998 TO 2015


WEATHER ITEM   OBSERVED TIME   RECORD YEAR NORMAL DEPARTURE LAST
                VALUE   (LST)  VALUE       VALUE  FROM      YEAR
                                                  NORMAL
..................................................................
TEMPERATURE (F)
 YESTERDAY
  MAXIMUM         30    449 PM  47    2006  30      0       20
  MINIMUM         18   1159 PM -17    2011   7     11        1
  AVERAGE         24                        18      6       11

PRECIPITATION (IN)
  YESTERDAY        0.00          0.02 2007   0.01  -0.01      T
  MONTH TO DATE    0.22                      0.23  -0.01     0.04
  SINCE DEC 1      0.43                      0.51  -0.08     0.07
  SINCE JAN 1      0.22                      0.23  -0.01     0.04

DEGREE DAYS
 HEATING
  YESTERDAY       41                        47     -6       54
  MONTH TO DATE 1471                      1493    -22     1358
  SINCE DEC 1   2913                      2957    -44     2665
  SINCE JUL 1   4746                      4814    -68     4473

 COOLING
  YESTERDAY        0                         0      0        0
  MONTH TO DATE    0                         0      0        0
  SINCE DEC 1      0                         0      0        0
  SINCE JAN 1      0                         0      0        0
..................................................................


WIND (MPH)
  HIGHEST WIND SPEED    31   HIGHEST WIND DIRECTION    NW (320)
  HIGHEST GUST SPEED    35   HIGHEST GUST DIRECTION    NW (320)
  AVERAGE WIND SPEED     9.2


SKY COVER
  POSSIBLE SUNSHINE  MM
  AVERAGE SKY COVER 0.8


WEATHER CONDITIONS
 THE FOLLOWING WEATHER WAS RECORDED YESTERDAY.
  FOG
  FOG W/VISIBILITY <= 1/4 MILE


RELATIVE HUMIDITY (PERCENT)
 HIGHEST   100          1200 AM
 LOWEST     58           700 PM
 AVERAGE    79

..........................................................


THE GREYBULL WY CLIMATE NORMALS FOR TODAY
                         NORMAL    RECORD    YEAR
 MAXIMUM TEMPERATURE (F)   31        53      2006
 MINIMUM TEMPERATURE (F)    7       -27      2011


SUNRISE AND SUNSET
FEBRUARY  1 2015......SUNRISE   731 AM MST   SUNSET   521 PM MST
FEBRUARY  2 2015......SUNRISE   730 AM MST   SUNSET   523 PM MST


-  INDICATES NEGATIVE NUMBERS.
R  INDICATES RECORD WAS SET OR TIED.
MM INDICATES DATA IS MISSING.
T  INDICATES TRACE AMOUNT.




$$
