000
CDUS45 KRIW 240741
CLIGEY


CLIMATE REPORT
NATIONAL WEATHER SERVICE RIVERTON WY
136 AM MDT THU APR 24 2014


...................................

...THE GREYBULL WY CLIMATE SUMMARY FOR APRIL 23 2014...

CLIMATE NORMAL PERIOD 1981 TO 2010
CLIMATE RECORD PERIOD 1998 TO 2014


WEATHER ITEM   OBSERVED TIME   RECORD YEAR NORMAL DEPARTURE LAST
                VALUE   (LST)  VALUE       VALUE  FROM      YEAR
                                                  NORMAL
..................................................................
TEMPERATURE (F)
 YESTERDAY
  MAXIMUM         63   1228 AM  88    2012  63      0       38
  MINIMUM         36   1159 PM  14    2013  35      1       14
  AVERAGE         50                        49      1       26

PRECIPITATION (IN)
  YESTERDAY        T             0.25 2003   0.03  -0.03     0.00
  MONTH TO DATE    0.46                      0.50  -0.04     0.31
  SINCE MAR 1      0.64                      0.90  -0.26     0.40
  SINCE JAN 1      0.90                      1.31  -0.41     0.82

DEGREE DAYS
 HEATING
  YESTERDAY       15                        16     -1       39
  MONTH TO DATE  442                       452    -10      576
  SINCE MAR 1   1347                      1323     24     1434
  SINCE JUL 1   7234                      7294    -60     7308

 COOLING
  YESTERDAY        0                         0      0        0
  MONTH TO DATE    0                         0      0        0
  SINCE MAR 1      0                         0      0        0
  SINCE JAN 1      0                         0      0        0
..................................................................


WIND (MPH)
  HIGHEST WIND SPEED    31   HIGHEST WIND DIRECTION     W (270)
  HIGHEST GUST SPEED    35   HIGHEST GUST DIRECTION    NW (310)
  AVERAGE WIND SPEED    15.4


SKY COVER
  POSSIBLE SUNSHINE  MM
  AVERAGE SKY COVER 0.4


WEATHER CONDITIONS
 THE FOLLOWING WEATHER WAS RECORDED YESTERDAY.
  NO SIGNIFICANT WEATHER WAS OBSERVED.


RELATIVE HUMIDITY (PERCENT)
 HIGHEST    52          1100 PM
 LOWEST     12           500 PM
 AVERAGE    32

..........................................................


THE GREYBULL WY CLIMATE NORMALS FOR TODAY
                         NORMAL    RECORD    YEAR
 MAXIMUM TEMPERATURE (F)   63        86      2012
 MINIMUM TEMPERATURE (F)   35        25      2002


SUNRISE AND SUNSET
APRIL 24 2014.........SUNRISE   613 AM MDT   SUNSET   808 PM MDT
APRIL 25 2014.........SUNRISE   612 AM MDT   SUNSET   809 PM MDT


-  INDICATES NEGATIVE NUMBERS.
R  INDICATES RECORD WAS SET OR TIED.
MM INDICATES DATA IS MISSING.
T  INDICATES TRACE AMOUNT.




$$
