000
CDUS45 KRIW 040740
CLIGEY


CLIMATE REPORT
NATIONAL WEATHER SERVICE RIVERTON WY
138 AM MDT SAT JUL 4 2015


...................................

...THE GREYBULL WY CLIMATE SUMMARY FOR JULY 3 2015...

CLIMATE NORMAL PERIOD 1981 TO 2010
CLIMATE RECORD PERIOD 1998 TO 2015


WEATHER ITEM   OBSERVED TIME   RECORD YEAR NORMAL DEPARTURE LAST
                VALUE   (LST)  VALUE       VALUE  FROM      YEAR
                                                  NORMAL
..................................................................
TEMPERATURE (F)
 YESTERDAY
  MAXIMUM         95    250 PM 104    2012  88      7       96
  MINIMUM         62    525 AM  55    2008  56      6       56
                                      2004
  AVERAGE         79                        72      7       76

PRECIPITATION (IN)
  YESTERDAY        0.00          0.04 2006   0.03  -0.03      T
  MONTH TO DATE    0.00                      0.09  -0.09      T
  SINCE JUN 1      0.25                      1.29  -1.04     0.94
  SINCE JAN 1      1.83                      4.46  -2.63     2.64

DEGREE DAYS
 HEATING
  YESTERDAY        0                         0      0        0
  MONTH TO DATE    0                         1     -1        0
  SINCE JUN 1      0                        71    -71       56
  SINCE JUL 1      0                         1     -1        0

 COOLING
  YESTERDAY       14                         7      7       11
  MONTH TO DATE   43                        21     22       18
  SINCE JUN 1    288                       127    161       67
  SINCE JAN 1    293                       147    146      109
..................................................................


WIND (MPH)
  HIGHEST WIND SPEED    17   HIGHEST WIND DIRECTION     S (180)
  HIGHEST GUST SPEED    21   HIGHEST GUST DIRECTION     S (190)
  AVERAGE WIND SPEED     5.1


SKY COVER
  POSSIBLE SUNSHINE  MM
  AVERAGE SKY COVER 0.1


WEATHER CONDITIONS
 THE FOLLOWING WEATHER WAS RECORDED YESTERDAY.
  NO SIGNIFICANT WEATHER WAS OBSERVED.


RELATIVE HUMIDITY (PERCENT)
 HIGHEST    65           500 AM
 LOWEST     15           400 PM
 AVERAGE    40

..........................................................


THE GREYBULL WY CLIMATE NORMALS FOR TODAY
                         NORMAL    RECORD    YEAR
 MAXIMUM TEMPERATURE (F)   88       101      2002
 MINIMUM TEMPERATURE (F)   56        49      2005


SUNRISE AND SUNSET
JULY  4 2015..........SUNRISE   533 AM MDT   SUNSET   900 PM MDT
JULY  5 2015..........SUNRISE   534 AM MDT   SUNSET   900 PM MDT


-  INDICATES NEGATIVE NUMBERS.
R  INDICATES RECORD WAS SET OR TIED.
MM INDICATES DATA IS MISSING.
T  INDICATES TRACE AMOUNT.




$$
