000
CDUS43 KIND 190533
CLIGEZ


CLIMATE REPORT
NATIONAL WEATHER SERVICE INDIANAPOLIS IN
1233 AM EST SUN FEB 19 2017


...................................

...THE SHELBYVILLE IN CLIMATE SUMMARY FOR FEBRUARY 18 2017...

CLIMATE NORMAL PERIOD 1981 TO 2010
CLIMATE RECORD PERIOD 9999 TO 9999


WEATHER ITEM   OBSERVED TIME   NORMAL DEPARTURE LAST
                VALUE   (LST)  VALUE  FROM      YEAR
                                      NORMAL
......................................................
TEMPERATURE (F)
 YESTERDAY
  MAXIMUM         66    332 PM  40     26       45
  MINIMUM         44    425 AM  24     20       28
  AVERAGE         55            32     23       37

PRECIPITATION (IN)
  YESTERDAY        0.00          0.09  -0.09     0.00
  MONTH TO DATE    0.72          1.55  -0.83     1.14
  SINCE DEC 1      6.97          7.21  -0.24     8.66
  SINCE JAN 1      4.78          3.94   0.84     2.50

DEGREE DAYS
 HEATING
  YESTERDAY       10            33    -23       28
  MONTH TO DATE  459           622   -163      594
  SINCE DEC 1   2370          2776   -406     2232
  SINCE JUL 1   3056          3851   -795     2959

 COOLING
  YESTERDAY        0             0      0        0
  MONTH TO DATE    0             0      0        0
  SINCE DEC 1      0             0      0        1
  SINCE JAN 1      0             0      0        0
......................................................


WIND (MPH)
  HIGHEST WIND SPEED    17   HIGHEST WIND DIRECTION    SW (220)
  HIGHEST GUST SPEED    24   HIGHEST GUST DIRECTION    SW (230)
  AVERAGE WIND SPEED    10.3


SKY COVER
  AVERAGE SKY COVER 0.1


WEATHER CONDITIONS
 THE FOLLOWING WEATHER WAS RECORDED YESTERDAY.
  NO SIGNIFICANT WEATHER WAS OBSERVED.


RELATIVE HUMIDITY (PERCENT)
 HIGHEST    86          1100 PM
 LOWEST     40           200 PM
 AVERAGE    63

..........................................................


THE SHELBYVILLE IN CLIMATE NORMALS FOR TODAY
                         NORMAL
 MAXIMUM TEMPERATURE (F)   41
 MINIMUM TEMPERATURE (F)   24


SUNRISE AND SUNSET
FEBRUARY 19 2017......SUNRISE   730 AM EST   SUNSET   625 PM EST
FEBRUARY 20 2017......SUNRISE   729 AM EST   SUNSET   626 PM EST


-  INDICATES NEGATIVE NUMBERS.
R  INDICATES RECORD WAS SET OR TIED.
MM INDICATES DATA IS MISSING.
T  INDICATES TRACE AMOUNT.




$$
