000
CDUS43 KIND 240554
CLIGEZ


CLIMATE REPORT
NATIONAL WEATHER SERVICE INDIANAPOLIS IN
153 AM EDT MON JUL 24 2017


...................................

...THE SHELBYVILLE IN CLIMATE SUMMARY FOR JULY 23 2017...

CLIMATE NORMAL PERIOD 1981 TO 2010
CLIMATE RECORD PERIOD 9999 TO 9999


WEATHER ITEM   OBSERVED TIME   NORMAL DEPARTURE LAST
                VALUE   (LST)  VALUE  FROM      YEAR
                                      NORMAL
......................................................
TEMPERATURE (F)
 YESTERDAY
  MAXIMUM         86    238 PM  84      2       90
  MINIMUM         72   1159 PM  64      8       70
  AVERAGE         79            74      5       80

PRECIPITATION (IN)
  YESTERDAY        0.05          0.15  -0.10     0.00
  MONTH TO DATE    5.92          3.58   2.34     4.88
  SINCE JUN 1     12.01          7.98   4.03     9.03
  SINCE JAN 1     30.63         25.76   4.87    25.57

DEGREE DAYS
 HEATING
  YESTERDAY        0             0      0        0
  MONTH TO DATE    0             0      0        2
  SINCE JUN 1      1            15    -14        2
  SINCE JUL 1      0             0      0        2

 COOLING
  YESTERDAY       14             9      5       15
  MONTH TO DATE  272           207     65      243
  SINCE JUN 1    518           416    102      557
  SINCE JAN 1    680           497    183      680
......................................................


WIND (MPH)
  HIGHEST WIND SPEED    21   HIGHEST WIND DIRECTION    SW (220)
  HIGHEST GUST SPEED    29   HIGHEST GUST DIRECTION    SW (230)
  AVERAGE WIND SPEED     8.4


SKY COVER
  AVERAGE SKY COVER 0.4


WEATHER CONDITIONS
 THE FOLLOWING WEATHER WAS RECORDED YESTERDAY.
  THUNDERSTORM
  HEAVY RAIN
  LIGHT RAIN
  FOG


RELATIVE HUMIDITY (PERCENT)
 HIGHEST    90          1100 PM
 LOWEST     67           500 PM
 AVERAGE    79

..........................................................


THE SHELBYVILLE IN CLIMATE NORMALS FOR TODAY
                         NORMAL
 MAXIMUM TEMPERATURE (F)   84
 MINIMUM TEMPERATURE (F)   64


SUNRISE AND SUNSET
JULY 24 2017..........SUNRISE   636 AM EDT   SUNSET   903 PM EDT
JULY 25 2017..........SUNRISE   637 AM EDT   SUNSET   902 PM EDT


-  INDICATES NEGATIVE NUMBERS.
R  INDICATES RECORD WAS SET OR TIED.
MM INDICATES DATA IS MISSING.
T  INDICATES TRACE AMOUNT.




$$
