000
CDUS43 KIND 280537
CLIGEZ


CLIMATE REPORT
NATIONAL WEATHER SERVICE INDIANAPOLIS IN
135 AM EDT TUE JUL 28 2015


...................................

...THE SHELBYVILLE IN CLIMATE SUMMARY FOR JULY 27 2015...

CLIMATE NORMAL PERIOD 1981 TO 2010
CLIMATE RECORD PERIOD 9999 TO 9999


WEATHER ITEM   OBSERVED TIME   NORMAL DEPARTURE LAST
                VALUE   (LST)  VALUE  FROM      YEAR
                                      NORMAL
......................................................
TEMPERATURE (F)
 YESTERDAY
  MAXIMUM         88    346 PM  84      4       86
  MINIMUM         72    643 AM  64      8       69
  AVERAGE         80            74      6       78

PRECIPITATION (IN)
  YESTERDAY        0.02          0.14  -0.12     0.23
  MONTH TO DATE    7.74          4.16   3.58     3.03
  SINCE JUN 1     15.56          8.56   7.00     8.43
  SINCE JAN 1     29.60         26.34   3.26    23.92

DEGREE DAYS
 HEATING
  YESTERDAY        0             0      0        0
  MONTH TO DATE    0             0      0        1
  SINCE JUN 1     21            15      6        2
  SINCE JUL 1      0             0      0        1

 COOLING
  YESTERDAY       15             9      6       13
  MONTH TO DATE  255           243     12      190
  SINCE JUN 1    546           452     94      506
  SINCE JAN 1    734           533    201      669
......................................................


WIND (MPH)
  HIGHEST WIND SPEED     7   HIGHEST WIND DIRECTION    NE (50)
  HIGHEST GUST SPEED     9   HIGHEST GUST DIRECTION    NE (60)
  AVERAGE WIND SPEED     2.9


SKY COVER
  AVERAGE SKY COVER 0.6


WEATHER CONDITIONS
 THE FOLLOWING WEATHER WAS RECORDED YESTERDAY.
  LIGHT RAIN
  FOG


RELATIVE HUMIDITY (PERCENT)
 HIGHEST    93           100 AM
 LOWEST     63           500 PM
 AVERAGE    78

..........................................................


THE SHELBYVILLE IN CLIMATE NORMALS FOR TODAY
                         NORMAL
 MAXIMUM TEMPERATURE (F)   84
 MINIMUM TEMPERATURE (F)   63


SUNRISE AND SUNSET
JULY 28 2015..........SUNRISE   639 AM EDT   SUNSET   900 PM EDT
JULY 29 2015..........SUNRISE   640 AM EDT   SUNSET   859 PM EDT


-  INDICATES NEGATIVE NUMBERS.
R  INDICATES RECORD WAS SET OR TIED.
MM INDICATES DATA IS MISSING.
T  INDICATES TRACE AMOUNT.




$$
