000
CDUS43 KIND 300534
CLIGEZ


CLIMATE REPORT
NATIONAL WEATHER SERVICE INDIANAPOLIS IN
133 AM EDT SAT MAY 30 2015


...................................

...THE SHELBYVILLE IN CLIMATE SUMMARY FOR MAY 29 2015...

CLIMATE NORMAL PERIOD 1981 TO 2010
CLIMATE RECORD PERIOD 9999 TO 9999


WEATHER ITEM   OBSERVED TIME   NORMAL DEPARTURE LAST
                VALUE   (LST)  VALUE  FROM      YEAR
                                      NORMAL
......................................................
TEMPERATURE (F)
 YESTERDAY
  MAXIMUM         87    151 PM  77     10       85
  MINIMUM         64    500 AM  57      7       65
  AVERAGE         76            67      9       75

PRECIPITATION (IN)
  YESTERDAY        0.00          0.14  -0.14     0.02
  MONTH TO DATE    1.80          4.99  -3.19     4.15
  SINCE MAR 1     10.33         12.74  -2.41    11.61
  SINCE JAN 1     13.35         17.49  -4.14    15.49

DEGREE DAYS
 HEATING
  YESTERDAY        0             2     -2        0
  MONTH TO DATE   59           132    -73      103
  SINCE MAR 1   1113          1229   -116     1204
  SINCE JUL 1   5554          5392    162     5702

 COOLING
  YESTERDAY       11             4      7       10
  MONTH TO DATE  167            62    105      130
  SINCE MAR 1    175            75    100      140
  SINCE JAN 1    175            75    100      140
......................................................


WIND (MPH)
  HIGHEST WIND SPEED    22   HIGHEST WIND DIRECTION     S (190)
  HIGHEST GUST SPEED    27   HIGHEST GUST DIRECTION    SW (210)
  AVERAGE WIND SPEED     9.8


SKY COVER
  AVERAGE SKY COVER 0.3


WEATHER CONDITIONS
 THE FOLLOWING WEATHER WAS RECORDED YESTERDAY.
  FOG


RELATIVE HUMIDITY (PERCENT)
 HIGHEST    87           400 AM
 LOWEST     48           200 PM
 AVERAGE    68

..........................................................


THE SHELBYVILLE IN CLIMATE NORMALS FOR TODAY
                         NORMAL
 MAXIMUM TEMPERATURE (F)   78
 MINIMUM TEMPERATURE (F)   57


SUNRISE AND SUNSET
MAY 30 2015...........SUNRISE   619 AM EDT   SUNSET   903 PM EDT
MAY 31 2015...........SUNRISE   618 AM EDT   SUNSET   904 PM EDT


-  INDICATES NEGATIVE NUMBERS.
R  INDICATES RECORD WAS SET OR TIED.
MM INDICATES DATA IS MISSING.
T  INDICATES TRACE AMOUNT.




$$
