000
CDUS43 KFGF 260726
CLIGFK


CLIMATE REPORT
NATIONAL WEATHER SERVICE EASTERN NORTH DAKOTA/GRAND FORKS
226 AM CDT THU MAY 26 2016


...................................

...THE GRAND FORKS INTL AP ND CLIMATE SUMMARY FOR MAY 25 2016...

CLIMATE NORMAL PERIOD 1981 TO 2010
CLIMATE RECORD PERIOD 1941 TO 2016


WEATHER ITEM   OBSERVED TIME   RECORD YEAR NORMAL DEPARTURE LAST
                VALUE   (LST)  VALUE       VALUE  FROM      YEAR
                                                  NORMAL
..................................................................
TEMPERATURE (F)
 YESTERDAY
  MAXIMUM         69    937 AM  90    1978  71     -2       75
                                      1959
  MINIMUM         57   1159 PM  30    2007  45     12       53
  AVERAGE         63                        58      5       64

PRECIPITATION (IN)
  YESTERDAY        0.93R         0.77 2009   0.09   0.84     0.00
  MONTH TO DATE    1.82                      2.08  -0.26     3.80
  SINCE MAR 1      3.93                      4.05  -0.12     4.84
  SINCE JAN 1      4.51                      5.12  -0.61     5.66

SNOWFALL (IN)
  YESTERDAY        0.0          MM      MM   0.0    0.0      0.0
  MONTH TO DATE    T                         0.1   -0.1       T
  SINCE MAR 1      2.5                      10.2   -7.7      2.7
  SINCE JUL 1     28.4                      47.4  -19.0     17.0
  SNOW DEPTH       0

DEGREE DAYS
 HEATING
  YESTERDAY        2                         8     -6        1
  MONTH TO DATE  213                       292    -79      327
  SINCE MAR 1   1826                      2220   -394     1985
  SINCE JUL 1   7805                      9370  -1565     8902

 COOLING
  YESTERDAY        0                         1     -1        0
  MONTH TO DATE   20                        10     10        0
  SINCE MAR 1     20                        11      9        0
  SINCE JAN 1     20                        11      9        0
..................................................................


WIND (MPH)
  HIGHEST WIND SPEED    21   HIGHEST WIND DIRECTION     E (80)
  HIGHEST GUST SPEED    26   HIGHEST GUST DIRECTION     E (90)
  AVERAGE WIND SPEED     9.4


SKY COVER
  POSSIBLE SUNSHINE  MM
  AVERAGE SKY COVER 0.8


WEATHER CONDITIONS
 THE FOLLOWING WEATHER WAS RECORDED YESTERDAY.
  THUNDERSTORM
  HEAVY RAIN
  RAIN
  LIGHT RAIN
  FOG


RELATIVE HUMIDITY (PERCENT)
 HIGHEST    97           400 PM
 LOWEST     56           100 AM
 AVERAGE    77

..........................................................


THE GRAND FORKS INTL AP ND CLIMATE NORMALS FOR TODAY
                         NORMAL    RECORD    YEAR
 MAXIMUM TEMPERATURE (F)   71        89      1980
                                             1969
                                             1948
 MINIMUM TEMPERATURE (F)   45        29      1984
                                             1961


SUNRISE AND SUNSET
MAY 26 2016...........SUNRISE   538 AM CDT   SUNSET   915 PM CDT
MAY 27 2016...........SUNRISE   537 AM CDT   SUNSET   916 PM CDT


-  INDICATES NEGATIVE NUMBERS.
R  INDICATES RECORD WAS SET OR TIED.
MM INDICATES DATA IS MISSING.
T  INDICATES TRACE AMOUNT.




$$
