000
CDUS43 KFGF 210638
CLIGFK


CLIMATE REPORT
NATIONAL WEATHER SERVICE EASTERN NORTH DAKOTA/GRAND FORKS
1236 AM CST SUN DEC 21 2014


...................................

...THE GRAND FORKS INTL AP ND CLIMATE SUMMARY FOR DECEMBER 20 2014...

CLIMATE NORMAL PERIOD 1981 TO 2010
CLIMATE RECORD PERIOD 1941 TO 2014


WEATHER ITEM   OBSERVED TIME   RECORD YEAR NORMAL DEPARTURE LAST
                VALUE   (LST)  VALUE       VALUE  FROM      YEAR
                                                  NORMAL
..................................................................
TEMPERATURE (F)
 YESTERDAY
  MAXIMUM         31   1159 PM  44    1957  19     12        4
  MINIMUM         26   1136 AM -30    1985   1     25       -8
  AVERAGE         29                        10     19       -2

PRECIPITATION (IN)
  YESTERDAY        0.04          0.41 2010   0.02   0.02     0.00
  MONTH TO DATE    0.08                      0.39  -0.31     0.67
  SINCE DEC 1      0.08                      0.39  -0.31     0.67
  SINCE JAN 1     22.73                     20.59   2.14    19.50

SNOWFALL (IN)
  YESTERDAY       MM             5.4  2008   0.3   MM        0.0
  MONTH TO DATE    0.6                       6.7   -6.1     17.7
  SINCE DEC 1      0.6                       6.7   -6.1     17.7
  SINCE JUL 1      4.6                      15.9  -11.3     19.3
  SNOW DEPTH       0

DEGREE DAYS
 HEATING
  YESTERDAY       36                        55    -19       67
  MONTH TO DATE  917                      1038   -121     1284
  SINCE DEC 1    917                      1038   -121     1284
  SINCE JUL 1   3061                      3237   -176     3395

 COOLING
  YESTERDAY        0                         0      0        0
  MONTH TO DATE    0                         0      0        0
  SINCE DEC 1      0                         0      0        0
  SINCE JAN 1    395                       379     16      487
..................................................................


WIND (MPH)
  HIGHEST WIND SPEED    18   HIGHEST WIND DIRECTION     S (180)
  HIGHEST GUST SPEED    23   HIGHEST GUST DIRECTION     S (190)
  AVERAGE WIND SPEED    10.2


SKY COVER
  POSSIBLE SUNSHINE  MM
  AVERAGE SKY COVER 1.0


WEATHER CONDITIONS
 THE FOLLOWING WEATHER WAS RECORDED YESTERDAY.
  LIGHT SNOW
  FOG


RELATIVE HUMIDITY (PERCENT)
 HIGHEST   100          1200 AM
 LOWEST     92           100 AM
 AVERAGE    96

..........................................................


THE GRAND FORKS INTL AP ND CLIMATE NORMALS FOR TODAY
                         NORMAL    RECORD    YEAR
 MAXIMUM TEMPERATURE (F)   19        44      1979
 MINIMUM TEMPERATURE (F)    1       -28      1989


SUNRISE AND SUNSET
DECEMBER 21 2014......SUNRISE   816 AM CST   SUNSET   438 PM CST
DECEMBER 22 2014......SUNRISE   816 AM CST   SUNSET   439 PM CST


-  INDICATES NEGATIVE NUMBERS.
R  INDICATES RECORD WAS SET OR TIED.
MM INDICATES DATA IS MISSING.
T  INDICATES TRACE AMOUNT.




$$
