000
CDUS43 KFGF 050715
CLIGFK


CLIMATE REPORT
NATIONAL WEATHER SERVICE EASTERN NORTH DAKOTA/GRAND FORKS
114 AM CST MON DEC 5 2016


...................................

...THE GRAND FORKS INTL AP ND CLIMATE SUMMARY FOR DECEMBER 4 2016...

CLIMATE NORMAL PERIOD 1981 TO 2010
CLIMATE RECORD PERIOD 1941 TO 2016


WEATHER ITEM   OBSERVED TIME   RECORD YEAR NORMAL DEPARTURE LAST
                VALUE   (LST)  VALUE       VALUE  FROM      YEAR
                                                  NORMAL
..................................................................
TEMPERATURE (F)
 YESTERDAY
  MAXIMUM         35   1028 AM  47    1979  24     11       40
                                      1945
  MINIMUM         28   1159 PM -21    1964   7     21       14
  AVERAGE         32                        16     16       27

PRECIPITATION (IN)
  YESTERDAY        0.03          0.33 2007   0.02   0.01     0.00
  MONTH TO DATE    0.07                      0.08  -0.01     0.26
  SINCE DEC 1      0.07                      0.08  -0.01     0.26
  SINCE JAN 1     25.19                     20.28   4.91    20.51

SNOWFALL (IN)
  YESTERDAY        0.1           7.3  2013   0.3   -0.2      0.0
  MONTH TO DATE    0.3                       1.3   -1.0      4.3
  SINCE DEC 1      0.3                       1.3   -1.0      4.3
  SINCE JUL 1      1.4                      10.5   -9.1      7.0
  SNOW DEPTH       0

DEGREE DAYS
 HEATING
  YESTERDAY       33                        49    -16       38
  MONTH TO DATE  136                       194    -58      168
  SINCE DEC 1    136                       194    -58      168
  SINCE JUL 1   1604                      2393   -789     1833

 COOLING
  YESTERDAY        0                         0      0        0
  MONTH TO DATE    0                         0      0        0
  SINCE DEC 1      0                         0      0        0
  SINCE JAN 1    434                       379     55      476
..................................................................


WIND (MPH)
  HIGHEST WIND SPEED    17   HIGHEST WIND DIRECTION     W (260)
  HIGHEST GUST SPEED    22   HIGHEST GUST DIRECTION     W (250)
  AVERAGE WIND SPEED    11.9


SKY COVER
  POSSIBLE SUNSHINE  MM
  AVERAGE SKY COVER 1.0


WEATHER CONDITIONS
 THE FOLLOWING WEATHER WAS RECORDED YESTERDAY.
  LIGHT RAIN
  LIGHT SNOW
  FOG


RELATIVE HUMIDITY (PERCENT)
 HIGHEST    96           300 AM
 LOWEST     78          1100 AM
 AVERAGE    87

..........................................................


THE GRAND FORKS INTL AP ND CLIMATE NORMALS FOR TODAY
                         NORMAL    RECORD    YEAR
 MAXIMUM TEMPERATURE (F)   24        50      1988
 MINIMUM TEMPERATURE (F)    7       -19      2007


SUNRISE AND SUNSET
DECEMBER  5 2016......SUNRISE   803 AM CST   SUNSET   436 PM CST
DECEMBER  6 2016......SUNRISE   804 AM CST   SUNSET   436 PM CST


-  INDICATES NEGATIVE NUMBERS.
R  INDICATES RECORD WAS SET OR TIED.
MM INDICATES DATA IS MISSING.
T  INDICATES TRACE AMOUNT.




$$
