000
CDUS43 KFGF 280637
CLIGFK


CLIMATE REPORT
NATIONAL WEATHER SERVICE EASTERN NORTH DAKOTA/GRAND FORKS
137 AM CDT TUE JUL 28 2015


...................................

...THE GRAND FORKS INTL AP ND CLIMATE SUMMARY FOR JULY 27 2015...

CLIMATE NORMAL PERIOD 1981 TO 2010
CLIMATE RECORD PERIOD 1941 TO 2015


WEATHER ITEM   OBSERVED TIME   RECORD YEAR NORMAL DEPARTURE LAST
                VALUE   (LST)  VALUE       VALUE  FROM      YEAR
                                                  NORMAL
..................................................................
TEMPERATURE (F)
 YESTERDAY
  MAXIMUM         88    114 PM 101    1941  82      6       69
  MINIMUM         65    518 AM  45    2013  56      9       60
                                      1971
                                      1965
  AVERAGE         77                        69      8       65

PRECIPITATION (IN)
  YESTERDAY        0.00          1.54 2001   0.09  -0.09     0.01
  MONTH TO DATE    5.09                      2.80   2.29     3.70
  SINCE JUN 1      7.60                      6.28   1.32    10.30
  SINCE JAN 1     13.91                     12.00   1.91    17.48

SNOWFALL (IN)
  YESTERDAY        0.0          MM      MM   0.0    0.0      0.0
  MONTH TO DATE    0.0                       0.0    0.0      0.0
  SINCE JUN 1      0.0                       0.0    0.0      0.0
  SINCE JUL 1      0.0                       0.0    0.0      0.0
  SNOW DEPTH       0

DEGREE DAYS
 HEATING
  YESTERDAY        0                         1     -1        0
  MONTH TO DATE   14                        28    -14       29
  SINCE JUN 1     72                       131    -59       75
  SINCE JUL 1     14                        28    -14       29

 COOLING
  YESTERDAY       12                         5      7        0
  MONTH TO DATE  172                       125     47      102
  SINCE JUN 1    237                       200     37      169
  SINCE JAN 1    243                       217     26      222
..................................................................


WIND (MPH)
  HIGHEST WIND SPEED    22   HIGHEST WIND DIRECTION    SE (130)
  HIGHEST GUST SPEED    32   HIGHEST GUST DIRECTION    SE (130)
  AVERAGE WIND SPEED    10.7


SKY COVER
  POSSIBLE SUNSHINE  MM
  AVERAGE SKY COVER 0.4


WEATHER CONDITIONS
 THE FOLLOWING WEATHER WAS RECORDED YESTERDAY.
  NO SIGNIFICANT WEATHER WAS OBSERVED.


RELATIVE HUMIDITY (PERCENT)
 HIGHEST    93           200 AM
 LOWEST     57           100 PM
 AVERAGE    75

..........................................................


THE GRAND FORKS INTL AP ND CLIMATE NORMALS FOR TODAY
                         NORMAL    RECORD    YEAR
 MAXIMUM TEMPERATURE (F)   82       100      1941
 MINIMUM TEMPERATURE (F)   56        42      2013


SUNRISE AND SUNSET
JULY 28 2015..........SUNRISE   600 AM CDT   SUNSET   910 PM CDT
JULY 29 2015..........SUNRISE   601 AM CDT   SUNSET   909 PM CDT


-  INDICATES NEGATIVE NUMBERS.
R  INDICATES RECORD WAS SET OR TIED.
MM INDICATES DATA IS MISSING.
T  INDICATES TRACE AMOUNT.




$$
