164
CDUS41 KALY 302042
CLIGFL


CLIMATE REPORT
NATIONAL WEATHER SERVICE ALBANY NY
441 PM EDT SAT JUL 30 2016


...................................

...THE GLENS FALLS NY CLIMATE SUMMARY FOR JULY 30 2016...
VALID TODAY AS OF 0400 PM LOCAL TIME.

CLIMATE NORMAL PERIOD 1981 TO 2010
CLIMATE RECORD PERIOD 1949 TO 2016


WEATHER ITEM   OBSERVED TIME   RECORD YEAR NORMAL DEPARTURE LAST
                VALUE   (LST)  VALUE       VALUE  FROM      YEAR
                                                  NORMAL
..................................................................
TEMPERATURE (F)
 TODAY
  MAXIMUM         81    321 PM  94    1949  81      0       85
  MINIMUM         59    507 AM  43    1968  57      2       65
  AVERAGE         70                        69      1       75

PRECIPITATION (IN)
  TODAY            0.00          1.90 1960   0.14  -0.14     0.87
  MONTH TO DATE    3.73                      3.96  -0.23     2.22
  SINCE JUN 1      6.84                      7.51  -0.67     8.44
  SINCE JAN 1     18.46                     22.00  -3.54    15.75

DEGREE DAYS
 HEATING
  TODAY            0                         1     -1        0
  MONTH TO DATE    0                        30    -30       11
  SINCE JUN 1     44                       120    -76       90
  SINCE JUL 1      0                        30    -30       11

 COOLING
  TODAY            5                         4      1       10
  MONTH TO DATE  212                       141     71      171
  SINCE JUN 1    315                       210    105      237
  SINCE JAN 1    371                       222    149      313
..................................................................


WIND (MPH)
  HIGHEST WIND SPEED     9   HIGHEST WIND DIRECTION    NE (40)
  HIGHEST GUST SPEED    13   HIGHEST GUST DIRECTION    NE (30)
  AVERAGE WIND SPEED     3.8


SKY COVER
  AVERAGE SKY COVER 0.0



RELATIVE HUMIDITY (PERCENT)
 HIGHEST    90           400 AM
 LOWEST     42           300 PM
 AVERAGE    66

..........................................................


THE GLENS FALLS NY CLIMATE NORMALS FOR TOMORROW
                         NORMAL    RECORD    YEAR
 MAXIMUM TEMPERATURE (F)   81        91      2002
 MINIMUM TEMPERATURE (F)   57        42      2010


SUNRISE AND SUNSET
JULY 30 2016..........SUNRISE   543 AM EDT   SUNSET   818 PM EDT
JULY 31 2016..........SUNRISE   544 AM EDT   SUNSET   817 PM EDT


-  INDICATES NEGATIVE NUMBERS.
R  INDICATES RECORD WAS SET OR TIED.
MM INDICATES DATA IS MISSING.
T  INDICATES TRACE AMOUNT.




$$
