000
CDUS41 KALY 190641
CLIGFL


CLIMATE REPORT
NATIONAL WEATHER SERVICE ALBANY NY
138 AM EST MON FEB 19 2018


...................................

...THE GLENS FALLS NY CLIMATE SUMMARY FOR FEBRUARY 18 2018...

CLIMATE NORMAL PERIOD 1981 TO 2010
CLIMATE RECORD PERIOD 1949 TO 2018


WEATHER ITEM   OBSERVED TIME   RECORD YEAR NORMAL DEPARTURE LAST
                VALUE   (LST)  VALUE       VALUE  FROM      YEAR
                                                  NORMAL
..................................................................
TEMPERATURE (F)
 YESTERDAY
  MAXIMUM         39    357 PM  60    2011  34      5       49
  MINIMUM         17   1152 PM -29    1973  10      7       10
  AVERAGE         28                        22      6       30

PRECIPITATION (IN)
  YESTERDAY        0.04          1.48 1976   0.07  -0.03     0.00
  MONTH TO DATE    1.57                      1.32   0.25     1.85
  SINCE DEC 1      6.16                      7.23  -1.07     6.90
  SINCE JAN 1      3.84                      4.18  -0.34     4.03

DEGREE DAYS
 HEATING
  YESTERDAY       37                        43     -6       35
  MONTH TO DATE  778                       810    -32      715
  SINCE DEC 1   3596                      3508     88     2968
  SINCE JUL 1   5007                      5206   -199     4284

 COOLING
  YESTERDAY        0                         0      0        0
  MONTH TO DATE    0                         0      0        0
  SINCE DEC 1      0                         0      0        0
  SINCE JAN 1      0                         0      0        0
..................................................................


WIND (MPH)
  HIGHEST WIND SPEED    12   HIGHEST WIND DIRECTION    NW (300)
  HIGHEST GUST SPEED    15   HIGHEST GUST DIRECTION    NW (300)
  AVERAGE WIND SPEED     2.3


SKY COVER
  AVERAGE SKY COVER 0.8



RELATIVE HUMIDITY (PERCENT)
 HIGHEST   100          1200 AM
 LOWEST     44           500 PM
 AVERAGE    72

..........................................................


THE GLENS FALLS NY CLIMATE NORMALS FOR TODAY
                         NORMAL    RECORD    YEAR
 MAXIMUM TEMPERATURE (F)   34        62      1981
 MINIMUM TEMPERATURE (F)   11       -15      1993


SUNRISE AND SUNSET
FEBRUARY 19 2018......SUNRISE   647 AM EST   SUNSET   530 PM EST
FEBRUARY 20 2018......SUNRISE   645 AM EST   SUNSET   532 PM EST


-  INDICATES NEGATIVE NUMBERS.
R  INDICATES RECORD WAS SET OR TIED.
MM INDICATES DATA IS MISSING.
T  INDICATES TRACE AMOUNT.




$$
