000
CDUS41 KALY 230628
CLIGFL


CLIMATE REPORT
NATIONAL WEATHER SERVICE ALBANY NY
128 AM EST THU NOV 23 2017


...................................

...THE GLENS FALLS NY CLIMATE SUMMARY FOR NOVEMBER 22 2017...

CLIMATE NORMAL PERIOD 1981 TO 2010
CLIMATE RECORD PERIOD 1949 TO 2017


WEATHER ITEM   OBSERVED TIME   RECORD YEAR NORMAL DEPARTURE LAST
                VALUE   (LST)  VALUE       VALUE  FROM      YEAR
                                                  NORMAL
..................................................................
TEMPERATURE (F)
 YESTERDAY
  MAXIMUM         42    325 PM  68    1953  44     -2       39
  MINIMUM         26    417 AM  10    1969  26      0       31
  AVERAGE         34                        35     -1       35

PRECIPITATION (IN)
  YESTERDAY        0.04          1.07 1991   0.12  -0.08     0.00
  MONTH TO DATE    1.18                      2.43  -1.25     2.28
  SINCE SEP 1      6.31                      9.32  -3.01     6.43
  SINCE JAN 1     33.44                     35.13  -1.69    27.59

DEGREE DAYS
 HEATING
  YESTERDAY       31                        30      1       30
  MONTH TO DATE  624                       586     38      518
  SINCE SEP 1   1099                      1375   -276     1080
  SINCE JUL 1   1166                      1441   -275     1086

 COOLING
  YESTERDAY        0                         0      0        0
  MONTH TO DATE    0                         0      0        0
  SINCE SEP 1     74                        25     49       58
  SINCE JAN 1    388                       352     36      643
..................................................................


WIND (MPH)
  HIGHEST WIND SPEED    18   HIGHEST WIND DIRECTION    NW (310)
  HIGHEST GUST SPEED    27   HIGHEST GUST DIRECTION    NW (320)
  AVERAGE WIND SPEED     5.2


SKY COVER
  AVERAGE SKY COVER 0.7



RELATIVE HUMIDITY (PERCENT)
 HIGHEST   100           600 AM
 LOWEST     54          1000 PM
 AVERAGE    77

..........................................................


THE GLENS FALLS NY CLIMATE NORMALS FOR TODAY
                         NORMAL    RECORD    YEAR
 MAXIMUM TEMPERATURE (F)   43        66      1953
 MINIMUM TEMPERATURE (F)   25         7      2008


SUNRISE AND SUNSET
NOVEMBER 23 2017......SUNRISE   658 AM EST   SUNSET   424 PM EST
NOVEMBER 24 2017......SUNRISE   659 AM EST   SUNSET   423 PM EST


-  INDICATES NEGATIVE NUMBERS.
R  INDICATES RECORD WAS SET OR TIED.
MM INDICATES DATA IS MISSING.
T  INDICATES TRACE AMOUNT.




$$
