000
CDUS41 KALY 250624
CLIGFL


CLIMATE REPORT
NATIONAL WEATHER SERVICE ALBANY NY
223 AM EDT WED MAY 25 2016


...................................

...THE GLENS FALLS NY CLIMATE SUMMARY FOR MAY 24 2016...

CLIMATE NORMAL PERIOD 1981 TO 2010
CLIMATE RECORD PERIOD 1949 TO 2016


WEATHER ITEM   OBSERVED TIME   RECORD YEAR NORMAL DEPARTURE LAST
                VALUE   (LST)  VALUE       VALUE  FROM      YEAR
                                                  NORMAL
..................................................................
TEMPERATURE (F)
 YESTERDAY
  MAXIMUM         71   1250 PM  88    2007  70      1       81
  MINIMUM         51    312 AM  30    1963  45      6       46
  AVERAGE         61                        58      3       64

PRECIPITATION (IN)
  YESTERDAY        T             1.53 2004   0.12  -0.12     0.00
  MONTH TO DATE    2.03                      2.80  -0.77     1.27
  SINCE MAR 1      5.77                      8.74  -2.97     3.92
  SINCE JAN 1     10.56                     13.68  -3.12     5.97

DEGREE DAYS
 HEATING
  YESTERDAY        4                         8     -4        1
  MONTH TO DATE  256                       264     -8      128
  SINCE MAR 1   1703                      1920   -217     1910
  SINCE JUL 1   5883                      7540  -1657     7591

 COOLING
  YESTERDAY        0                         1     -1        0
  MONTH TO DATE    0                         1     -1       38
  SINCE MAR 1      0                         2     -2       38
  SINCE JAN 1      0                         2     -2       38
..................................................................


WIND (MPH)
  HIGHEST WIND SPEED    12   HIGHEST WIND DIRECTION    SE (120)
  HIGHEST GUST SPEED    14   HIGHEST GUST DIRECTION    SE (120)
  AVERAGE WIND SPEED     3.5


SKY COVER
  AVERAGE SKY COVER 0.5



RELATIVE HUMIDITY (PERCENT)
 HIGHEST    89          1100 PM
 LOWEST     47          1100 AM
 AVERAGE    68

..........................................................


THE GLENS FALLS NY CLIMATE NORMALS FOR TODAY
                         NORMAL    RECORD    YEAR
 MAXIMUM TEMPERATURE (F)   71        90      2007
 MINIMUM TEMPERATURE (F)   46        30      1992


SUNRISE AND SUNSET
MAY 25 2016...........SUNRISE   521 AM EDT   SUNSET   822 PM EDT
MAY 26 2016...........SUNRISE   520 AM EDT   SUNSET   823 PM EDT


-  INDICATES NEGATIVE NUMBERS.
R  INDICATES RECORD WAS SET OR TIED.
MM INDICATES DATA IS MISSING.
T  INDICATES TRACE AMOUNT.




$$
