000
CDUS41 KALY 020626
CLIGFL


CLIMATE REPORT
NATIONAL WEATHER SERVICE ALBANY NY
225 AM EDT MON MAY 2 2016


...................................

...THE GLENS FALLS NY CLIMATE SUMMARY FOR MAY 1 2016...

CLIMATE NORMAL PERIOD 1981 TO 2010
CLIMATE RECORD PERIOD 1949 TO 2016


WEATHER ITEM   OBSERVED TIME   RECORD YEAR NORMAL DEPARTURE LAST
                VALUE   (LST)  VALUE       VALUE  FROM      YEAR
                                                  NORMAL
..................................................................
TEMPERATURE (F)
 YESTERDAY
  MAXIMUM         47    701 PM  85    2001  64    -17       64
  MINIMUM         44   1159 PM  24    2008  38      6       42
  AVERAGE         46                        51     -5       53

PRECIPITATION (IN)
  YESTERDAY        0.16          1.19 1976   0.11   0.05     0.00
  MONTH TO DATE    0.16                      0.11   0.05     0.00
  SINCE MAR 1      3.90                      6.05  -2.15     2.65
  SINCE JAN 1      8.69                     10.99  -2.30     4.70

DEGREE DAYS
 HEATING
  YESTERDAY       19                        14      5       12
  MONTH TO DATE   19                        14      5       12
  SINCE MAR 1   1466                      1670   -204     1794
  SINCE JUL 1   5646                      7290  -1644     7475

 COOLING
  YESTERDAY        0                         0      0        0
  MONTH TO DATE    0                         0      0        0
  SINCE MAR 1      0                         1     -1        0
  SINCE JAN 1      0                         1     -1        0
..................................................................


WIND (MPH)
  HIGHEST WIND SPEED     8   HIGHEST WIND DIRECTION     S (190)
  HIGHEST GUST SPEED    11   HIGHEST GUST DIRECTION     S (200)
  AVERAGE WIND SPEED     3.7


SKY COVER
  AVERAGE SKY COVER 0.8



RELATIVE HUMIDITY (PERCENT)
 HIGHEST    92           300 PM
 LOWEST     58          1200 AM
 AVERAGE    75

..........................................................


THE GLENS FALLS NY CLIMATE NORMALS FOR TODAY
                         NORMAL    RECORD    YEAR
 MAXIMUM TEMPERATURE (F)   64        88      2001
 MINIMUM TEMPERATURE (F)   38        27      1987


SUNRISE AND SUNSET
MAY  2 2016...........SUNRISE   546 AM EDT   SUNSET   758 PM EDT
MAY  3 2016...........SUNRISE   544 AM EDT   SUNSET   759 PM EDT


-  INDICATES NEGATIVE NUMBERS.
R  INDICATES RECORD WAS SET OR TIED.
MM INDICATES DATA IS MISSING.
T  INDICATES TRACE AMOUNT.




$$
