000
CDUS41 KALY 010623
CLIGFL


CLIMATE REPORT
NATIONAL WEATHER SERVICE ALBANY NY
122 AM EST SUN FEB 1 2015


...................................

...THE GLENS FALLS NY CLIMATE SUMMARY FOR JANUARY 31 2015...

CLIMATE NORMAL PERIOD 1981 TO 2010
CLIMATE RECORD PERIOD 1949 TO 2015


WEATHER ITEM   OBSERVED TIME   RECORD YEAR NORMAL DEPARTURE LAST
                VALUE   (LST)  VALUE       VALUE  FROM      YEAR
                                                  NORMAL
..................................................................
TEMPERATURE (F)
 YESTERDAY
  MAXIMUM         17    106 PM  53    2013  30    -13       33
  MINIMUM         -9   1058 PM -17    1999   7    -16       16
  AVERAGE          4                        18    -14       25

PRECIPITATION (IN)
  YESTERDAY        0.00          1.39 1982   0.09  -0.09     0.00
  MONTH TO DATE    1.49                      2.86  -1.37     1.93
  SINCE DEC 1      5.57                      5.91  -0.34     4.32
  SINCE JAN 1      1.49                      2.86  -1.37     1.93

DEGREE DAYS
 HEATING
  YESTERDAY       61                        47     14       40
  MONTH TO DATE 1539                      1460     79     1510
  SINCE DEC 1   2610                      2698    -88     2770
  SINCE JUL 1   4071                      4396   -325     4449

 COOLING
  YESTERDAY        0                         0      0        0
  MONTH TO DATE    0                         0      0        0
  SINCE DEC 1      0                         0      0        0
  SINCE JAN 1      0                         0      0        0
..................................................................


WIND (MPH)
  HIGHEST WIND SPEED    20   HIGHEST WIND DIRECTION     N (340)
  HIGHEST GUST SPEED    25   HIGHEST GUST DIRECTION    NW (320)
  AVERAGE WIND SPEED     7.1


SKY COVER
  AVERAGE SKY COVER 0.0



RELATIVE HUMIDITY (PERCENT)
 HIGHEST    79          1100 PM
 LOWEST     36           100 PM
 AVERAGE    58

..........................................................


THE GLENS FALLS NY CLIMATE NORMALS FOR TODAY
                         NORMAL    RECORD    YEAR
 MAXIMUM TEMPERATURE (F)   30        56      1989
 MINIMUM TEMPERATURE (F)    7       -20      1971


SUNRISE AND SUNSET
FEBRUARY  1 2015......SUNRISE   711 AM EST   SUNSET   506 PM EST
FEBRUARY  2 2015......SUNRISE   709 AM EST   SUNSET   507 PM EST


-  INDICATES NEGATIVE NUMBERS.
R  INDICATES RECORD WAS SET OR TIED.
MM INDICATES DATA IS MISSING.
T  INDICATES TRACE AMOUNT.




$$
