000
CDUS44 KSHV 030828
CLIGGG


CLIMATE REPORT
NATIONAL WEATHER SERVICE SHREVEPORT, LA
326 AM CDT MON AUG 3 2015


...................................

...THE LONGVIEW CLIMATE SUMMARY FOR AUGUST 2 2015...

CLIMATE NORMAL PERIOD 1981 TO 2010
CLIMATE RECORD PERIOD 1902 TO 2015


WEATHER ITEM   OBSERVED TIME   RECORD YEAR NORMAL DEPARTURE LAST
                VALUE   (LST)  VALUE       VALUE  FROM      YEAR
                                                  NORMAL
..................................................................
TEMPERATURE (F)
 YESTERDAY
  MAXIMUM         99    347 PM 109    2011  94      5       85
  MINIMUM         66    454 AM  60    1965  73     -7       69
  AVERAGE         83                        84     -1       77

PRECIPITATION (IN)
  YESTERDAY        0.00          1.52 1920   0.08  -0.08     0.02
  MONTH TO DATE    0.00                      0.16  -0.16     0.05
  SINCE DEC 1     43.91                     32.28  11.63    29.99
  SINCE JAN 1     41.61                     27.79  13.82    25.84

SNOWFALL (IN)
  YESTERDAY        0.0
  MONTH TO DATE    0.0
  SINCE JUN 1      0.0
  SINCE JUL 1      0.0
  SNOW DEPTH       0

DEGREE DAYS
 HEATING
  YESTERDAY        0                         0      0        0
  MONTH TO DATE    0                         0      0        0
  SINCE JUN 1      0                         0      0        0
  SINCE JUL 1      0                         0      0        0

 COOLING
  YESTERDAY       18                        19     -1       12
  MONTH TO DATE   37                        38     -1       18
  SINCE JUN 1   1144                      1049     95      964
  SINCE JAN 1   1602                      1428    174     1318
..................................................................


WIND (MPH)
  HIGHEST WIND SPEED    12   HIGHEST WIND DIRECTION    SE (120)
  HIGHEST GUST SPEED    17   HIGHEST GUST DIRECTION     E (80)
  AVERAGE WIND SPEED     3.6


SKY COVER
  POSSIBLE SUNSHINE  MM
  AVERAGE SKY COVER 0.0


WEATHER CONDITIONS
 THE FOLLOWING WEATHER WAS RECORDED YESTERDAY.
  NO SIGNIFICANT WEATHER WAS OBSERVED.


RELATIVE HUMIDITY (PERCENT)
 HIGHEST    87           500 AM
 LOWEST     24           300 PM
 AVERAGE    56

..........................................................


THE LONGVIEW CLIMATE NORMALS FOR TODAY
                         NORMAL    RECORD    YEAR
 MAXIMUM TEMPERATURE (F)   94       110      2011
 MINIMUM TEMPERATURE (F)   73        61      1920


SUNRISE AND SUNSET
AUGUST  3 2015........SUNRISE   635 AM CDT   SUNSET   815 PM CDT
AUGUST  4 2015........SUNRISE   635 AM CDT   SUNSET   814 PM CDT


-  INDICATES NEGATIVE NUMBERS.
R  INDICATES RECORD WAS SET OR TIED.
MM INDICATES DATA IS MISSING.
T  INDICATES TRACE AMOUNT.




$$
