000
CDUS44 KSHV 290735
CLIGGG


CLIMATE REPORT
NATIONAL WEATHER SERVICE SHREVEPORT, LA
235 AM CDT SAT APR 29 2017


...................................

...THE LONGVIEW CLIMATE SUMMARY FOR APRIL 28 2017...

CLIMATE NORMAL PERIOD 1981 TO 2010
CLIMATE RECORD PERIOD 1902 TO 2017


WEATHER ITEM   OBSERVED TIME   RECORD YEAR NORMAL DEPARTURE LAST
                VALUE   (LST)  VALUE       VALUE  FROM      YEAR
                                                  NORMAL
..................................................................
TEMPERATURE (F)
 YESTERDAY
  MAXIMUM         90    326 PM  91    1938  79     11       85
  MINIMUM         61    143 AM  42    2008  57      4       55
                                      1921
  AVERAGE         76                        68      8       70

PRECIPITATION (IN)
  YESTERDAY        0.00          1.75 1932   0.10  -0.10     0.00
  MONTH TO DATE    5.94                      2.97   2.97     5.17
  SINCE DEC 1     21.16                     19.17   1.99    26.16
  SINCE JAN 1     16.36                     14.68   1.68    20.10

SNOWFALL (IN)
  YESTERDAY        0.0
  MONTH TO DATE    0.0
  SINCE MAR 1      0.0
  SINCE JUL 1      0.0
  SNOW DEPTH       0

DEGREE DAYS
 HEATING
  YESTERDAY        0                         1     -1        0
  MONTH TO DATE   33                        87    -54       49
  SINCE MAR 1    180                       342   -162      190
  SINCE JUL 1   1281                      2246   -965     1639

 COOLING
  YESTERDAY       11                         4      7        5
  MONTH TO DATE  134                        77     57       80
  SINCE MAR 1    232                       104    128      118
  SINCE JAN 1    303                       116    187      124
..................................................................


WIND (MPH)
  HIGHEST WIND SPEED    25   HIGHEST WIND DIRECTION     S (170)
  HIGHEST GUST SPEED    33   HIGHEST GUST DIRECTION     S (160)
  AVERAGE WIND SPEED    12.7


SKY COVER
  POSSIBLE SUNSHINE  MM
  AVERAGE SKY COVER 0.7


WEATHER CONDITIONS
 THE FOLLOWING WEATHER WAS RECORDED YESTERDAY.
  FOG
  HAZE


RELATIVE HUMIDITY (PERCENT)
 HIGHEST    93           600 AM
 LOWEST     56           200 PM
 AVERAGE    75

..........................................................


THE LONGVIEW CLIMATE NORMALS FOR TODAY
                         NORMAL    RECORD    YEAR
 MAXIMUM TEMPERATURE (F)   80        92      1938
 MINIMUM TEMPERATURE (F)   57        41      1921


SUNRISE AND SUNSET
APRIL 29 2017.........SUNRISE   634 AM CDT   SUNSET   759 PM CDT
APRIL 30 2017.........SUNRISE   633 AM CDT   SUNSET   759 PM CDT


-  INDICATES NEGATIVE NUMBERS.
R  INDICATES RECORD WAS SET OR TIED.
MM INDICATES DATA IS MISSING.
T  INDICATES TRACE AMOUNT.




$$
