000
CDUS44 KSHV 232135
CLIGGG


CLIMATE REPORT
NATIONAL WEATHER SERVICE SHREVEPORT, LA
434 PM CDT FRI JUN 23 2017


...................................

...THE LONGVIEW CLIMATE SUMMARY FOR JUNE 23 2017...
VALID TODAY AS OF 0400 PM LOCAL TIME.

CLIMATE NORMAL PERIOD 1981 TO 2010
CLIMATE RECORD PERIOD 1902 TO 2017


WEATHER ITEM   OBSERVED TIME   RECORD YEAR NORMAL DEPARTURE LAST
                VALUE   (LST)  VALUE       VALUE  FROM      YEAR
                                                  NORMAL
..................................................................
TEMPERATURE (F)
 TODAY
  MAXIMUM         91    259 PM 104    1953  91      0       92
  MINIMUM         77    539 AM  58    1902  71      6       73
  AVERAGE         84                        81      3       83

PRECIPITATION (IN)
  TODAY            0.00          2.60 1921   0.18  -0.18     0.00
  MONTH TO DATE    4.08                      3.87   0.21     4.69
  SINCE DEC 1     31.33                     28.09   3.24    39.07
  SINCE JAN 1     26.53                     23.60   2.93    33.01

DEGREE DAYS
 HEATING
  TODAY            0                         0      0        0
  MONTH TO DATE    0                         0      0        0
  SINCE JUN 1      0                         0      0        0
  SINCE JUL 1   1291                      2258   -967     1654

 COOLING
  TODAY           19                        16      3       18
  MONTH TO DATE  344                       322     22      350
  SINCE JUN 1    344                       322     22      350
  SINCE JAN 1    857                       701    156      712
..................................................................


WIND (MPH)
  HIGHEST WIND SPEED    17   HIGHEST WIND DIRECTION    SW (210)
  HIGHEST GUST SPEED    24   HIGHEST GUST DIRECTION    SW (220)
  AVERAGE WIND SPEED     9.7


SKY COVER
  POSSIBLE SUNSHINE  MM
  AVERAGE SKY COVER 0.7


WEATHER CONDITIONS
 THE FOLLOWING WEATHER WAS RECORDED TODAY.
  NO SIGNIFICANT WEATHER WAS OBSERVED.


RELATIVE HUMIDITY (PERCENT)
 HIGHEST   100          1200 AM
 LOWEST     66           300 PM
 AVERAGE    83

..........................................................


THE LONGVIEW CLIMATE NORMALS FOR TOMORROW
                         NORMAL    RECORD    YEAR
 MAXIMUM TEMPERATURE (F)   91       103      1933
 MINIMUM TEMPERATURE (F)   71        60      1961


SUNRISE AND SUNSET
JUNE 23 2017..........SUNRISE   613 AM CDT   SUNSET   829 PM CDT
JUNE 24 2017..........SUNRISE   613 AM CDT   SUNSET   830 PM CDT


-  INDICATES NEGATIVE NUMBERS.
R  INDICATES RECORD WAS SET OR TIED.
MM INDICATES DATA IS MISSING.
T  INDICATES TRACE AMOUNT.




$$
