000
CDUS44 KSHV 240737
CLIGGG


CLIMATE REPORT
NATIONAL WEATHER SERVICE SHREVEPORT, LA
237 AM CDT FRI MAR 24 2017


...................................

...THE LONGVIEW CLIMATE SUMMARY FOR MARCH 23 2017...

CLIMATE NORMAL PERIOD 1981 TO 2010
CLIMATE RECORD PERIOD 1902 TO 2017


WEATHER ITEM   OBSERVED TIME   RECORD YEAR NORMAL DEPARTURE LAST
                VALUE   (LST)  VALUE       VALUE  FROM      YEAR
                                                  NORMAL
..................................................................
TEMPERATURE (F)
 YESTERDAY
  MAXIMUM         86    318 PM  89    1995  71     15       79
  MINIMUM         60    607 AM  30    1952  48     12       63
  AVERAGE         73                        59     14       71

PRECIPITATION (IN)
  YESTERDAY        0.00          1.75 1947   0.15  -0.15      T
  MONTH TO DATE    0.64                      3.25  -2.61    10.17
  SINCE DEC 1     13.41                     15.10  -1.69    20.51
  SINCE JAN 1      8.61                     10.61  -2.00    14.45

SNOWFALL (IN)
  YESTERDAY        0.0
  MONTH TO DATE    0.0
  SINCE MAR 1      0.0
  SINCE JUL 1      0.0
  SNOW DEPTH       0

DEGREE DAYS
 HEATING
  YESTERDAY        0                         7     -7        0
  MONTH TO DATE  143                       206    -63      104
  SINCE MAR 1    143                       206    -63      104
  SINCE JUL 1   1244                      2110   -866     1553

 COOLING
  YESTERDAY        8                         1      7        6
  MONTH TO DATE   62                        23     39       24
  SINCE MAR 1     62                        23     39       24
  SINCE JAN 1    133                        35     98       30
..................................................................


WIND (MPH)
  HIGHEST WIND SPEED    28   HIGHEST WIND DIRECTION     S (190)
  HIGHEST GUST SPEED    34   HIGHEST GUST DIRECTION     S (170)
  AVERAGE WIND SPEED    12.4


SKY COVER
  POSSIBLE SUNSHINE  MM
  AVERAGE SKY COVER 0.2


WEATHER CONDITIONS
 THE FOLLOWING WEATHER WAS RECORDED YESTERDAY.
  NO SIGNIFICANT WEATHER WAS OBSERVED.


RELATIVE HUMIDITY (PERCENT)
 HIGHEST   100           700 AM
 LOWEST     31           300 PM
 AVERAGE    66

..........................................................


THE LONGVIEW CLIMATE NORMALS FOR TODAY
                         NORMAL    RECORD    YEAR
 MAXIMUM TEMPERATURE (F)   71        89      1935
 MINIMUM TEMPERATURE (F)   48        27      1934


SUNRISE AND SUNSET
MARCH 24 2017.........SUNRISE   717 AM CDT   SUNSET   733 PM CDT
MARCH 25 2017.........SUNRISE   716 AM CDT   SUNSET   734 PM CDT


-  INDICATES NEGATIVE NUMBERS.
R  INDICATES RECORD WAS SET OR TIED.
MM INDICATES DATA IS MISSING.
T  INDICATES TRACE AMOUNT.




$$
