000
CDUS44 KSHV 200748
CLIGGG


CLIMATE REPORT
NATIONAL WEATHER SERVICE SHREVEPORT, LA
247 AM CDT SUN APR 20 2014


...................................

...THE LONGVIEW CLIMATE SUMMARY FOR APRIL 19 2014...

CLIMATE NORMAL PERIOD 1981 TO 2010
CLIMATE RECORD PERIOD 1902 TO 2014


WEATHER ITEM   OBSERVED TIME   RECORD YEAR NORMAL DEPARTURE LAST
                VALUE   (LST)  VALUE       VALUE  FROM      YEAR
                                                  NORMAL
..................................................................
TEMPERATURE (F)
 YESTERDAY
  MAXIMUM         79    357 PM  93    2011  77      2       61
  MINIMUM         50    613 AM  36    1953  54     -4       37
  AVERAGE         65                        66     -1       49

PRECIPITATION (IN)
  YESTERDAY        0.00          2.44 1970   0.11  -0.11     0.00
  MONTH TO DATE    2.20                      2.00   0.20     2.34
  SINCE DEC 1     13.08                     18.20  -5.12    18.16
  SINCE JAN 1      8.93                     13.71  -4.78    13.81

SNOWFALL (IN)
  YESTERDAY        0.0
  MONTH TO DATE    0.0
  SINCE MAR 1      0.1
  SINCE JUL 1      0.3
  SNOW DEPTH       0

DEGREE DAYS
 HEATING
  YESTERDAY        0                         2     -2       16
  MONTH TO DATE  107                        74     33       95
  SINCE MAR 1    455                       329    126      394
  SINCE JUL 1   2579                      2233    346     1984

 COOLING
  YESTERDAY        0                         3     -3        0
  MONTH TO DATE   48                        45      3       64
  SINCE MAR 1     58                        72    -14       82
  SINCE JAN 1     63                        84    -21       90
..................................................................


WIND (MPH)
  HIGHEST WIND SPEED    12   HIGHEST WIND DIRECTION     E (110)
  HIGHEST GUST SPEED    15   HIGHEST GUST DIRECTION    SE (120)
  AVERAGE WIND SPEED     2.3


SKY COVER
  POSSIBLE SUNSHINE  MM
  AVERAGE SKY COVER 0.2


WEATHER CONDITIONS
 THE FOLLOWING WEATHER WAS RECORDED YESTERDAY.
  FOG
  HAZE


RELATIVE HUMIDITY (PERCENT)
 HIGHEST    93           100 AM
 LOWEST     42           400 PM
 AVERAGE    68

..........................................................


THE LONGVIEW CLIMATE NORMALS FOR TODAY
                         NORMAL    RECORD    YEAR
 MAXIMUM TEMPERATURE (F)   77        92      1929
 MINIMUM TEMPERATURE (F)   55        38      2013


SUNRISE AND SUNSET
APRIL 20 2014.........SUNRISE   644 AM CDT   SUNSET   752 PM CDT
APRIL 21 2014.........SUNRISE   643 AM CDT   SUNSET   753 PM CDT


-  INDICATES NEGATIVE NUMBERS.
R  INDICATES RECORD WAS SET OR TIED.
MM INDICATES DATA IS MISSING.
T  INDICATES TRACE AMOUNT.




$$
