000
CDUS44 KSHV 291245
CLIGGG


CLIMATE REPORT
NATIONAL WEATHER SERVICE SHREVEPORT, LA
745 AM CDT SUN MAR 29 2015


...................................

...THE LONGVIEW CLIMATE SUMMARY FOR MARCH 28 2015...

CLIMATE NORMAL PERIOD 1981 TO 2010
CLIMATE RECORD PERIOD 1902 TO 2015


WEATHER ITEM   OBSERVED TIME   RECORD YEAR NORMAL DEPARTURE LAST
                VALUE   (LST)  VALUE       VALUE  FROM      YEAR
                                                  NORMAL
..................................................................
TEMPERATURE (F)
 YESTERDAY
  MAXIMUM         81    444 PM  86    1907  72      9       82
  MINIMUM         41    433 AM  26    1931  49     -8       57
  AVERAGE         61                        60      1       70

PRECIPITATION (IN)
  YESTERDAY        0.00          2.50 1906   0.14  -0.14     1.82
  MONTH TO DATE    8.24                      3.95   4.29     3.75
  SINCE DEC 1     19.35                     15.80   3.55    10.88
  SINCE JAN 1     17.05                     11.31   5.74     6.73

SNOWFALL (IN)
  YESTERDAY        0.0
  MONTH TO DATE    0.2
  SINCE MAR 1      0.2
  SINCE JUL 1      3.1
  SNOW DEPTH       0

DEGREE DAYS
 HEATING
  YESTERDAY        4                         6     -2        0
  MONTH TO DATE  269                       238     31      337
  SINCE MAR 1    269                       238     31      337
  SINCE JUL 1   2247                      2142    105     2461

 COOLING
  YESTERDAY        0                         1     -1        5
  MONTH TO DATE   16                        28    -12        9
  SINCE MAR 1     16                        28    -12        9
  SINCE JAN 1     16                        40    -24       14
..................................................................


WIND (MPH)
  HIGHEST WIND SPEED    17   HIGHEST WIND DIRECTION     S (190)
  HIGHEST GUST SPEED    23   HIGHEST GUST DIRECTION     S (190)
  AVERAGE WIND SPEED     6.0


SKY COVER
  POSSIBLE SUNSHINE  MM
  AVERAGE SKY COVER 0.0


WEATHER CONDITIONS
 THE FOLLOWING WEATHER WAS RECORDED YESTERDAY.
  NO SIGNIFICANT WEATHER WAS OBSERVED.


RELATIVE HUMIDITY (PERCENT)
 HIGHEST    89           400 AM
 LOWEST     28           400 PM
 AVERAGE    59

..........................................................


THE LONGVIEW CLIMATE NORMALS FOR TODAY
                         NORMAL    RECORD    YEAR
 MAXIMUM TEMPERATURE (F)   72        89      1967
 MINIMUM TEMPERATURE (F)   49        26      1921


SUNRISE AND SUNSET
MARCH 29 2015.........SUNRISE   711 AM CDT   SUNSET   737 PM CDT
MARCH 30 2015.........SUNRISE   710 AM CDT   SUNSET   737 PM CDT


-  INDICATES NEGATIVE NUMBERS.
R  INDICATES RECORD WAS SET OR TIED.
MM INDICATES DATA IS MISSING.
T  INDICATES TRACE AMOUNT.




$$
