000
CDUS44 KSHV 312207
CLIGGG


CLIMATE REPORT
NATIONAL WEATHER SERVICE SHREVEPORT, LA
506 PM CDT WED AUG 31 2016


...................................

...THE LONGVIEW CLIMATE SUMMARY FOR AUGUST 31 2016...
VALID TODAY AS OF 0500 PM LOCAL TIME.

CLIMATE NORMAL PERIOD 1981 TO 2010
CLIMATE RECORD PERIOD 1902 TO 2016


WEATHER ITEM   OBSERVED TIME   RECORD YEAR NORMAL DEPARTURE LAST
                VALUE   (LST)  VALUE       VALUE  FROM      YEAR
                                                  NORMAL
..................................................................
TEMPERATURE (F)
 TODAY
  MAXIMUM         93    251 PM 108    2000  92      1       91
  MINIMUM         73    618 AM  59    1915  69      4       69
  AVERAGE         83                        81      2       80

PRECIPITATION (IN)
  TODAY            0.00          1.00 1944   0.12  -0.12     0.00
  MONTH TO DATE    5.87                      3.02   2.85     1.79
  SINCE DEC 1     46.76                     35.14  11.62    45.70
  SINCE JAN 1     40.70                     30.65  10.05    43.40

DEGREE DAYS
 HEATING
  TODAY            0                         0      0        0
  MONTH TO DATE    0                         0      0        0
  SINCE JUN 1      0                         0      0        0
  SINCE JUL 1      0                         0      0        0

 COOLING
  TODAY           18                        16      2       15
  MONTH TO DATE  565                       550     15      607
  SINCE JUN 1   1683                      1561    122     1714
  SINCE JAN 1   2045                      1940    105     2172
..................................................................


WIND (MPH)
  HIGHEST WIND SPEED    12   HIGHEST WIND DIRECTION     E (80)
  HIGHEST GUST SPEED    16   HIGHEST GUST DIRECTION    NE (60)
  AVERAGE WIND SPEED     4.2


SKY COVER
  POSSIBLE SUNSHINE  MM
  AVERAGE SKY COVER 0.1


WEATHER CONDITIONS
 THE FOLLOWING WEATHER WAS RECORDED TODAY.
  NO SIGNIFICANT WEATHER WAS OBSERVED.


RELATIVE HUMIDITY (PERCENT)
 HIGHEST   100          1200 AM
 LOWEST     52           100 PM
 AVERAGE    76

..........................................................


THE LONGVIEW CLIMATE NORMALS FOR TOMORROW
                         NORMAL    RECORD    YEAR
 MAXIMUM TEMPERATURE (F)   92       108      2000
 MINIMUM TEMPERATURE (F)   69        54      1967


SUNRISE AND SUNSET
AUGUST 31 2016........SUNRISE   654 AM CDT   SUNSET   744 PM CDT
SEPTEMBER  1 2016.....SUNRISE   654 AM CDT   SUNSET   743 PM CDT


-  INDICATES NEGATIVE NUMBERS.
R  INDICATES RECORD WAS SET OR TIED.
MM INDICATES DATA IS MISSING.
T  INDICATES TRACE AMOUNT.




$$
