000
CDUS45 KGGW 291232
CLIGGW


CLIMATE REPORT
NATIONAL WEATHER SERVICE GLASGOW MT
632 AM MDT FRI AUG 29 2014


...................................

...THE GLASGOW MT CLIMATE SUMMARY FOR AUGUST 29 2014...
VALID AS OF 0600 AM LOCAL TIME.

CLIMATE NORMAL PERIOD 1981 TO 2010
CLIMATE RECORD PERIOD 1893 TO 2014


WEATHER ITEM   OBSERVED TIME   RECORD YEAR NORMAL DEPARTURE LAST
                VALUE   (LST)  VALUE       VALUE  FROM      YEAR
                                                  NORMAL
..................................................................
TEMPERATURE (F)
 TODAY
  MINIMUM         55    500 AM  33    1902  52      3       59

PRECIPITATION (IN)
  TODAY            0.10          0.50 1941   0.03   0.07     0.00
  MONTH TO DATE    6.61                      1.17   5.44     0.18
  SINCE OCT 1     14.29                     10.65   3.64    14.79
  SINCE JAN 1     12.84                      9.10   3.74    12.59

SNOWFALL (IN)
  TODAY            0.0           0.0  2002   0.0    0.0      0.0
                                      2001
                                      2000
  MONTH TO DATE    0.0                       0.0    0.0      0.0
  SINCE JUN 1      0.0                       0.0    0.0      0.0
  SINCE JUL 1      0.0                       0.0    0.0      0.0
  SNOW DEPTH       0

DEGREE DAYS
 HEATING
  TODAY            7                         3      4        0
  MONTH TO DATE   50                        28     22        5
  SINCE JUN 1    162                       151     11       99
  SINCE JUL 1     54                        46      8       15

 COOLING
  TODAY            0                         4     -4       12
  MONTH TO DATE  201                       189     12      230
  SINCE JUN 1    438                       471    -33      451
  SINCE JAN 1    472                       488    -16      460
..................................................................





WEATHER CONDITIONS
 THE FOLLOWING WEATHER WAS RECORDED TODAY.
  LIGHT RAIN


RELATIVE HUMIDITY (PERCENT)
 HIGHEST    93           300 AM

..........................................................


THE GLASGOW MT CLIMATE NORMALS FOR TOMORROW
                         NORMAL    RECORD    YEAR
 MAXIMUM TEMPERATURE (F)   80       104      1921
 MINIMUM TEMPERATURE (F)   52        37      1912


SUNRISE AND SUNSET
AUGUST 29 2014........SUNRISE   620 AM MDT   SUNSET   754 PM MDT
AUGUST 30 2014........SUNRISE   622 AM MDT   SUNSET   752 PM MDT


-  INDICATES NEGATIVE NUMBERS.
R  INDICATES RECORD WAS SET OR TIED.
MM INDICATES DATA IS MISSING.
T  INDICATES TRACE AMOUNT.




$$
