000
CDUS45 KGGW 270748
CLIGGW


CLIMATE REPORT
NATIONAL WEATHER SERVICE GLASGOW MT
1247 AM MST SAT DEC 27 2014


...................................

...THE GLASGOW MT CLIMATE SUMMARY FOR DECEMBER 26 2014...

CLIMATE NORMAL PERIOD 1981 TO 2010
CLIMATE RECORD PERIOD 1893 TO 2014


WEATHER ITEM   OBSERVED TIME   RECORD YEAR NORMAL DEPARTURE LAST
                VALUE   (LST)  VALUE       VALUE  FROM      YEAR
                                                  NORMAL
..................................................................
TEMPERATURE (F)
 YESTERDAY
  MAXIMUM         27    247 PM  57    1947  24      3       36
  MINIMUM         14   1159 PM -33    1933   4     10       15
  AVERAGE         21                        14      7       26

PRECIPITATION (IN)
  YESTERDAY        T             0.28 1915   0.02  -0.02     0.00
  MONTH TO DATE    0.11                      0.33  -0.22     0.66
  SINCE OCT 1      1.26                      1.48  -0.22     1.25
  SINCE JAN 1     15.00                     11.59   3.41    15.67

SNOWFALL (IN)
  YESTERDAY        T             6.5  2003   0.3   -0.3      0.0
  MONTH TO DATE    0.1                       6.5   -6.4     10.8
  SINCE DEC 1      0.1                       6.5   -6.4     10.8
  SINCE JUL 1     11.5                      13.1   -1.6     14.5
  SNOW DEPTH       0  (12Z/5AM MST)

DEGREE DAYS
 HEATING
  YESTERDAY       44                        51     -7       39
  MONTH TO DATE 1043                      1253   -210     1527
  SINCE DEC 1   1043                      1253   -210     1527
  SINCE JUL 1   3128                      3246   -118     3438

 COOLING
  YESTERDAY        0                         0      0        0
  MONTH TO DATE    0                         0      0        0
  SINCE DEC 1      0                         0      0        0
  SINCE JAN 1    495                       533    -38      563
..................................................................


WIND (MPH)
  HIGHEST WIND SPEED    15   HIGHEST WIND DIRECTION     W (290)
  HIGHEST GUST SPEED    19   HIGHEST GUST DIRECTION     W (280)
  AVERAGE WIND SPEED     8.8


SKY COVER
  POSSIBLE SUNSHINE  MM
  AVERAGE SKY COVER 0.7


WEATHER CONDITIONS
 THE FOLLOWING WEATHER WAS RECORDED YESTERDAY.
  LIGHT SNOW


RELATIVE HUMIDITY (PERCENT)
 HIGHEST    88           900 PM
 LOWEST     68           100 PM
 AVERAGE    78

..........................................................


THE GLASGOW MT CLIMATE NORMALS FOR TODAY
                         NORMAL    RECORD    YEAR
 MAXIMUM TEMPERATURE (F)   23        54      1980
 MINIMUM TEMPERATURE (F)    4       -42      1925


SUNRISE AND SUNSET
DECEMBER 27 2014......SUNRISE   757 AM MST   SUNSET   419 PM MST
DECEMBER 28 2014......SUNRISE   757 AM MST   SUNSET   420 PM MST


-  INDICATES NEGATIVE NUMBERS.
R  INDICATES RECORD WAS SET OR TIED.
MM INDICATES DATA IS MISSING.
T  INDICATES TRACE AMOUNT.




$$
