875
CDUS45 KGGW 231230
CLIGGW


CLIMATE REPORT
NATIONAL WEATHER SERVICE GLASGOW MT
630 AM MDT SAT SEP 23 2017


...................................

...THE GLASGOW MT CLIMATE SUMMARY FOR SEPTEMBER 23 2017...
VALID AS OF 0600 AM LOCAL TIME.

CLIMATE NORMAL PERIOD 1981 TO 2010
CLIMATE RECORD PERIOD 1893 TO 2017


WEATHER ITEM   OBSERVED TIME   RECORD YEAR NORMAL DEPARTURE LAST
                VALUE   (LST)  VALUE       VALUE  FROM      YEAR
                                                  NORMAL
..................................................................
TEMPERATURE (F)
 TODAY
  MINIMUM         43    500 AM  19    1894  41      2       47

PRECIPITATION (IN)
  TODAY            0.00          0.97 1977   0.04  -0.04     0.16
  MONTH TO DATE    1.12                      0.72   0.40     1.46
  SINCE OCT 1      8.37                     11.44  -3.07    20.10
  SINCE JAN 1      4.84                      9.89  -5.05    17.12

SNOWFALL (IN)
  TODAY            0.0           4.6  1926   0.0    0.0      0.0
  MONTH TO DATE    0.0                       0.1   -0.1      0.0
  SINCE SEP 1      0.0                       0.1   -0.1      0.0
  SINCE JUL 1      0.0                       0.1   -0.1      0.0
  SNOW DEPTH       0

DEGREE DAYS
 HEATING
  TODAY           21                        11     10       14
  MONTH TO DATE  167                       156     11      180
  SINCE SEP 1    167                       156     11      180
  SINCE JUL 1    174                       209    -35      214

 COOLING
  TODAY            0                         0      0        0
  MONTH TO DATE   54                        37     17       26
  SINCE SEP 1     54                        37     17       26
  SINCE JAN 1    684                       532    152      431
..................................................................





WEATHER CONDITIONS
 THE FOLLOWING WEATHER WAS RECORDED TODAY.
  NO SIGNIFICANT WEATHER WAS OBSERVED.


RELATIVE HUMIDITY (PERCENT)
 HIGHEST    96           200 AM

..........................................................


THE GLASGOW MT CLIMATE NORMALS FOR TOMORROW
                         NORMAL    RECORD    YEAR
 MAXIMUM TEMPERATURE (F)   68        93      1917
 MINIMUM TEMPERATURE (F)   41        20      1926


SUNRISE AND SUNSET
SEPTEMBER 23 2017.....SUNRISE   655 AM MDT   SUNSET   702 PM MDT
SEPTEMBER 24 2017.....SUNRISE   656 AM MDT   SUNSET   659 PM MDT


-  INDICATES NEGATIVE NUMBERS.
R  INDICATES RECORD WAS SET OR TIED.
MM INDICATES DATA IS MISSING.
T  INDICATES TRACE AMOUNT.

$$
