000
CDUS45 KGGW 300741
CLIGGW

CLIMATE REPORT
NATIONAL WEATHER SERVICE GLASGOW MT
140 AM MDT TUE AUG 30 2016


...................................

...THE GLASGOW MT CLIMATE SUMMARY FOR AUGUST 29 2016...

CLIMATE NORMAL PERIOD 1981 TO 2010
CLIMATE RECORD PERIOD 1893 TO 2016


WEATHER ITEM   OBSERVED TIME   RECORD YEAR NORMAL DEPARTURE LAST
                VALUE   (LST)  VALUE       VALUE  FROM      YEAR
                                                  NORMAL
..................................................................
TEMPERATURE (F)
 YESTERDAY
  MAXIMUM         83    545 PM  99    1938  80      3       92
  MINIMUM         50    616 AM  33    1902  52     -2       63
  AVERAGE         67                        66      1       78

PRECIPITATION (IN)
  YESTERDAY        0.00          0.50 1941   0.03  -0.03     0.00
  MONTH TO DATE    0.52                      1.17  -0.65     0.65
  SINCE OCT 1     18.64                     10.65   7.99    10.56
  SINCE JAN 1     15.66                      9.10   6.56     9.30

SNOWFALL (IN)
  YESTERDAY        0.0           0.0  2002   0.0    0.0      0.0
                                      2001
                                      2000
  MONTH TO DATE    0.0                       0.0    0.0      0.0
  SINCE JUN 1      0.0                       0.0    0.0      0.0
  SINCE JUL 1      0.0                       0.0    0.0      0.0
  SNOW DEPTH       0

DEGREE DAYS
 HEATING
  YESTERDAY        0                         3     -3        0
  MONTH TO DATE   26                        28     -2       43
  SINCE JUN 1     66                       151    -85       94
  SINCE JUL 1     34                        46    -12       48

 COOLING
  YESTERDAY        2                         4     -2       13
  MONTH TO DATE  135                       189    -54      209
  SINCE JUN 1    370                       471   -101      557
  SINCE JAN 1    381                       488   -107      557
..................................................................


WIND (MPH)
  HIGHEST WIND SPEED    17   HIGHEST WIND DIRECTION    SE (130)
  HIGHEST GUST SPEED    24   HIGHEST GUST DIRECTION    SE (150)
  AVERAGE WIND SPEED     9.5


SKY COVER
  POSSIBLE SUNSHINE  MM
  AVERAGE SKY COVER 0.0


WEATHER CONDITIONS
 THE FOLLOWING WEATHER WAS RECORDED YESTERDAY.
  NO SIGNIFICANT WEATHER WAS OBSERVED.


RELATIVE HUMIDITY (PERCENT)
 HIGHEST    77           500 AM
 LOWEST     28           300 PM
 AVERAGE    53

..........................................................


THE GLASGOW MT CLIMATE NORMALS FOR TODAY
                         NORMAL    RECORD    YEAR
 MAXIMUM TEMPERATURE (F)   80       104      1921
 MINIMUM TEMPERATURE (F)   52        37      1912


SUNRISE AND SUNSET
AUGUST 30 2016........SUNRISE   622 AM MDT   SUNSET   751 PM MDT
AUGUST 31 2016........SUNRISE   624 AM MDT   SUNSET   749 PM MDT


-  INDICATES NEGATIVE NUMBERS.
R  INDICATES RECORD WAS SET OR TIED.
MM INDICATES DATA IS MISSING.
T  INDICATES TRACE AMOUNT.




$$
