000
CDUS45 KGGW 250017
CLIGGW


CLIMATE REPORT
NATIONAL WEATHER SERVICE GLASGOW MT
517 PM MST TUE JAN 24 2017


...................................

...THE GLASGOW MT CLIMATE SUMMARY FOR JANUARY 24 2017...
VALID TODAY AS OF 0500 PM LOCAL TIME.

CLIMATE NORMAL PERIOD 1981 TO 2010
CLIMATE RECORD PERIOD 1893 TO 2017


WEATHER ITEM   OBSERVED TIME   RECORD YEAR NORMAL DEPARTURE LAST
                VALUE   (LST)  VALUE       VALUE  FROM      YEAR
                                                  NORMAL
..................................................................
TEMPERATURE (F)
 TODAY
  MAXIMUM         20    214 PM  55    1968  24     -4       26
  MINIMUM         18    515 PM -45    1920   5     13       21
  AVERAGE         19                        14      5       24

PRECIPITATION (IN)
  TODAY            0.01          0.32 1941   0.01   0.00     0.10
  MONTH TO DATE    0.47                      0.31   0.16     0.34
  SINCE OCT 1      4.00                      1.86   2.14     3.32
  SINCE JAN 1      0.47                      0.31   0.16     0.34

SNOWFALL (IN)
  TODAY            0.5           4.6  2004   0.2    0.3      1.5
  MONTH TO DATE   12.7                       6.6    6.1      5.6
  SINCE DEC 1     21.9                      14.6    7.3     18.4
  SINCE JUL 1     22.3                      21.2    1.1     19.4
  SNOW DEPTH       4  (12Z / 5AM MST)

DEGREE DAYS
 HEATING
  TODAY           46                        51     -5       41
  MONTH TO DATE 1393                      1239    154     1250
  SINCE DEC 1   3030                      2748    282     2593
  SINCE JUL 1   4649                      4741    -92     4255

 COOLING
  TODAY            0                         0      0        0
  MONTH TO DATE    0                         0      0        0
  SINCE DEC 1      0                         0      0        0
  SINCE JAN 1      0                         0      0        0
..................................................................


WIND (MPH)
  HIGHEST WIND SPEED    17   HIGHEST WIND DIRECTION    NW (300)
  HIGHEST GUST SPEED    19   HIGHEST GUST DIRECTION    NW (300)
  AVERAGE WIND SPEED    10.0


SKY COVER
  POSSIBLE SUNSHINE  MM
  AVERAGE SKY COVER 1.0


WEATHER CONDITIONS
 THE FOLLOWING WEATHER WAS RECORDED TODAY.
  LIGHT SNOW
  FOG


RELATIVE HUMIDITY (PERCENT)
 HIGHEST    92           900 AM
 LOWEST     73           300 PM
 AVERAGE    83

..........................................................


THE GLASGOW MT CLIMATE NORMALS FOR TOMORROW
                         NORMAL    RECORD    YEAR
 MAXIMUM TEMPERATURE (F)   24        50      2015
                                             2014
                                             2012
 MINIMUM TEMPERATURE (F)    5       -48      1943


SUNRISE AND SUNSET
JANUARY 24 2017.......SUNRISE   744 AM MST   SUNSET   454 PM MST
JANUARY 25 2017.......SUNRISE   743 AM MST   SUNSET   456 PM MST


-  INDICATES NEGATIVE NUMBERS.
R  INDICATES RECORD WAS SET OR TIED.
MM INDICATES DATA IS MISSING.
T  INDICATES TRACE AMOUNT.




$$
