000
CDUS45 KGGW 260015
CLIGGW


CLIMATE REPORT
NATIONAL WEATHER SERVICE GLASGOW MT
615 PM MDT SUN SEP 25 2016


...................................

...THE GLASGOW MT CLIMATE SUMMARY FOR SEPTEMBER 25 2016...
VALID TODAY AS OF 0500 PM LOCAL TIME.

CLIMATE NORMAL PERIOD 1981 TO 2010
CLIMATE RECORD PERIOD 1893 TO 2016


WEATHER ITEM   OBSERVED TIME   RECORD YEAR NORMAL DEPARTURE LAST
                VALUE   (LST)  VALUE       VALUE  FROM      YEAR
                                                  NORMAL
..................................................................
TEMPERATURE (F)
 TODAY
  MAXIMUM         67    341 PM  93    2015  67      0       93
  MINIMUM         36    620 AM  14    1928  41     -5       54
  AVERAGE         52                        54     -2       74

PRECIPITATION (IN)
  TODAY            0.00          0.40 1986   0.03  -0.03     0.00
  MONTH TO DATE    1.67                      0.78   0.89     0.57
  SINCE OCT 1     20.31                     11.50   8.81    11.32
  SINCE JAN 1     17.33                      9.95   7.38    10.06

SNOWFALL (IN)
  TODAY            0.0           T    1972   0.0    0.0      0.0
  MONTH TO DATE    0.0                       0.1   -0.1      0.0
  SINCE SEP 1      0.0                       0.1   -0.1      0.0
  SINCE JUL 1      0.0                       0.1   -0.1      0.0
  SNOW DEPTH       0

DEGREE DAYS
 HEATING
  TODAY           13                        12      1        0
  MONTH TO DATE  209                       179     30      127
  SINCE SEP 1    209                       179     30      127
  SINCE JUL 1    243                       232     11      177

 COOLING
  TODAY            0                         0      0        9
  MONTH TO DATE   26                        37    -11       40
  SINCE SEP 1     26                        37    -11       40
  SINCE JAN 1    431                       532   -101      604
..................................................................


WIND (MPH)
  HIGHEST WIND SPEED    21   HIGHEST WIND DIRECTION     W (270)
  HIGHEST GUST SPEED    31   HIGHEST GUST DIRECTION     W (270)
  AVERAGE WIND SPEED    13.1


SKY COVER
  POSSIBLE SUNSHINE  MM
  AVERAGE SKY COVER 0.0


WEATHER CONDITIONS
 THE FOLLOWING WEATHER WAS RECORDED TODAY.
  NO SIGNIFICANT WEATHER WAS OBSERVED.


RELATIVE HUMIDITY (PERCENT)
 HIGHEST    92           600 AM
 LOWEST     30          1200 PM
 AVERAGE    61

..........................................................


THE GLASGOW MT CLIMATE NORMALS FOR TOMORROW
                         NORMAL    RECORD    YEAR
 MAXIMUM TEMPERATURE (F)   67        93      1952
 MINIMUM TEMPERATURE (F)   40        19      1928


SUNRISE AND SUNSET
SEPTEMBER 25 2016.....SUNRISE   658 AM MDT   SUNSET   657 PM MDT
SEPTEMBER 26 2016.....SUNRISE   700 AM MDT   SUNSET   655 PM MDT


-  INDICATES NEGATIVE NUMBERS.
R  INDICATES RECORD WAS SET OR TIED.
MM INDICATES DATA IS MISSING.
T  INDICATES TRACE AMOUNT.

$$
