000
CDUS45 KGGW 291232
CLIGGW


CLIMATE REPORT
NATIONAL WEATHER SERVICE GLASGOW MT
631 AM MDT FRI APR 29 2016


...................................

...THE GLASGOW MT CLIMATE SUMMARY FOR APRIL 29 2016...
VALID AS OF 0600 AM LOCAL TIME.

CLIMATE NORMAL PERIOD 1981 TO 2010
CLIMATE RECORD PERIOD 1893 TO 2016


WEATHER ITEM   OBSERVED TIME   RECORD YEAR NORMAL DEPARTURE LAST
                VALUE   (LST)  VALUE       VALUE  FROM      YEAR
                                                  NORMAL
..................................................................
TEMPERATURE (F)
 TODAY
  MINIMUM         36   1256 AM   7    1954  36      0       42

PRECIPITATION (IN)
  TODAY            0.00          0.68 1953   0.04  -0.04     0.05
  MONTH TO DATE    2.63                      0.81   1.82     1.14
  SINCE OCT 1      6.75                      3.41   3.34     4.21
  SINCE JAN 1      3.77                      1.86   1.91     2.95

SNOWFALL (IN)
  TODAY            0.0           3.0  1967   0.1   -0.1      0.0
  MONTH TO DATE    3.2                       1.9    1.3      5.3
  SINCE MAR 1      6.1                       6.6   -0.5      8.1
  SINCE JUL 1     27.6                      33.6   -6.0     43.2
  SNOW DEPTH       0

DEGREE DAYS
 HEATING
  TODAY           27                        15     12        3
  MONTH TO DATE  549                       587    -38      562
  SINCE MAR 1   1321                      1621   -300     1333
  SINCE JUL 1   6786                      7991  -1205     7417

 COOLING
  TODAY            0                         0      0        0
  MONTH TO DATE    0                         0      0        0
  SINCE MAR 1      0                         0      0        0
  SINCE JAN 1      0                         0      0        0
..................................................................





WEATHER CONDITIONS
 THE FOLLOWING WEATHER WAS RECORDED TODAY.
  NO SIGNIFICANT WEATHER WAS OBSERVED.


RELATIVE HUMIDITY (PERCENT)
 HIGHEST    89           100 AM

..........................................................


THE GLASGOW MT CLIMATE NORMALS FOR TOMORROW
                         NORMAL    RECORD    YEAR
 MAXIMUM TEMPERATURE (F)   63        89      1901
 MINIMUM TEMPERATURE (F)   37        13      1899


SUNRISE AND SUNSET
APRIL 29 2016.........SUNRISE   550 AM MDT   SUNSET   818 PM MDT
APRIL 30 2016.........SUNRISE   549 AM MDT   SUNSET   820 PM MDT


-  INDICATES NEGATIVE NUMBERS.
R  INDICATES RECORD WAS SET OR TIED.
MM INDICATES DATA IS MISSING.
T  INDICATES TRACE AMOUNT.




$$
