000
CDUS45 KGGW 270035
CLIGGW


CLIMATE REPORT
NATIONAL WEATHER SERVICE GLASGOW MT
635 PM MDT WED APR 26 2017


...................................

...THE GLASGOW MT CLIMATE SUMMARY FOR APRIL 26 2017...
VALID TODAY AS OF 0500 PM LOCAL TIME.

CLIMATE NORMAL PERIOD 1981 TO 2010
CLIMATE RECORD PERIOD 1893 TO 2017


WEATHER ITEM   OBSERVED TIME   RECORD YEAR NORMAL DEPARTURE LAST
                VALUE   (LST)  VALUE       VALUE  FROM      YEAR
                                                  NORMAL
..................................................................
TEMPERATURE (F)
 TODAY
  MAXIMUM         51        MM  93    1952  62    -11       40
  MINIMUM         34        MM  17    1931  35     -1       34
  AVERAGE         43                        49     -6       37

PRECIPITATION (IN)
  TODAY            0.00          0.70 1901   0.03  -0.03     0.26
  MONTH TO DATE    0.46                      0.69  -0.23     2.35
  SINCE OCT 1      5.50                      3.29   2.21     6.47
  SINCE JAN 1      1.97                      1.74   0.23     3.49

SNOWFALL (IN)
  TODAY            0.0           1.4  1966   0.0    0.0       T
  MONTH TO DATE    0.0                       1.7   -1.7      3.2
  SINCE MAR 1      6.2                       6.4   -0.2      6.1
  SINCE JUL 1     37.7                      33.4    4.3     27.6
  SNOW DEPTH       0

DEGREE DAYS
 HEATING
  TODAY           22                        16      6       28
  MONTH TO DATE  511                       540    -29      474
  SINCE MAR 1   1466                      1574   -108     1246
  SINCE JUL 1   7573                      7944   -371     6711

 COOLING
  TODAY            0                         0      0        0
  MONTH TO DATE    0                         0      0        0
  SINCE MAR 1      0                         0      0        0
  SINCE JAN 1      0                         0      0        0
..................................................................


WIND (MPH)
  HIGHEST WIND SPEED    16   HIGHEST WIND DIRECTION    SE (140)
  HIGHEST GUST SPEED    29   HIGHEST GUST DIRECTION    SE (140)
  AVERAGE WIND SPEED    12.5


SKY COVER
  POSSIBLE SUNSHINE  MM
  AVERAGE SKY COVER 0.7


WEATHER CONDITIONS
 THE FOLLOWING WEATHER WAS RECORDED TODAY.
  NO SIGNIFICANT WEATHER WAS OBSERVED.


RELATIVE HUMIDITY (PERCENT)
 HIGHEST    69           400 AM
 LOWEST     39           400 PM
 AVERAGE    54

..........................................................


THE GLASGOW MT CLIMATE NORMALS FOR TOMORROW
                         NORMAL    RECORD    YEAR
 MAXIMUM TEMPERATURE (F)   62        87      2001
                                             1949
 MINIMUM TEMPERATURE (F)   36        12      1907


SUNRISE AND SUNSET
APRIL 26 2017.........SUNRISE   556 AM MDT   SUNSET   814 PM MDT
APRIL 27 2017.........SUNRISE   554 AM MDT   SUNSET   815 PM MDT


-  INDICATES NEGATIVE NUMBERS.
R  INDICATES RECORD WAS SET OR TIED.
MM INDICATES DATA IS MISSING.
T  INDICATES TRACE AMOUNT.




$$
