000
CDUS45 KGJT 270747
CLIGJT


CLIMATE REPORT
NATIONAL WEATHER SERVICE GRAND JUNCTION CO
130 AM MDT FRI MAR 27 2015


...................................

...THE GRAND JUNCTION CO CLIMATE SUMMARY FOR MARCH 26 2015...

CLIMATE NORMAL PERIOD 1981 TO 2010
CLIMATE RECORD PERIOD 1893 TO 2015


WEATHER ITEM   OBSERVED TIME   RECORD YEAR NORMAL DEPARTURE LAST
                VALUE   (LST)  VALUE       VALUE  FROM      YEAR
                                                  NORMAL
..................................................................
TEMPERATURE (F)
 YESTERDAY
  MAXIMUM         62    453 PM  81    1971  59      3       62
  MINIMUM         25    336 AM  16    1917  33     -8       44
  AVERAGE         44                        46     -2       53

PRECIPITATION (IN)
  YESTERDAY        0.00          0.38 1975   0.04  -0.04     0.01
  MONTH TO DATE    0.27                      0.75  -0.48     0.09
  SINCE MAR 1      0.27                      0.75  -0.48     0.09
  SINCE JAN 1      1.13                      1.87  -0.74     1.47

SNOWFALL (IN)
  YESTERDAY        0.0           4.0  1975   0.1   -0.1      0.0
  MONTH TO DATE    1.9                       2.2   -0.3       T
  SINCE MAR 1      1.9                       2.2   -0.3       T
  SINCE JUL 1     10.5                      17.7   -7.2     25.7
  SNOW DEPTH       0

DEGREE DAYS
 HEATING
  YESTERDAY       21                        19      2       12
  MONTH TO DATE  480                       563    -83      554
  SINCE MAR 1    480                       563    -83      554
  SINCE JUL 1   4465                      4942   -477     5492

 COOLING
  YESTERDAY        0                         0      0        0
  MONTH TO DATE    0                         0      0        0
  SINCE MAR 1      0                         0      0        0
  SINCE JAN 1      0                         0      0        0
..................................................................


WIND (MPH)
  HIGHEST WIND SPEED    16   HIGHEST WIND DIRECTION    SE (120)
  HIGHEST GUST SPEED    19   HIGHEST GUST DIRECTION    SE (120)
  AVERAGE WIND SPEED     5.6


SKY COVER
  POSSIBLE SUNSHINE  MM
  AVERAGE SKY COVER 0.0


WEATHER CONDITIONS
 THE FOLLOWING WEATHER WAS RECORDED YESTERDAY.
  NO SIGNIFICANT WEATHER WAS OBSERVED.


RELATIVE HUMIDITY (PERCENT)
 HIGHEST    63           400 AM
 LOWEST     19           200 PM
 AVERAGE    41

..........................................................


THE GRAND JUNCTION CO CLIMATE NORMALS FOR TODAY
                         NORMAL    RECORD    YEAR
 MAXIMUM TEMPERATURE (F)   60        77      1988
 MINIMUM TEMPERATURE (F)   33        16      1975
                                             1931


SUNRISE AND SUNSET
MARCH 27 2015.........SUNRISE   707 AM MDT   SUNSET   733 PM MDT
MARCH 28 2015.........SUNRISE   705 AM MDT   SUNSET   734 PM MDT


-  INDICATES NEGATIVE NUMBERS.
R  INDICATES RECORD WAS SET OR TIED.
MM INDICATES DATA IS MISSING.
T  INDICATES TRACE AMOUNT.




$$
