000
CDUS45 KGJT 200730
CLIGJT


CLIMATE REPORT
NATIONAL WEATHER SERVICE GRAND JUNCTION CO
1227 AM MST MON FEB 20 2017


...................................

...THE GRAND JUNCTION CO CLIMATE SUMMARY FOR FEBRUARY 19 2017...

CLIMATE NORMAL PERIOD 1981 TO 2010
CLIMATE RECORD PERIOD 1893 TO 2017


WEATHER ITEM   OBSERVED TIME   RECORD YEAR NORMAL DEPARTURE LAST
                VALUE   (LST)  VALUE       VALUE  FROM      YEAR
                                                  NORMAL
..................................................................
TEMPERATURE (F)
 YESTERDAY
  MAXIMUM         48   1119 AM  64    1986  47      1       53
  MINIMUM         35    724 AM  -4    1903  25     10       27
  AVERAGE         42                        36      6       40

PRECIPITATION (IN)
  YESTERDAY        0.12          0.45 1951   0.02   0.10     0.00
  MONTH TO DATE    0.34                      0.35  -0.01     0.44
  SINCE DEC 1      2.08                      1.52   0.56     2.05
  SINCE JAN 1      1.35                      0.93   0.42     1.36

SNOWFALL (IN)
  YESTERDAY        0.0           5.3  1951   0.1   -0.1      0.0
  MONTH TO DATE    0.0                       2.4   -2.4      4.7
  SINCE DEC 1     11.2                      12.2   -1.0     24.0
  SINCE JUL 1     11.7                      14.7   -3.0     27.4
  SNOW DEPTH       0

DEGREE DAYS
 HEATING
  YESTERDAY       23                        29     -6       25
  MONTH TO DATE  403                       611   -208      704
  SINCE DEC 1   2534                      2909   -375     3192
  SINCE JUL 1   3404                      4137   -733     4241

 COOLING
  YESTERDAY        0                         0      0        0
  MONTH TO DATE    0                         0      0        0
  SINCE DEC 1      0                         0      0        0
  SINCE JAN 1      0                         0      0        0
..................................................................


WIND (MPH)
  HIGHEST WIND SPEED    15   HIGHEST WIND DIRECTION     N (340)
  HIGHEST GUST SPEED    18   HIGHEST GUST DIRECTION     N (340)
  AVERAGE WIND SPEED     5.8


SKY COVER
  POSSIBLE SUNSHINE  MM
  AVERAGE SKY COVER 0.9


WEATHER CONDITIONS
 THE FOLLOWING WEATHER WAS RECORDED YESTERDAY.
  RAIN
  LIGHT RAIN
  FOG


RELATIVE HUMIDITY (PERCENT)
 HIGHEST   100          1200 AM
 LOWEST     70          1000 AM
 AVERAGE    85

..........................................................


THE GRAND JUNCTION CO CLIMATE NORMALS FOR TODAY
                         NORMAL    RECORD    YEAR
 MAXIMUM TEMPERATURE (F)   48        65      1995
 MINIMUM TEMPERATURE (F)   26        -5      1903


SUNRISE AND SUNSET
FEBRUARY 20 2017......SUNRISE   659 AM MST   SUNSET   557 PM MST
FEBRUARY 21 2017......SUNRISE   657 AM MST   SUNSET   558 PM MST


-  INDICATES NEGATIVE NUMBERS.
R  INDICATES RECORD WAS SET OR TIED.
MM INDICATES DATA IS MISSING.
T  INDICATES TRACE AMOUNT.




$$
