000
CDUS45 KGJT 300759
CLIGJT


CLIMATE REPORT
NATIONAL WEATHER SERVICE GRAND JUNCTION CO
1230 AM MST FRI JAN 30 2015


...................................

...THE GRAND JUNCTION CO CLIMATE SUMMARY FOR JANUARY 29 2015...

CLIMATE NORMAL PERIOD 1981 TO 2010
CLIMATE RECORD PERIOD 1893 TO 2015


WEATHER ITEM   OBSERVED TIME   RECORD YEAR NORMAL DEPARTURE LAST
                VALUE   (LST)  VALUE       VALUE  FROM      YEAR
                                                  NORMAL
..................................................................
TEMPERATURE (F)
 YESTERDAY
  MAXIMUM         53    227 PM  56    1935  40     13       38
                                      1931
  MINIMUM         31    748 AM  -5    1973  19     12       17
  AVERAGE         42                        29     13       28

PRECIPITATION (IN)
  YESTERDAY        0.00          0.50 1951   0.02  -0.02     0.00
  MONTH TO DATE    0.44                      0.55  -0.11     0.04
  SINCE DEC 1      1.50                      1.14   0.36     1.00
  SINCE JAN 1      0.44                      0.55  -0.11     0.04

SNOWFALL (IN)
  YESTERDAY        0.0           6.1  1951   0.2   -0.2      0.0
  MONTH TO DATE    1.3                       4.7   -3.4      0.7
  SINCE DEC 1      6.9                       9.6   -2.7     11.4
  SINCE JUL 1      6.9                      12.1   -5.2     16.2
  SNOW DEPTH       0

DEGREE DAYS
 HEATING
  YESTERDAY       23                        36    -13       37
  MONTH TO DATE  980                      1094   -114     1186
  SINCE DEC 1   1994                      2225   -231     2702
  SINCE JUL 1   3218                      3453   -235     4041

 COOLING
  YESTERDAY        0                         0      0        0
  MONTH TO DATE    0                         0      0        0
  SINCE DEC 1      0                         0      0        0
  SINCE JAN 1      0                         0      0        0
..................................................................


WIND (MPH)
  HIGHEST WIND SPEED    14   HIGHEST WIND DIRECTION    SE (120)
  HIGHEST GUST SPEED    16   HIGHEST GUST DIRECTION    SE (150)
  AVERAGE WIND SPEED     6.2


SKY COVER
  POSSIBLE SUNSHINE  MM
  AVERAGE SKY COVER 0.3


WEATHER CONDITIONS
 THE FOLLOWING WEATHER WAS RECORDED YESTERDAY.
  NO SIGNIFICANT WEATHER WAS OBSERVED.


RELATIVE HUMIDITY (PERCENT)
 HIGHEST    82           200 AM
 LOWEST     38           200 PM
 AVERAGE    60

..........................................................


THE GRAND JUNCTION CO CLIMATE NORMALS FOR TODAY
                         NORMAL    RECORD    YEAR
 MAXIMUM TEMPERATURE (F)   40        58      1954
 MINIMUM TEMPERATURE (F)   19       -10      1973


SUNRISE AND SUNSET
JANUARY 30 2015.......SUNRISE   723 AM MST   SUNSET   533 PM MST
JANUARY 31 2015.......SUNRISE   722 AM MST   SUNSET   534 PM MST


-  INDICATES NEGATIVE NUMBERS.
R  INDICATES RECORD WAS SET OR TIED.
MM INDICATES DATA IS MISSING.
T  INDICATES TRACE AMOUNT.




$$
