000
CDUS45 KGJT 232346
CLIGJT


CLIMATE REPORT
NATIONAL WEATHER SERVICE GRAND JUNCTION CO
530 PM MDT TUE SEP 23 2014


...................................

...THE GRAND JUNCTION CO CLIMATE SUMMARY FOR SEPTEMBER 23 2014...
VALID TODAY AS OF 0500 PM LOCAL TIME.

CLIMATE NORMAL PERIOD 1981 TO 2010
CLIMATE RECORD PERIOD 1893 TO 2014


WEATHER ITEM   OBSERVED TIME   RECORD YEAR NORMAL DEPARTURE LAST
                VALUE   (LST)  VALUE       VALUE  FROM      YEAR
                                                  NORMAL
..................................................................
TEMPERATURE (F)
 TODAY
  MAXIMUM         82    250 PM  90    1966  77      5       67
  MINIMUM         56    642 AM  35    1895  49      7       45
  AVERAGE         69                        63      6       56

PRECIPITATION (IN)
  TODAY            0.00          1.70 1896   0.04  -0.04      T
  MONTH TO DATE    0.86                      0.91  -0.05     2.93
  SINCE SEP 1      0.86                      0.91  -0.05     2.93
  SINCE JAN 1      8.95                      6.76   2.19     8.90

SNOWFALL (IN)
  TODAY            0.0           0.0  2013   0.0    0.0      0.0
  MONTH TO DATE    0.0                       0.0    0.0      0.0
  SINCE SEP 1      0.0                       0.0    0.0      0.0
  SINCE JUL 1      0.0                       0.0    0.0      0.0
  SNOW DEPTH       0

DEGREE DAYS
 HEATING
  TODAY            0                         4     -4        9
  MONTH TO DATE   10                        37    -27       29
  SINCE SEP 1     10                        37    -27       29
  SINCE JUL 1     15                        40    -25       29

 COOLING
  TODAY            4                         2      2        0
  MONTH TO DATE   98                        96      2      138
  SINCE SEP 1     98                        96      2      138
  SINCE JAN 1   1024                      1115    -91     1264
..................................................................


WIND (MPH)
  HIGHEST WIND SPEED    15   HIGHEST WIND DIRECTION    NW (320)
  HIGHEST GUST SPEED    19   HIGHEST GUST DIRECTION     S (160)
  AVERAGE WIND SPEED     7.9


SKY COVER
  POSSIBLE SUNSHINE  MM
  AVERAGE SKY COVER 0.3


WEATHER CONDITIONS
 THE FOLLOWING WEATHER WAS RECORDED TODAY.
  NO SIGNIFICANT WEATHER WAS OBSERVED.


RELATIVE HUMIDITY (PERCENT)
 HIGHEST    80           200 AM
 LOWEST     28           400 PM
 AVERAGE    54

..........................................................


THE GRAND JUNCTION CO CLIMATE NORMALS FOR TOMORROW
                         NORMAL    RECORD    YEAR
 MAXIMUM TEMPERATURE (F)   76        89      1966
 MINIMUM TEMPERATURE (F)   49        35      2000


SUNRISE AND SUNSET
SEPTEMBER 23 2014.....SUNRISE   703 AM MDT   SUNSET   709 PM MDT
SEPTEMBER 24 2014.....SUNRISE   704 AM MDT   SUNSET   708 PM MDT


-  INDICATES NEGATIVE NUMBERS.
R  INDICATES RECORD WAS SET OR TIED.
MM INDICATES DATA IS MISSING.
T  INDICATES TRACE AMOUNT.




$$
