000
CDUS45 KGJT 062352
CLIGJT


CLIMATE REPORT
NATIONAL WEATHER SERVICE GRAND JUNCTION CO
430 PM MST SAT FEB 6 2016


...................................

...THE GRAND JUNCTION CO CLIMATE SUMMARY FOR FEBRUARY 6 2016...
VALID TODAY AS OF 0400 PM LOCAL TIME.

CLIMATE NORMAL PERIOD 1981 TO 2010
CLIMATE RECORD PERIOD 1893 TO 2016


WEATHER ITEM   OBSERVED TIME   RECORD YEAR NORMAL DEPARTURE LAST
                VALUE   (LST)  VALUE       VALUE  FROM      YEAR
                                                  NORMAL
..................................................................
TEMPERATURE (F)
 TODAY
  MAXIMUM         23    210 PM  61    1963  42    -19       60
                                      1934
  MINIMUM          0    733 AM -18    1989  21    -21       26
  AVERAGE         12                        31    -19       43

PRECIPITATION (IN)
  TODAY            T             0.22 1929   0.02  -0.02     0.00
  MONTH TO DATE    0.42                      0.10   0.32     0.00
  SINCE DEC 1      2.03                      1.27   0.76     1.79
  SINCE JAN 1      1.34                      0.68   0.66     0.73

SNOWFALL (IN)
  TODAY            T             2.3  1921   0.1   -0.1      0.0
  MONTH TO DATE    4.7                       0.8    3.9      0.0
  SINCE DEC 1     24.0                      10.6   13.4      6.9
  SINCE JUL 1     27.4                      13.1   14.3      6.9
  SNOW DEPTH       4

DEGREE DAYS
 HEATING
  TODAY           53                        34     19       22
  MONTH TO DATE  299                       207     92      138
  SINCE DEC 1   2787                      2505    282     2184
  SINCE JUL 1   3836                      3733    103     3408

 COOLING
  TODAY            0                         0      0        0
  MONTH TO DATE    0                         0      0        0
  SINCE DEC 1      0                         0      0        0
  SINCE JAN 1      0                         0      0        0
..................................................................


WIND (MPH)
  HIGHEST WIND SPEED     8   HIGHEST WIND DIRECTION    NW (320)
  HIGHEST GUST SPEED     9   HIGHEST GUST DIRECTION    NW (330)
  AVERAGE WIND SPEED     2.8


SKY COVER
  POSSIBLE SUNSHINE  MM
  AVERAGE SKY COVER 0.0


WEATHER CONDITIONS
 THE FOLLOWING WEATHER WAS RECORDED TODAY.
  LIGHT SNOW
  FOG


RELATIVE HUMIDITY (PERCENT)
 HIGHEST   100           300 AM
 LOWEST     68           300 PM
 AVERAGE    84

..........................................................


THE GRAND JUNCTION CO CLIMATE NORMALS FOR TOMORROW
                         NORMAL    RECORD    YEAR
 MAXIMUM TEMPERATURE (F)   42        60      1995
 MINIMUM TEMPERATURE (F)   21       -15      1903


SUNRISE AND SUNSET
FEBRUARY  6 2016......SUNRISE   716 AM MST   SUNSET   541 PM MST
FEBRUARY  7 2016......SUNRISE   715 AM MST   SUNSET   542 PM MST


-  INDICATES NEGATIVE NUMBERS.
R  INDICATES RECORD WAS SET OR TIED.
MM INDICATES DATA IS MISSING.
T  INDICATES TRACE AMOUNT.




$$
