000
CDUS45 KGJT 300734
CLIGJT


CLIMATE REPORT
NATIONAL WEATHER SERVICE GRAND JUNCTION CO
130 AM MDT SAT APR 30 2016


...................................

...THE GRAND JUNCTION CO CLIMATE SUMMARY FOR APRIL 29 2016...

CLIMATE NORMAL PERIOD 1981 TO 2010
CLIMATE RECORD PERIOD 1893 TO 2016


WEATHER ITEM   OBSERVED TIME   RECORD YEAR NORMAL DEPARTURE LAST
                VALUE   (LST)  VALUE       VALUE  FROM      YEAR
                                                  NORMAL
..................................................................
TEMPERATURE (F)
 YESTERDAY
  MAXIMUM         58    333 PM  89    1992  70    -12       76
  MINIMUM         37    552 AM  24    1996  42     -5       43
  AVERAGE         48                        56     -8       60

PRECIPITATION (IN)
  YESTERDAY        0.07          0.80 1898   0.03   0.04     0.00
  MONTH TO DATE    1.62                      0.88   0.74     2.12
  SINCE MAR 1      2.69                      1.80   0.89     2.39
  SINCE JAN 1      4.06                      2.92   1.14     3.25

SNOWFALL (IN)
  YESTERDAY        0.0           1.5  1962   0.0    0.0      0.0
  MONTH TO DATE    T                         0.9   -0.9      2.0
  SINCE MAR 1      1.1                       3.5   -2.4      3.9
  SINCE JUL 1     28.5                      19.0    9.5     12.5
  SNOW DEPTH       0

DEGREE DAYS
 HEATING
  YESTERDAY       17                         9      8        5
  MONTH TO DATE  412                       393     19      431
  SINCE MAR 1   1026                      1046    -20      954
  SINCE JUL 1   5504                      5425     79     4939

 COOLING
  YESTERDAY        0                         0      0        0
  MONTH TO DATE    0                         0      0        0
  SINCE MAR 1      0                         0      0        0
  SINCE JAN 1      0                         0      0        0
..................................................................


WIND (MPH)
  HIGHEST WIND SPEED    22   HIGHEST WIND DIRECTION    NW (310)
  HIGHEST GUST SPEED    28   HIGHEST GUST DIRECTION    NW (300)
  AVERAGE WIND SPEED     9.0


SKY COVER
  POSSIBLE SUNSHINE  MM
  AVERAGE SKY COVER 0.5


WEATHER CONDITIONS
 THE FOLLOWING WEATHER WAS RECORDED YESTERDAY.
  THUNDERSTORM
  RAIN
  LIGHT RAIN
  FOG


RELATIVE HUMIDITY (PERCENT)
 HIGHEST   100           500 AM
 LOWEST     40           400 PM
 AVERAGE    70

..........................................................


THE GRAND JUNCTION CO CLIMATE NORMALS FOR TODAY
                         NORMAL    RECORD    YEAR
 MAXIMUM TEMPERATURE (F)   70        89      1992
 MINIMUM TEMPERATURE (F)   42        27      2011


SUNRISE AND SUNSET
APRIL 30 2016.........SUNRISE   617 AM MDT   SUNSET   807 PM MDT
MAY  1 2016...........SUNRISE   615 AM MDT   SUNSET   808 PM MDT


-  INDICATES NEGATIVE NUMBERS.
R  INDICATES RECORD WAS SET OR TIED.
MM INDICATES DATA IS MISSING.
T  INDICATES TRACE AMOUNT.




$$
