000
CDUS45 KGJT 160757
CLIGJT


CLIMATE REPORT
NATIONAL WEATHER SERVICE GRAND JUNCTION CO
1254 AM MST TUE JAN 16 2018


...................................

...THE GRAND JUNCTION CO CLIMATE SUMMARY FOR JANUARY 15 2018...

CLIMATE NORMAL PERIOD 1981 TO 2010
CLIMATE RECORD PERIOD 1893 TO 2018


WEATHER ITEM   OBSERVED TIME   RECORD YEAR NORMAL DEPARTURE LAST
                VALUE   (LST)  VALUE       VALUE  FROM      YEAR
                                                  NORMAL
..................................................................
TEMPERATURE (F)
 YESTERDAY
  MAXIMUM         50    242 PM  57    1928  37     13       47
  MINIMUM         19    730 AM -12    2013  17      2       32
  AVERAGE         35                        27      8       40

PRECIPITATION (IN)
  YESTERDAY        0.00          0.22 2006   0.02  -0.02     0.00
                                      1893
  MONTH TO DATE    0.30                      0.30   0.00     0.73
  SINCE DEC 1      0.34                      0.89  -0.55     1.46
  SINCE JAN 1      0.30                      0.30   0.00     0.73

SNOWFALL (IN)
  YESTERDAY        0.0           2.4  2006   0.1   -0.1      0.0
  MONTH TO DATE    0.9                       2.7   -1.8      3.9
  SINCE DEC 1      1.0                       7.6   -6.6      7.4
  SINCE JUL 1      1.0                      10.1   -9.1      7.9
  SNOW DEPTH       0

DEGREE DAYS
 HEATING
  YESTERDAY       30                        38     -8       25
  MONTH TO DATE  481                       574    -93      524
  SINCE DEC 1   1511                      1705   -194     1601
  SINCE JUL 1   2625                      2933   -308     2471

 COOLING
  YESTERDAY        0                         0      0        0
  MONTH TO DATE    0                         0      0        0
  SINCE DEC 1      0                         0      0        0
  SINCE JAN 1      0                         0      0        0
..................................................................


WIND (MPH)
  HIGHEST WIND SPEED    18   HIGHEST WIND DIRECTION    NE (50)
  HIGHEST GUST SPEED    23   HIGHEST GUST DIRECTION    NE (40)
  AVERAGE WIND SPEED     5.6


SKY COVER
  POSSIBLE SUNSHINE  MM
  AVERAGE SKY COVER 0.0


WEATHER CONDITIONS
 THE FOLLOWING WEATHER WAS RECORDED YESTERDAY.
  NO SIGNIFICANT WEATHER WAS OBSERVED.


RELATIVE HUMIDITY (PERCENT)
 HIGHEST    92           200 AM
 LOWEST     39           300 PM
 AVERAGE    66

..........................................................


THE GRAND JUNCTION CO CLIMATE NORMALS FOR TODAY
                         NORMAL    RECORD    YEAR
 MAXIMUM TEMPERATURE (F)   37        56      1943
 MINIMUM TEMPERATURE (F)   17        -5      1947


SUNRISE AND SUNSET
JANUARY 16 2018.......SUNRISE   731 AM MST   SUNSET   517 PM MST
JANUARY 17 2018.......SUNRISE   731 AM MST   SUNSET   518 PM MST


-  INDICATES NEGATIVE NUMBERS.
R  INDICATES RECORD WAS SET OR TIED.
MM INDICATES DATA IS MISSING.
T  INDICATES TRACE AMOUNT.




$$
