000
CDUS45 KGJT 300800
CLIGJT


CLIMATE REPORT
NATIONAL WEATHER SERVICE GRAND JUNCTION CO
130 AM MDT TUE JUN 30 2015


...................................

...THE GRAND JUNCTION CO CLIMATE SUMMARY FOR JUNE 29 2015...

CLIMATE NORMAL PERIOD 1981 TO 2010
CLIMATE RECORD PERIOD 1893 TO 2015


WEATHER ITEM   OBSERVED TIME   RECORD YEAR NORMAL DEPARTURE LAST
                VALUE   (LST)  VALUE       VALUE  FROM      YEAR
                                                  NORMAL
..................................................................
TEMPERATURE (F)
 YESTERDAY
  MAXIMUM         99    355 PM 103    1990  92      7       96
  MINIMUM         71    508 AM  46    1902  61     10       57
  AVERAGE         85                        76      9       77

PRECIPITATION (IN)
  YESTERDAY        0.00          0.25 1938   0.02  -0.02     0.00
  MONTH TO DATE    1.19                      0.45   0.74     0.13
  SINCE JUN 1      1.19                      0.45   0.74     0.13
  SINCE JAN 1      6.29                      4.28   2.01     3.91

SNOWFALL (IN)
  YESTERDAY        0.0           0.0  2014   0.0    0.0      0.0
  MONTH TO DATE    0.0                       0.0    0.0      0.0
  SINCE JUN 1      0.0                       0.0    0.0      0.0
  SINCE JUL 1     12.6                      19.1   -6.5     25.7
  SNOW DEPTH       0

DEGREE DAYS
 HEATING
  YESTERDAY        0                         0      0        0
  MONTH TO DATE   12                        20     -8       19
  SINCE JUN 1     12                        20     -8       19
  SINCE JUL 1   5179                      5609   -430     6269

 COOLING
  YESTERDAY       20                        11      9       12
  MONTH TO DATE  270                       219     51      186
  SINCE JUN 1    270                       219     51      186
  SINCE JAN 1    278                       270      8      245
..................................................................


WIND (MPH)
  HIGHEST WIND SPEED    20   HIGHEST WIND DIRECTION    SE (120)
  HIGHEST GUST SPEED    23   HIGHEST GUST DIRECTION    SE (120)
  AVERAGE WIND SPEED    10.4


SKY COVER
  POSSIBLE SUNSHINE  MM
  AVERAGE SKY COVER 0.1


WEATHER CONDITIONS
 THE FOLLOWING WEATHER WAS RECORDED YESTERDAY.
  NO SIGNIFICANT WEATHER WAS OBSERVED.


RELATIVE HUMIDITY (PERCENT)
 HIGHEST    38           500 AM
 LOWEST     12           700 PM
 AVERAGE    25

..........................................................


THE GRAND JUNCTION CO CLIMATE NORMALS FOR TODAY
                         NORMAL    RECORD    YEAR
 MAXIMUM TEMPERATURE (F)   92       103      2002
 MINIMUM TEMPERATURE (F)   61        38      1968


SUNRISE AND SUNSET
JUNE 30 2015..........SUNRISE   551 AM MDT   SUNSET   844 PM MDT
JULY  1 2015..........SUNRISE   552 AM MDT   SUNSET   844 PM MDT


-  INDICATES NEGATIVE NUMBERS.
R  INDICATES RECORD WAS SET OR TIED.
MM INDICATES DATA IS MISSING.
T  INDICATES TRACE AMOUNT.




$$
