000
CDUS45 KGJT 260738
CLIGJT


CLIMATE REPORT
NATIONAL WEATHER SERVICE GRAND JUNCTION CO
134 AM MDT SUN MAR 26 2017


...................................

...THE GRAND JUNCTION CO CLIMATE SUMMARY FOR MARCH 25 2017...

CLIMATE NORMAL PERIOD 1981 TO 2010
CLIMATE RECORD PERIOD 1893 TO 2017


WEATHER ITEM   OBSERVED TIME   RECORD YEAR NORMAL DEPARTURE LAST
                VALUE   (LST)  VALUE       VALUE  FROM      YEAR
                                                  NORMAL
..................................................................
TEMPERATURE (F)
 YESTERDAY
  MAXIMUM         65    206 PM  79    2012  59      6       52
  MINIMUM         37    528 AM  18    1965  33      4       32
  AVERAGE         51                        46      5       42

PRECIPITATION (IN)
  YESTERDAY        T             0.42 1906   0.03  -0.03     0.00
  MONTH TO DATE    0.03                      0.71  -0.68     0.79
  SINCE MAR 1      0.03                      0.71  -0.68     0.79
  SINCE JAN 1      1.58                      1.83  -0.25     2.16

SNOWFALL (IN)
  YESTERDAY        0.0           1.8  1980   0.1   -0.1      0.0
  MONTH TO DATE    T                         2.1   -2.1      1.1
  SINCE MAR 1      T                         2.1   -2.1      1.1
  SINCE JUL 1     13.9                      17.6   -3.7     28.5
  SNOW DEPTH       0

DEGREE DAYS
 HEATING
  YESTERDAY       14                        19     -5       23
  MONTH TO DATE  356                       544   -188      478
  SINCE MAR 1    356                       544   -188      478
  SINCE JUL 1   4003                      4923   -920     4956

 COOLING
  YESTERDAY        0                         0      0        0
  MONTH TO DATE    0                         0      0        0
  SINCE MAR 1      0                         0      0        0
  SINCE JAN 1      0                         0      0        0
..................................................................


WIND (MPH)
  HIGHEST WIND SPEED    22   HIGHEST WIND DIRECTION    SW (220)
  HIGHEST GUST SPEED    27   HIGHEST GUST DIRECTION    SE (130)
  AVERAGE WIND SPEED    10.6


SKY COVER
  POSSIBLE SUNSHINE  MM
  AVERAGE SKY COVER 0.4


WEATHER CONDITIONS
 THE FOLLOWING WEATHER WAS RECORDED YESTERDAY.
  LIGHT RAIN


RELATIVE HUMIDITY (PERCENT)
 HIGHEST    83          1000 PM
 LOWEST     19           100 PM
 AVERAGE    51

..........................................................


THE GRAND JUNCTION CO CLIMATE NORMALS FOR TODAY
                         NORMAL    RECORD    YEAR
 MAXIMUM TEMPERATURE (F)   59        81      1971
 MINIMUM TEMPERATURE (F)   33        16      1917


SUNRISE AND SUNSET
MARCH 26 2017.........SUNRISE   708 AM MDT   SUNSET   732 PM MDT
MARCH 27 2017.........SUNRISE   706 AM MDT   SUNSET   733 PM MDT


-  INDICATES NEGATIVE NUMBERS.
R  INDICATES RECORD WAS SET OR TIED.
MM INDICATES DATA IS MISSING.
T  INDICATES TRACE AMOUNT.




$$
