000
CDUS45 KGJT 020806
CLIGJT


CLIMATE REPORT
NATIONAL WEATHER SERVICE GRAND JUNCTION CO
130 AM MDT WED SEP 2 2015


...................................

...THE GRAND JUNCTION CO CLIMATE SUMMARY FOR SEPTEMBER 1 2015...

CLIMATE NORMAL PERIOD 1981 TO 2010
CLIMATE RECORD PERIOD 1893 TO 2015


WEATHER ITEM   OBSERVED TIME   RECORD YEAR NORMAL DEPARTURE LAST
                VALUE   (LST)  VALUE       VALUE  FROM      YEAR
                                                  NORMAL
..................................................................
TEMPERATURE (F)
 YESTERDAY
  MAXIMUM         86    434 PM  99    1995  86      0       85
  MINIMUM         56    551 AM  47    1962  58     -2       49
  AVERAGE         71                        72     -1       67

PRECIPITATION (IN)
  YESTERDAY        T             0.50 1937   0.04  -0.04     0.00
  MONTH TO DATE    T                         0.04  -0.04     0.00
  SINCE SEP 1      T                         0.04  -0.04     0.00
  SINCE JAN 1      8.24                      5.89   2.35     8.09

SNOWFALL (IN)
  YESTERDAY        0.0           0.0  2014   0.0    0.0      0.0
  MONTH TO DATE    0.0                       0.0    0.0      0.0
  SINCE SEP 1      0.0                       0.0    0.0      0.0
  SINCE JUL 1      T                         0.0    0.0      0.0
  SNOW DEPTH       0

DEGREE DAYS
 HEATING
  YESTERDAY        0                         0      0        0
  MONTH TO DATE    0                         0      0        0
  SINCE SEP 1      0                         0      0        0
  SINCE JUL 1      0                         3     -3        5

 COOLING
  YESTERDAY        6                         7     -1        2
  MONTH TO DATE    6                         7     -1        2
  SINCE SEP 1      6                         7     -1        2
  SINCE JAN 1    902                      1026   -124      928
..................................................................


WIND (MPH)
  HIGHEST WIND SPEED    31   HIGHEST WIND DIRECTION    SW (230)
  HIGHEST GUST SPEED    39   HIGHEST GUST DIRECTION    SW (230)
  AVERAGE WIND SPEED     7.1


SKY COVER
  POSSIBLE SUNSHINE  MM
  AVERAGE SKY COVER 0.1


WEATHER CONDITIONS
 THE FOLLOWING WEATHER WAS RECORDED YESTERDAY.
  THUNDERSTORM
  LIGHT RAIN


RELATIVE HUMIDITY (PERCENT)
 HIGHEST    80           600 AM
 LOWEST     25           300 PM
 AVERAGE    53

..........................................................


THE GRAND JUNCTION CO CLIMATE NORMALS FOR TODAY
                         NORMAL    RECORD    YEAR
 MAXIMUM TEMPERATURE (F)   86        98      1995
 MINIMUM TEMPERATURE (F)   57        41      1973


SUNRISE AND SUNSET
SEPTEMBER  2 2015.....SUNRISE   644 AM MDT   SUNSET   743 PM MDT
SEPTEMBER  3 2015.....SUNRISE   644 AM MDT   SUNSET   742 PM MDT


-  INDICATES NEGATIVE NUMBERS.
R  INDICATES RECORD WAS SET OR TIED.
MM INDICATES DATA IS MISSING.
T  INDICATES TRACE AMOUNT.




$$
