000
CDUS43 KGLD 290106
CLIGLD

CLIMATE REPORT
NATIONAL WEATHER SERVICE GOODLAND
704 PM MDT SUN MAY 28 2017

...................................

...THE GOODLAND KS CLIMATE SUMMARY FOR MAY 28 2017...
VALID TODAY AS OF 0600 PM LOCAL TIME.

CLIMATE NORMAL PERIOD 1981 TO 2010
CLIMATE RECORD PERIOD 1895 TO 2017

WEATHER ITEM   OBSERVED TIME   RECORD YEAR NORMAL DEPARTURE LAST
                VALUE   (LST)  VALUE       VALUE  FROM      YEAR
                                                  NORMAL
..................................................................
TEMPERATURE (F)
 TODAY
  MAXIMUM         75    420 PM  98    1998  77     -2       76
                                      1934
  MINIMUM         46    319 AM  33    1947  50     -4       46
  AVERAGE         61                        63     -2       61

PRECIPITATION (IN)
  TODAY            0.00          2.36 1975   0.11  -0.11     0.00
  MONTH TO DATE    6.60                      2.59   4.01     1.75
  SINCE MAR 1     10.40                      5.25   5.15     6.29
  SINCE JAN 1     11.33                      6.12   5.21     7.15

SNOWFALL (IN)
  TODAY            0.0                       0.0    0.0      0.0
  MONTH TO DATE    T                         0.5   -0.5       T
  SINCE MAR 1      4.8                      11.5   -6.7      6.7
  SINCE JUL 1     14.2                      35.5  -21.3     30.1
  SNOW DEPTH       0

DEGREE DAYS
 HEATING
  TODAY            4                         4      0        4
  MONTH TO DATE  218                       201     17      238
  SINCE MAR 1   1229                      1439   -210     1278
  SINCE JUL 1   5114                      5856   -742     5124

 COOLING
  TODAY            0                         2     -2        0
  MONTH TO DATE   28                        33     -5       20
  SINCE MAR 1     35                        37     -2       20
  SINCE JAN 1     35                        37     -2       20
..................................................................

WIND (MPH)
  HIGHEST WIND SPEED    21   HIGHEST WIND DIRECTION    NW (330)
  HIGHEST GUST SPEED    25   HIGHEST GUST DIRECTION    NW (330)
  AVERAGE WIND SPEED    12.0


SKY COVER
  AVERAGE SKY COVER 0.1


WEATHER CONDITIONS
 THE FOLLOWING WEATHER WAS RECORDED TODAY.
  NO SIGNIFICANT WEATHER WAS OBSERVED.


RELATIVE HUMIDITY (PERCENT)
 HIGHEST    93           100 AM
 LOWEST     29           300 PM
 AVERAGE    61

..........................................................


THE GOODLAND KS CLIMATE NORMALS FOR TOMORROW
                         NORMAL    RECORD    YEAR
 MAXIMUM TEMPERATURE (F)   77       104      2003
 MINIMUM TEMPERATURE (F)   50        30      1947


SUNRISE AND SUNSET
MAY 28 2017...........SUNRISE   524 AM MDT   SUNSET   805 PM MDT
MAY 29 2017...........SUNRISE   523 AM MDT   SUNSET   806 PM MDT


-  INDICATES NEGATIVE NUMBERS.
R  INDICATES RECORD WAS SET OR TIED.
MM INDICATES DATA IS MISSING.
T  INDICATES TRACE AMOUNT.

&&

THE AVERAGE SOIL TEMPERATURE AT THE FOUR INCH DEPTH... 57

$$
