000
CDUS44 KJAN 062219
CLIGLH


CLIMATE REPORT
NATIONAL WEATHER SERVICE JACKSON MS
417 PM CST TUE DEC 6 2016


...................................

...THE GREENVILLE CLIMATE SUMMARY FOR DECEMBER 6 2016...
VALID TODAY AS OF 0400 PM LOCAL TIME.

CLIMATE NORMAL PERIOD 1981 TO 2010
CLIMATE RECORD PERIOD 1920 TO 2016


WEATHER ITEM   OBSERVED TIME   RECORD YEAR NORMAL DEPARTURE LAST
                VALUE   (LST)  VALUE       VALUE  FROM      YEAR
                                                  NORMAL
..................................................................
TEMPERATURE (F)
 TODAY
  MAXIMUM         51    210 PM  78    1998  57     -6       66
  MINIMUM         46    800 AM  19    1937  37      9       39
  AVERAGE         49                        47      2       53

PRECIPITATION (IN)
  TODAY            0.25          1.98 2004   0.20   0.05     0.00
  MONTH TO DATE    1.50                      1.22   0.28     0.02
  SINCE DEC 1      1.50                      1.22   0.28     0.02
  SINCE JAN 1     48.76                     48.24   0.52    40.35

SNOWFALL (IN)
  TODAY           MM

DEGREE DAYS
 HEATING
  TODAY           16                        18     -2       12
  MONTH TO DATE  102                       106     -4      101
  SINCE DEC 1    102                       106     -4      101
  SINCE JUL 1    371                       568   -197      351

 COOLING
  TODAY            0                         0      0        0
  MONTH TO DATE    0                         0      0        0
  SINCE DEC 1      0                         0      0        0
  SINCE JAN 1   2672                      2186    486     2504
..................................................................


WIND (MPH)
  HIGHEST WIND SPEED    16   HIGHEST WIND DIRECTION    NW (300)
  HIGHEST GUST SPEED    20   HIGHEST GUST DIRECTION    NW (300)
  AVERAGE WIND SPEED     8.9


SKY COVER
  POSSIBLE SUNSHINE  MM
  AVERAGE SKY COVER 1.0


WEATHER CONDITIONS
 THE FOLLOWING WEATHER WAS RECORDED TODAY.
  HEAVY RAIN
  RAIN
  LIGHT RAIN
  FOG


RELATIVE HUMIDITY (PERCENT)
 HIGHEST    93          1200 AM
 LOWEST     71           200 PM
 AVERAGE    82

..........................................................


THE GREENVILLE CLIMATE NORMALS FOR TOMORROW
                         NORMAL    RECORD    YEAR
 MAXIMUM TEMPERATURE (F)   56        82      1951
 MINIMUM TEMPERATURE (F)   37        15      1950


SUNRISE AND SUNSET
DECEMBER  6 2016......SUNRISE   655 AM CST   SUNSET   456 PM CST
DECEMBER  7 2016......SUNRISE   655 AM CST   SUNSET   456 PM CST


-  INDICATES NEGATIVE NUMBERS.
R  INDICATES RECORD WAS SET OR TIED.
MM INDICATES DATA IS MISSING.
T  INDICATES TRACE AMOUNT.




$$
