000
CDUS44 KJAN 012121
CLIGLH


CLIMATE REPORT
NATIONAL WEATHER SERVICE JACKSON MS
416 PM CDT MON SEP 1 2014


...................................

...THE GREENVILLE CLIMATE SUMMARY FOR SEPTEMBER 1 2014...
VALID TODAY AS OF 0400 PM LOCAL TIME.

CLIMATE NORMAL PERIOD 1981 TO 2010
CLIMATE RECORD PERIOD 1920 TO 2014


WEATHER ITEM   OBSERVED TIME   RECORD YEAR NORMAL DEPARTURE LAST
                VALUE   (LST)  VALUE       VALUE  FROM      YEAR
                                                  NORMAL
..................................................................
TEMPERATURE (F)
 TODAY
  MAXIMUM         91   1223 PM 101    1952  91      0       98
                                      1947
  MINIMUM         74    607 AM  55    1987  68      6       71
  AVERAGE         83                        79      4       85

PRECIPITATION (IN)
  TODAY            0.07          1.28 1921   0.10  -0.03     0.00
  MONTH TO DATE    0.07                      0.10  -0.03     0.00
  SINCE SEP 1      0.07                      0.10  -0.03     0.00
  SINCE JAN 1     39.79                     34.66   5.13    28.98

SNOWFALL (IN)
  TODAY            0.0

DEGREE DAYS
 HEATING
  TODAY            0                         0      0        0
  MONTH TO DATE    0                         0      0        0
  SINCE SEP 1      0                         0      0        0
  SINCE JUL 1      0                         0      0        0

 COOLING
  TODAY           18                        14      4       20
  MONTH TO DATE   18                        14      4       20
  SINCE SEP 1     18                        14      4       20
  SINCE JAN 1   1685                      1793   -108     1747
..................................................................


WIND (MPH)
  HIGHEST WIND SPEED    17   HIGHEST WIND DIRECTION    SW (230)
  HIGHEST GUST SPEED    23   HIGHEST GUST DIRECTION     S (190)
  AVERAGE WIND SPEED     7.2


SKY COVER
  POSSIBLE SUNSHINE  MM
  AVERAGE SKY COVER 0.4


WEATHER CONDITIONS
 THE FOLLOWING WEATHER WAS RECORDED TODAY.
  RAIN
  LIGHT RAIN
  FOG


RELATIVE HUMIDITY (PERCENT)
 HIGHEST    94           100 AM
 LOWEST     59          1200 PM
 AVERAGE    77

..........................................................


THE GREENVILLE CLIMATE NORMALS FOR TOMORROW
                         NORMAL    RECORD    YEAR
 MAXIMUM TEMPERATURE (F)   91       100      1930
                                             1925
 MINIMUM TEMPERATURE (F)   68        55      1967


SUNRISE AND SUNSET
SEPTEMBER  1 2014.....SUNRISE   638 AM CDT   SUNSET   729 PM CDT
SEPTEMBER  2 2014.....SUNRISE   639 AM CDT   SUNSET   728 PM CDT


-  INDICATES NEGATIVE NUMBERS.
R  INDICATES RECORD WAS SET OR TIED.
MM INDICATES DATA IS MISSING.
T  INDICATES TRACE AMOUNT.




$$
