000
CDUS44 KJAN 230639
CLIGLH


CLIMATE REPORT
NATIONAL WEATHER SERVICE JACKSON MS
135 AM CDT THU OCT 23 2014


...................................

...THE GREENVILLE CLIMATE SUMMARY FOR OCTOBER 22 2014...

CLIMATE NORMAL PERIOD 1981 TO 2010
CLIMATE RECORD PERIOD 1920 TO 2014


WEATHER ITEM   OBSERVED TIME   RECORD YEAR NORMAL DEPARTURE LAST
                VALUE   (LST)  VALUE       VALUE  FROM      YEAR
                                                  NORMAL
..................................................................
TEMPERATURE (F)
 YESTERDAY
  MAXIMUM         74    157 PM  92    1941  75     -1       70
                                      1939
  MINIMUM         48   1159 PM  35    1989  51     -3       53
  AVERAGE         61                        63     -2       62

PRECIPITATION (IN)
  YESTERDAY        0.00          1.97 1994   0.16  -0.16     0.00
  MONTH TO DATE    5.67                      3.26   2.41     5.71
  SINCE SEP 1      6.44                      6.34   0.10    13.44
  SINCE JAN 1     46.16                     40.90   5.26    42.42

SNOWFALL (IN)
  YESTERDAY        0.0

DEGREE DAYS
 HEATING
  YESTERDAY        4                         5     -1        3
  MONTH TO DATE   29                        55    -26       43
  SINCE SEP 1     29                        61    -32       43
  SINCE JUL 1     29                        61    -32       43

 COOLING
  YESTERDAY        0                         2     -2        0
  MONTH TO DATE  108                        77     31      105
  SINCE SEP 1    489                       378    111      497
  SINCE JAN 1   2156                      2157     -1     2224
..................................................................


WIND (MPH)
  HIGHEST WIND SPEED    17   HIGHEST WIND DIRECTION    NE (40)
  HIGHEST GUST SPEED    22   HIGHEST GUST DIRECTION     N (10)
  AVERAGE WIND SPEED     7.5


SKY COVER
  POSSIBLE SUNSHINE  MM
  AVERAGE SKY COVER 0.0


WEATHER CONDITIONS
 THE FOLLOWING WEATHER WAS RECORDED YESTERDAY.
  NO SIGNIFICANT WEATHER WAS OBSERVED.


RELATIVE HUMIDITY (PERCENT)
 HIGHEST    96           200 AM
 LOWEST     33           200 PM
 AVERAGE    65

..........................................................


THE GREENVILLE CLIMATE NORMALS FOR TODAY
                         NORMAL    RECORD    YEAR
 MAXIMUM TEMPERATURE (F)   75        93      1939
 MINIMUM TEMPERATURE (F)   50        33      1937


SUNRISE AND SUNSET
OCTOBER 23 2014.......SUNRISE   715 AM CDT   SUNSET   621 PM CDT
OCTOBER 24 2014.......SUNRISE   716 AM CDT   SUNSET   620 PM CDT


-  INDICATES NEGATIVE NUMBERS.
R  INDICATES RECORD WAS SET OR TIED.
MM INDICATES DATA IS MISSING.
T  INDICATES TRACE AMOUNT.




$$
