000
CDUS44 KJAN 010827
CLIGLH


CLIMATE REPORT
NATIONAL WEATHER SERVICE JACKSON MS
325 AM CDT SAT AUG 1 2015


...................................

...THE GREENVILLE CLIMATE SUMMARY FOR JULY 31 2015...

CLIMATE NORMAL PERIOD 1981 TO 2010
CLIMATE RECORD PERIOD 1920 TO 2015


WEATHER ITEM   OBSERVED TIME   RECORD YEAR NORMAL DEPARTURE LAST
                VALUE   (LST)  VALUE       VALUE  FROM      YEAR
                                                  NORMAL
..................................................................
TEMPERATURE (F)
 YESTERDAY
  MAXIMUM         93    133 PM 104    1980  92      1       81
  MINIMUM         68    535 AM  58    1971  72     -4       70
  AVERAGE         81                        82     -1       76

PRECIPITATION (IN)
  YESTERDAY        0.00          1.75 1992   0.08  -0.08     0.12
  MONTH TO DATE    4.08                      3.80   0.28     5.32
  SINCE JUN 1      5.60                      7.84  -2.24    11.69
  SINCE JAN 1     25.57                     32.10  -6.53    35.82

SNOWFALL (IN)
  YESTERDAY        0.0

DEGREE DAYS
 HEATING
  YESTERDAY        0                         0      0        0
  MONTH TO DATE    0                         0      0        0
  SINCE JUN 1      0                         0      0        0
  SINCE JUL 1      0                         0      0        0

 COOLING
  YESTERDAY       16                        17     -1       11
  MONTH TO DATE  600                       527     73      402
  SINCE JUN 1   1076                       947    129      864
  SINCE JAN 1   1457                      1269    188     1179
..................................................................


WIND (MPH)
  HIGHEST WIND SPEED    16   HIGHEST WIND DIRECTION    NE (40)
  HIGHEST GUST SPEED    23   HIGHEST GUST DIRECTION    NE (30)
  AVERAGE WIND SPEED     8.1


SKY COVER
  POSSIBLE SUNSHINE  MM
  AVERAGE SKY COVER 0.0


WEATHER CONDITIONS
 THE FOLLOWING WEATHER WAS RECORDED YESTERDAY.
  NO SIGNIFICANT WEATHER WAS OBSERVED.


RELATIVE HUMIDITY (PERCENT)
 HIGHEST    90           100 AM
 LOWEST     44           400 PM
 AVERAGE    67

..........................................................


THE GREENVILLE CLIMATE NORMALS FOR TODAY
                         NORMAL    RECORD    YEAR
 MAXIMUM TEMPERATURE (F)   92       104      2010
 MINIMUM TEMPERATURE (F)   72        60      1965


SUNRISE AND SUNSET
AUGUST  1 2015........SUNRISE   616 AM CDT   SUNSET   804 PM CDT
AUGUST  2 2015........SUNRISE   617 AM CDT   SUNSET   803 PM CDT


-  INDICATES NEGATIVE NUMBERS.
R  INDICATES RECORD WAS SET OR TIED.
MM INDICATES DATA IS MISSING.
T  INDICATES TRACE AMOUNT.




$$
