000
CDUS44 KJAN 240632
CLIGLH


CLIMATE REPORT
NATIONAL WEATHER SERVICE JACKSON MS
1229 AM CST SAT FEB 24 2018


...................................

...THE GREENVILLE CLIMATE SUMMARY FOR FEBRUARY 23 2018...

CLIMATE NORMAL PERIOD 1981 TO 2010
CLIMATE RECORD PERIOD 1903 TO 2018


WEATHER ITEM   OBSERVED TIME   RECORD YEAR NORMAL DEPARTURE LAST
                VALUE   (LST)  VALUE       VALUE  FROM      YEAR
                                                  NORMAL
..................................................................
TEMPERATURE (F)
 YESTERDAY
  MAXIMUM         73    255 PM  82    2012  59     14       76
                                      1930
  MINIMUM         53   1230 AM  20    1968  39     14       50
                                      1963
  AVERAGE         63                        49     14       63

PRECIPITATION (IN)
  YESTERDAY        0.01          2.72 1975   0.16  -0.15     0.00
  MONTH TO DATE    7.35                      4.31   3.04     2.19
  SINCE DEC 1     14.33                     14.90  -0.57    10.16
  SINCE JAN 1      9.47                      9.28   0.19     7.30

SNOWFALL (IN)
  YESTERDAY        0.0

DEGREE DAYS
 HEATING
  YESTERDAY        2                        16    -14        2
  MONTH TO DATE  350                       444    -94      237
  SINCE DEC 1   1773                      1771      2     1217
  SINCE JUL 1   2187                      2233    -46     1486

 COOLING
  YESTERDAY        0                         0      0        0
  MONTH TO DATE   18                         0     18       12
  SINCE DEC 1     22                         4     18       35
  SINCE JAN 1     18                         1     17       23
..................................................................


WIND (MPH)
  HIGHEST WIND SPEED    15   HIGHEST WIND DIRECTION    SE (130)
  HIGHEST GUST SPEED    20   HIGHEST GUST DIRECTION    SE (120)
  AVERAGE WIND SPEED     5.5


SKY COVER
  POSSIBLE SUNSHINE  MM
  AVERAGE SKY COVER 0.8


WEATHER CONDITIONS
 THE FOLLOWING WEATHER WAS RECORDED YESTERDAY.
  RAIN
  LIGHT RAIN


RELATIVE HUMIDITY (PERCENT)
 HIGHEST   100           400 AM
 LOWEST     79           200 PM
 AVERAGE    90

..........................................................


THE GREENVILLE CLIMATE NORMALS FOR TODAY
                         NORMAL    RECORD    YEAR
 MAXIMUM TEMPERATURE (F)   60        82      1918
 MINIMUM TEMPERATURE (F)   39        22      1914


SUNRISE AND SUNSET
FEBRUARY 24 2018......SUNRISE   638 AM CST   SUNSET   557 PM CST
FEBRUARY 25 2018......SUNRISE   637 AM CST   SUNSET   557 PM CST


-  INDICATES NEGATIVE NUMBERS.
R  INDICATES RECORD WAS SET OR TIED.
MM INDICATES DATA IS MISSING.
T  INDICATES TRACE AMOUNT.




$$
