000
CDUS44 KJAN 250732
CLIGLH


CLIMATE REPORT
NATIONAL WEATHER SERVICE JACKSON MS
227 AM CDT FRI APR 25 2014


...................................

...THE GREENVILLE CLIMATE SUMMARY FOR APRIL 24 2014...

CLIMATE NORMAL PERIOD 1981 TO 2010
CLIMATE RECORD PERIOD 1920 TO 2014


WEATHER ITEM   OBSERVED TIME   RECORD YEAR NORMAL DEPARTURE LAST
                VALUE   (LST)  VALUE       VALUE  FROM      YEAR
                                                  NORMAL
..................................................................
TEMPERATURE (F)
 YESTERDAY
  MAXIMUM         83    304 PM  91    1953  77      6       71
  MINIMUM         56    541 AM  43    2013  55      1       43
                                      2012
                                      2005
  AVERAGE         70                        66      4       57

PRECIPITATION (IN)
  YESTERDAY        1.74          2.65 1979   0.14   1.60     0.15
  MONTH TO DATE    8.39                      3.96   4.43     3.45
  SINCE MAR 1     13.90                      8.51   5.39     8.20
  SINCE JAN 1     18.20                     18.50  -0.30    20.66

SNOWFALL (IN)
  YESTERDAY        0.0

DEGREE DAYS
 HEATING
  YESTERDAY        0                         2     -2        8
  MONTH TO DATE  123                       107     16      149
  SINCE MAR 1    557                       443    114      624
  SINCE JUL 1   3164                      2752    412     2627

 COOLING
  YESTERDAY        5                         3      2        0
  MONTH TO DATE   45                        42      3       58
  SINCE MAR 1     50                        59     -9       60
  SINCE JAN 1     50                        64    -14       70
..................................................................


WIND (MPH)
  HIGHEST WIND SPEED    25   HIGHEST WIND DIRECTION    NW (310)
  HIGHEST GUST SPEED    33   HIGHEST GUST DIRECTION     W (270)
  AVERAGE WIND SPEED    10.1


SKY COVER
  POSSIBLE SUNSHINE  MM
  AVERAGE SKY COVER 0.3


WEATHER CONDITIONS
 THE FOLLOWING WEATHER WAS RECORDED YESTERDAY.
  THUNDERSTORM
  HEAVY RAIN
  RAIN
  LIGHT RAIN
  FOG


RELATIVE HUMIDITY (PERCENT)
 HIGHEST    93           600 PM
 LOWEST     47           200 PM
 AVERAGE    70

..........................................................


THE GREENVILLE CLIMATE NORMALS FOR TODAY
                         NORMAL    RECORD    YEAR
 MAXIMUM TEMPERATURE (F)   77        91      1965
 MINIMUM TEMPERATURE (F)   56        37      2013


SUNRISE AND SUNSET
APRIL 25 2014.........SUNRISE   622 AM CDT   SUNSET   742 PM CDT
APRIL 26 2014.........SUNRISE   621 AM CDT   SUNSET   743 PM CDT


-  INDICATES NEGATIVE NUMBERS.
R  INDICATES RECORD WAS SET OR TIED.
MM INDICATES DATA IS MISSING.
T  INDICATES TRACE AMOUNT.




$$
