000
CDUS44 KJAN 250702
CLIGLH


CLIMATE REPORT
NATIONAL WEATHER SERVICE JACKSON MS
149 AM CDT TUE JUL 25 2017


...................................

...THE GREENVILLE CLIMATE SUMMARY FOR JULY 24 2017...

CLIMATE NORMAL PERIOD 1981 TO 2010
CLIMATE RECORD PERIOD 1903 TO 2017


WEATHER ITEM   OBSERVED TIME   RECORD YEAR NORMAL DEPARTURE LAST
                VALUE   (LST)  VALUE       VALUE  FROM      YEAR
                                                  NORMAL
..................................................................
TEMPERATURE (F)
 YESTERDAY
  MAXIMUM         88    259 PM 104    1924  92     -4       94
  MINIMUM         73   1159 PM  58    1947  72      1       75
  AVERAGE         81                        82     -1       85

PRECIPITATION (IN)
  YESTERDAY        0.00          2.88 1957   0.10  -0.10     0.92
  MONTH TO DATE    1.70                      3.15  -1.45     2.84
  SINCE JUN 1      6.18                      7.19  -1.01     4.09
  SINCE JAN 1     22.56                     31.45  -8.89    32.62

SNOWFALL (IN)
  YESTERDAY        0.0

DEGREE DAYS
 HEATING
  YESTERDAY        0                         0      0        0
  MONTH TO DATE    0                         0      0        0
  SINCE JUN 1      0                         0      0        0
  SINCE JUL 1      0                         0      0        0

 COOLING
  YESTERDAY       16                        17     -1       20
  MONTH TO DATE  405                       406     -1      473
  SINCE JUN 1    771                       826    -55      973
  SINCE JAN 1   1168                      1148     20     1315
..................................................................


WIND (MPH)
  HIGHEST WIND SPEED    13   HIGHEST WIND DIRECTION    SE (150)
  HIGHEST GUST SPEED    17   HIGHEST GUST DIRECTION    SE (150)
  AVERAGE WIND SPEED     5.9


SKY COVER
  POSSIBLE SUNSHINE  MM
  AVERAGE SKY COVER 0.4


WEATHER CONDITIONS
 THE FOLLOWING WEATHER WAS RECORDED YESTERDAY.
  NO SIGNIFICANT WEATHER WAS OBSERVED.


RELATIVE HUMIDITY (PERCENT)
 HIGHEST    94           200 AM
 LOWEST     65           200 PM
 AVERAGE    80

..........................................................


THE GREENVILLE CLIMATE NORMALS FOR TODAY
                         NORMAL    RECORD    YEAR
 MAXIMUM TEMPERATURE (F)   92       103      1981
                                             1954
                                             1952
 MINIMUM TEMPERATURE (F)   72        61      2014
                                             1911


SUNRISE AND SUNSET
JULY 25 2017..........SUNRISE   612 AM CDT   SUNSET   809 PM CDT
JULY 26 2017..........SUNRISE   612 AM CDT   SUNSET   808 PM CDT


-  INDICATES NEGATIVE NUMBERS.
R  INDICATES RECORD WAS SET OR TIED.
MM INDICATES DATA IS MISSING.
T  INDICATES TRACE AMOUNT.




$$
