145
CDUS44 KJAN 220732
CLIGLH


CLIMATE REPORT
NATIONAL WEATHER SERVICE JACKSON MS
128 AM CST WED NOV 22 2017


...................................

...THE GREENVILLE CLIMATE SUMMARY FOR NOVEMBER 21 2017...

CLIMATE NORMAL PERIOD 1981 TO 2010
CLIMATE RECORD PERIOD 1903 TO 2017


WEATHER ITEM   OBSERVED TIME   RECORD YEAR NORMAL DEPARTURE LAST
                VALUE   (LST)  VALUE       VALUE  FROM      YEAR
                                                  NORMAL
..................................................................
TEMPERATURE (F)
 YESTERDAY
  MAXIMUM         65    206 PM  82    1913  62      3       63
  MINIMUM         32    623 AM  21    2008  41     -9       29
                                      1937
  AVERAGE         49                        52     -3       46

PRECIPITATION (IN)
  YESTERDAY        0.00          4.35 1934   0.17  -0.17     0.00
  MONTH TO DATE    1.43                      3.16  -1.73     0.60
  SINCE SEP 1      4.38                     10.56  -6.18     1.48
  SINCE JAN 1     33.57                     45.12 -11.55    43.37

SNOWFALL (IN)
  YESTERDAY        0.0

DEGREE DAYS
 HEATING
  YESTERDAY       16                        14      2       19
  MONTH TO DATE  173                       212    -39      135
  SINCE SEP 1    291                       326    -35      157
  SINCE JUL 1    291                       326    -35      157

 COOLING
  YESTERDAY        0                         0      0        0
  MONTH TO DATE   47                         9     38       27
  SINCE SEP 1    501                       404     97      660
  SINCE JAN 1   2244                      2183     61     2672
..................................................................


WIND (MPH)
  HIGHEST WIND SPEED    14   HIGHEST WIND DIRECTION     S (190)
  HIGHEST GUST SPEED    16   HIGHEST GUST DIRECTION     S (180)
  AVERAGE WIND SPEED     4.1


SKY COVER
  POSSIBLE SUNSHINE  MM
  AVERAGE SKY COVER 0.1


WEATHER CONDITIONS
 THE FOLLOWING WEATHER WAS RECORDED YESTERDAY.
  NO SIGNIFICANT WEATHER WAS OBSERVED.


RELATIVE HUMIDITY (PERCENT)
 HIGHEST    89           700 AM
 LOWEST     34           200 PM
 AVERAGE    62

..........................................................


THE GREENVILLE CLIMATE NORMALS FOR TODAY
                         NORMAL    RECORD    YEAR
 MAXIMUM TEMPERATURE (F)   62        85      1913
 MINIMUM TEMPERATURE (F)   41        20      2008


SUNRISE AND SUNSET
NOVEMBER 22 2017......SUNRISE   642 AM CST   SUNSET   458 PM CST
NOVEMBER 23 2017......SUNRISE   643 AM CST   SUNSET   458 PM CST


-  INDICATES NEGATIVE NUMBERS.
R  INDICATES RECORD WAS SET OR TIED.
MM INDICATES DATA IS MISSING.
T  INDICATES TRACE AMOUNT.




$$
