000
CDUS44 KHGX 200723
CLIGLS


CLIMATE REPORT
NATIONAL WEATHER SERVICE HOUSTON/GALVESTON TX
122 AM CST MON FEB 20 2017


...................................

...THE GALVESTON CLIMATE SUMMARY FOR FEBRUARY 19 2017...

CLIMATE NORMAL PERIOD 1981 TO 2010
CLIMATE RECORD PERIOD 1875 TO 2017


WEATHER ITEM   OBSERVED TIME   RECORD YEAR NORMAL DEPARTURE LAST
                VALUE   (LST)  VALUE       VALUE  FROM      YEAR
                                                  NORMAL
..................................................................
TEMPERATURE (F)
 YESTERDAY
  MAXIMUM         75R   220 PM  75    1894  65     10       73
  MINIMUM         69    700 AM  32    1978  52     17       61
  AVERAGE         72                        58     14       67

PRECIPITATION (IN)
  YESTERDAY        0.00          1.46 1905   0.09  -0.09     0.00
  MONTH TO DATE    2.73                      1.69   1.04     0.03
  SINCE DEC 1     14.70                      9.41   5.29     6.59
  SINCE JAN 1      3.62                      5.89  -2.27     3.10

SNOWFALL (IN)
  YESTERDAY        0.0           0.0  2002  MM     MM        0.0
  MONTH TO DATE    0.0                      MM     MM        0.0
  SINCE DEC 1      0.0                       0.0    0.0      0.0
  SINCE JUL 1      0.0                       0.0    0.0      0.0
  SNOW DEPTH       0

DEGREE DAYS
 HEATING
  YESTERDAY        0                         7     -7        0
  MONTH TO DATE   27                       160   -133      120
  SINCE DEC 1    295                       726   -431      610
  SINCE JUL 1    307                       829   -522      663

 COOLING
  YESTERDAY        7                         0      7        2
  MONTH TO DATE   72                         0     72        5
  SINCE DEC 1    219                        24    195       56
  SINCE JAN 1    141                         5    136        6
..................................................................


WIND (MPH)
  RESULTANT WIND SPEED  14   RESULTANT WIND DIRECTION   E (110)
  HIGHEST WIND SPEED    21   HIGHEST WIND DIRECTION    SE (120)
  HIGHEST GUST SPEED    27   HIGHEST GUST DIRECTION    SE (120)
  AVERAGE WIND SPEED    14.4


SKY COVER
  AVERAGE SKY COVER 0.8


WEATHER CONDITIONS
 THE FOLLOWING WEATHER WAS RECORDED YESTERDAY.
  FOG
  HAZE


RELATIVE HUMIDITY (PERCENT)
 HIGHEST   100
 LOWEST     82
 AVERAGE    91

..........................................................


THE GALVESTON CLIMATE NORMALS FOR TODAY
                         NORMAL    RECORD    YEAR
 MAXIMUM TEMPERATURE (F)   65        75      2005
                                             1890
 MINIMUM TEMPERATURE (F)   52        34      1908


SUNRISE AND SUNSET
FEBRUARY 20 2017......SUNRISE   654 AM CST   SUNSET   613 PM CST
FEBRUARY 21 2017......SUNRISE   653 AM CST   SUNSET   614 PM CST


-  INDICATES NEGATIVE NUMBERS.
R  INDICATES RECORD WAS SET OR TIED.
MM INDICATES DATA IS MISSING.
T  INDICATES TRACE AMOUNT.




$$
