000
CDUS44 KHGX 300720
CLIGLS


CLIMATE REPORT
NATIONAL WEATHER SERVICE HOUSTON/GALVESTON TX
219 AM CDT TUE JUN 30 2015


...................................

...THE GALVESTON CLIMATE SUMMARY FOR JUNE 29 2015...

CLIMATE NORMAL PERIOD 1981 TO 2010
CLIMATE RECORD PERIOD 1875 TO 2015


WEATHER ITEM   OBSERVED TIME   RECORD YEAR NORMAL DEPARTURE LAST
                VALUE   (LST)  VALUE       VALUE  FROM      YEAR
                                                  NORMAL
..................................................................
TEMPERATURE (F)
 YESTERDAY
  MAXIMUM         90    201 PM  95    2011  89      1       89
                                      1875
  MINIMUM         80    556 AM  68    1923  79      1       82
  AVERAGE         85                        84      1       86

PRECIPITATION (IN)
  YESTERDAY        T             3.26 1953   0.18  -0.18     0.00
  MONTH TO DATE    2.65                      5.51  -2.86     1.53
  SINCE JUN 1      2.65                      5.51  -2.86     1.53
  SINCE JAN 1     24.83                     22.81   2.02    10.22

SNOWFALL (IN)
  YESTERDAY        0.0          MM      MM  MM     MM        0.0
  MONTH TO DATE    0.0                      MM     MM        0.0
  SINCE JUN 1      0.0                      MM     MM        0.0
  SINCE JUL 1      0.0                      MM     MM         T
  SNOW DEPTH       0

DEGREE DAYS
 HEATING
  YESTERDAY        0                         0      0        0
  MONTH TO DATE    0                         0      0        0
  SINCE JUN 1      0                         0      0        0
  SINCE JUL 1   1182                      1009    173     1425

 COOLING
  YESTERDAY       20                        19      1       21
  MONTH TO DATE  533                       517     16      538
  SINCE JUN 1    533                       517     16      538
  SINCE JAN 1   1235                      1152     83     1046
..................................................................


WIND (MPH)
  RESULTANT WIND SPEED   9   RESULTANT WIND DIRECTION   S (200)
  HIGHEST WIND SPEED    17   HIGHEST WIND DIRECTION     S (180)
  HIGHEST GUST SPEED    21   HIGHEST GUST DIRECTION     S (200)
  AVERAGE WIND SPEED     9.7


SKY COVER
  AVERAGE SKY COVER 0.1


WEATHER CONDITIONS
 THE FOLLOWING WEATHER WAS RECORDED YESTERDAY.
  THUNDERSTORM
  LIGHT RAIN


RELATIVE HUMIDITY (PERCENT)
 HIGHEST    94
 LOWEST     64
 AVERAGE    79

..........................................................


THE GALVESTON CLIMATE NORMALS FOR TODAY
                         NORMAL    RECORD    YEAR
 MAXIMUM TEMPERATURE (F)   89        98      2013
 MINIMUM TEMPERATURE (F)   79        69      1950


SUNRISE AND SUNSET
JUNE 30 2015..........SUNRISE   623 AM CDT   SUNSET   823 PM CDT
JULY  1 2015..........SUNRISE   624 AM CDT   SUNSET   823 PM CDT


-  INDICATES NEGATIVE NUMBERS.
R  INDICATES RECORD WAS SET OR TIED.
MM INDICATES DATA IS MISSING.
T  INDICATES TRACE AMOUNT.




$$
