000
CDUS44 KHGX 120830
CLIGLS


CLIMATE REPORT
NATIONAL WEATHER SERVICE HOUSTON/GALVESTON TX
219 AM CST FRI FEB 12 2016


...................................

...THE GALVESTON CLIMATE SUMMARY FOR FEBRUARY 11 2016...

CLIMATE NORMAL PERIOD 1981 TO 2010
CLIMATE RECORD PERIOD 1875 TO 2016


WEATHER ITEM   OBSERVED TIME   RECORD YEAR NORMAL DEPARTURE LAST
                VALUE   (LST)  VALUE       VALUE  FROM      YEAR
                                                  NORMAL
..................................................................
TEMPERATURE (F)
 YESTERDAY
  MAXIMUM         71    146 PM  77    1999  64      7       67
  MINIMUM         55    618 AM  24    1981  50      5       54
  AVERAGE         63                        57      6       61

PRECIPITATION (IN)
  YESTERDAY        0.00          1.34 2010   0.09  -0.09     0.00
                                      1992
  MONTH TO DATE    0.03                      0.98  -0.95     0.44
  SINCE DEC 1      6.59                      8.70  -2.11     9.75
  SINCE JAN 1      3.10                      5.18  -2.08     5.88

SNOWFALL (IN)
  YESTERDAY        0.0           0.5  1885  MM     MM        0.0
  MONTH TO DATE    0.0                      MM     MM        0.0
  SINCE DEC 1      0.0                      MM     MM        0.0
  SINCE JUL 1      0.0                      MM     MM        0.0
  SNOW DEPTH       0

DEGREE DAYS
 HEATING
  YESTERDAY        2                         8     -6        4
  MONTH TO DATE  102                        98      4       97
  SINCE DEC 1    592                       664    -72      715
  SINCE JUL 1    645                       767   -122      866

 COOLING
  YESTERDAY        0                         0      0        0
  MONTH TO DATE    1                         0      1        4
  SINCE DEC 1     52                        24     28       25
  SINCE JAN 1      2                         5     -3        4
..................................................................


WIND (MPH)
  RESULTANT WIND SPEED  13   RESULTANT WIND DIRECTION  SW (210)
  HIGHEST WIND SPEED    28   HIGHEST WIND DIRECTION    SW (210)
  HIGHEST GUST SPEED    34   HIGHEST GUST DIRECTION    SW (210)
  AVERAGE WIND SPEED    12.8


SKY COVER
  AVERAGE SKY COVER 0.0


WEATHER CONDITIONS
 THE FOLLOWING WEATHER WAS RECORDED YESTERDAY.
  NO SIGNIFICANT WEATHER WAS OBSERVED.


RELATIVE HUMIDITY (PERCENT)
 HIGHEST   100
 LOWEST     68
 AVERAGE    84

..........................................................


THE GALVESTON CLIMATE NORMALS FOR TODAY
                         NORMAL    RECORD    YEAR
 MAXIMUM TEMPERATURE (F)   64        75      1957
                                             1922
 MINIMUM TEMPERATURE (F)   50         8      1899


SUNRISE AND SUNSET
FEBRUARY 12 2016......SUNRISE   701 AM CST   SUNSET   606 PM CST
FEBRUARY 13 2016......SUNRISE   700 AM CST   SUNSET   607 PM CST


-  INDICATES NEGATIVE NUMBERS.
R  INDICATES RECORD WAS SET OR TIED.
MM INDICATES DATA IS MISSING.
T  INDICATES TRACE AMOUNT.




$$
