000
CDUS42 KJAX 040534
CLIGNV


CLIMATE REPORT
NATIONAL WEATHER SERVICE JACKSONVILLE FL
133 AM EDT FRI SEP 4 2015


...................................

...THE GAINESVILLE CLIMATE SUMMARY FOR SEPTEMBER 3 2015...

CLIMATE NORMAL PERIOD 1981 TO 2010
CLIMATE RECORD PERIOD 1890 TO 2015


WEATHER ITEM   OBSERVED TIME   RECORD YEAR NORMAL DEPARTURE LAST
                VALUE   (LST)  VALUE       VALUE  FROM      YEAR
                                                  NORMAL
..................................................................
TEMPERATURE (F)
 YESTERDAY
  MAXIMUM         92    322 PM  97    1912  89      3       91
                                      1907
  MINIMUM         74    508 AM  61    1972  71      3       72
                                      1891
  AVERAGE         83                        80      3       82

PRECIPITATION (IN)
  YESTERDAY        0.00          1.24 1967   0.18  -0.18     0.25
  MONTH TO DATE    0.12                      0.53  -0.41     0.81
  SINCE SEP 1      0.12                      0.53  -0.41     0.81
  SINCE JAN 1     35.49                     36.10  -0.61    37.87

SNOWFALL (IN)
  YESTERDAY        0.0           0.0    MM   0.0    0.0      0.0
  MONTH TO DATE    0.0                       0.0    0.0      0.0
  SINCE SEP 1      0.0                       0.0    0.0      0.0
  SINCE JUL 1      0.0                       0.0    0.0      0.0
  SNOW DEPTH       0

DEGREE DAYS
 HEATING
  YESTERDAY        0                         0      0        0
  MONTH TO DATE    0                         0      0        0
  SINCE SEP 1      0                         0      0        0
  SINCE JUL 1      0                         0      0        0

 COOLING
  YESTERDAY       18                        15      3       17
  MONTH TO DATE   51                        45      6       52
  SINCE SEP 1     51                        45      6       52
  SINCE JAN 1   2327                      1989    338     1998
..................................................................


WIND (MPH)
  HIGHEST WIND SPEED    14   HIGHEST WIND DIRECTION     W (260)
  HIGHEST GUST SPEED    18   HIGHEST GUST DIRECTION     W (250)
  AVERAGE WIND SPEED     3.9


SKY COVER
  POSSIBLE SUNSHINE  MM
  AVERAGE SKY COVER 0.1


WEATHER CONDITIONS
 THE FOLLOWING WEATHER WAS RECORDED YESTERDAY.
  FOG


RELATIVE HUMIDITY (PERCENT)
 HIGHEST   100           300 AM
 LOWEST     52           300 PM
 AVERAGE    76

..........................................................


THE GAINESVILLE CLIMATE NORMALS FOR TODAY
                         NORMAL    RECORD    YEAR
 MAXIMUM TEMPERATURE (F)   89        97      1944
                                             1921
                                             1912
 MINIMUM TEMPERATURE (F)   71        62      1891


SUNRISE AND SUNSET
SEPTEMBER  4 2015.....SUNRISE   708 AM EDT   SUNSET   748 PM EDT
SEPTEMBER  5 2015.....SUNRISE   708 AM EDT   SUNSET   747 PM EDT


-  INDICATES NEGATIVE NUMBERS.
R  INDICATES RECORD WAS SET OR TIED.
MM INDICATES DATA IS MISSING.
T  INDICATES TRACE AMOUNT.




$$
