000
CDUS42 KJAX 240627
CLIGNV


CLIMATE REPORT
NATIONAL WEATHER SERVICE JACKSONVILLE FL
126 AM EST FRI NOV 24 2017


...................................

...THE GAINESVILLE CLIMATE SUMMARY FOR NOVEMBER 23 2017...

CLIMATE NORMAL PERIOD 1981 TO 2010
CLIMATE RECORD PERIOD 1890 TO 2017


WEATHER ITEM   OBSERVED TIME   RECORD YEAR NORMAL DEPARTURE LAST
                VALUE   (LST)  VALUE       VALUE  FROM      YEAR
                                                  NORMAL
..................................................................
TEMPERATURE (F)
 YESTERDAY
  MAXIMUM         64    255 PM  88    1906  73     -9       80
  MINIMUM         58   1159 PM  27    2000  49      9       48
  AVERAGE         61                        61      0       64

PRECIPITATION (IN)
  YESTERDAY        2.53R         0.93 1977   0.06   2.47      T
  MONTH TO DATE    2.73                      1.57   1.16     0.02
  SINCE SEP 1     19.58                      8.87  10.71     9.64
  SINCE JAN 1     68.63                     44.44  24.19    39.36

SNOWFALL (IN)
  YESTERDAY        0.0           0.0    MM   0.0    0.0      0.0
  MONTH TO DATE    0.0                       0.0    0.0      0.0
  SINCE SEP 1      0.0                       0.0    0.0      0.0
  SINCE JUL 1      0.0                       0.0    0.0      0.0
  SNOW DEPTH       0

DEGREE DAYS
 HEATING
  YESTERDAY        4                         6     -2        1
  MONTH TO DATE   62                        89    -27       79
  SINCE SEP 1    114                       116     -2       95
  SINCE JUL 1    114                       116     -2       95

 COOLING
  YESTERDAY        0                         2     -2        0
  MONTH TO DATE   41                        59    -18       52
  SINCE SEP 1    724                       665     59      770
  SINCE JAN 1   2884                      2609    275     3013
..................................................................


WIND (MPH)
  HIGHEST WIND SPEED    22   HIGHEST WIND DIRECTION    NE (30)
  HIGHEST GUST SPEED    26   HIGHEST GUST DIRECTION    NE (40)
  AVERAGE WIND SPEED    10.4


SKY COVER
  POSSIBLE SUNSHINE  MM
  AVERAGE SKY COVER 0.9


WEATHER CONDITIONS
 THE FOLLOWING WEATHER WAS RECORDED YESTERDAY.
  HEAVY RAIN
  RAIN
  LIGHT RAIN
  FOG


RELATIVE HUMIDITY (PERCENT)
 HIGHEST   100           600 AM
 LOWEST     93           300 AM
 AVERAGE    97

..........................................................


THE GAINESVILLE CLIMATE NORMALS FOR TODAY
                         NORMAL    RECORD    YEAR
 MAXIMUM TEMPERATURE (F)   72        86      1948
 MINIMUM TEMPERATURE (F)   49        25      1925


SUNRISE AND SUNSET
NOVEMBER 24 2017......SUNRISE   701 AM EST   SUNSET   530 PM EST
NOVEMBER 25 2017......SUNRISE   702 AM EST   SUNSET   530 PM EST


-  INDICATES NEGATIVE NUMBERS.
R  INDICATES RECORD WAS SET OR TIED.
MM INDICATES DATA IS MISSING.
T  INDICATES TRACE AMOUNT.




$$
