000
CDUS42 KJAX 250531
CLIGNV


CLIMATE REPORT
NATIONAL WEATHER SERVICE JACKSONVILLE FL
1231 AM EST SUN JAN 25 2015


...................................

...THE GAINESVILLE CLIMATE SUMMARY FOR JANUARY 24 2015...

CLIMATE NORMAL PERIOD 1981 TO 2010
CLIMATE RECORD PERIOD 1890 TO 2015


WEATHER ITEM   OBSERVED TIME   RECORD YEAR NORMAL DEPARTURE LAST
                VALUE   (LST)  VALUE       VALUE  FROM      YEAR
                                                  NORMAL
..................................................................
TEMPERATURE (F)
 YESTERDAY
  MAXIMUM         69    221 AM  85    1949  67      2       52
                                      1937
  MINIMUM         39   1155 PM  18    1960  43     -4       35
  AVERAGE         54                        55     -1       44

PRECIPITATION (IN)
  YESTERDAY        0.26          2.56 1914   0.13   0.13     0.00
  MONTH TO DATE    3.09                      2.48   0.61     4.59
  SINCE DEC 1      6.47                      4.96   1.51     8.38
  SINCE JAN 1      3.09                      2.48   0.61     4.59

SNOWFALL (IN)
  YESTERDAY        0.0           0.0    MM   0.0    0.0      0.0
  MONTH TO DATE    0.0                       0.0    0.0      0.0
  SINCE DEC 1      0.0                       0.0    0.0      0.0
  SINCE JUL 1      0.0                       0.0    0.0      0.0
  SNOW DEPTH       0

DEGREE DAYS
 HEATING
  YESTERDAY       11                        11      0       21
  MONTH TO DATE  233                       272    -39      347
  SINCE DEC 1    447                       568   -121      519
  SINCE JUL 1    712                       729    -17      612

 COOLING
  YESTERDAY        0                         0      0        0
  MONTH TO DATE   14                         0     14       10
  SINCE DEC 1     50                        22     28       65
  SINCE JAN 1     14                         0     14       10
..................................................................


WIND (MPH)
  HIGHEST WIND SPEED    32   HIGHEST WIND DIRECTION     W (280)
  HIGHEST GUST SPEED    43   HIGHEST GUST DIRECTION     W (270)
  AVERAGE WIND SPEED    14.0


SKY COVER
  POSSIBLE SUNSHINE  MM
  AVERAGE SKY COVER 0.5


WEATHER CONDITIONS
 THE FOLLOWING WEATHER WAS RECORDED YESTERDAY.
  HEAVY RAIN
  RAIN
  LIGHT RAIN
  FOG


RELATIVE HUMIDITY (PERCENT)
 HIGHEST   100           400 AM
 LOWEST     61           400 PM
 AVERAGE    81

..........................................................


THE GAINESVILLE CLIMATE NORMALS FOR TODAY
                         NORMAL    RECORD    YEAR
 MAXIMUM TEMPERATURE (F)   67        85      1950
 MINIMUM TEMPERATURE (F)   43        16      1905


SUNRISE AND SUNSET
JANUARY 25 2015.......SUNRISE   722 AM EST   SUNSET   601 PM EST
JANUARY 26 2015.......SUNRISE   722 AM EST   SUNSET   602 PM EST


-  INDICATES NEGATIVE NUMBERS.
R  INDICATES RECORD WAS SET OR TIED.
MM INDICATES DATA IS MISSING.
T  INDICATES TRACE AMOUNT.




$$
