000
CDUS42 KJAX 210545
CLIGNV


CLIMATE REPORT
NATIONAL WEATHER SERVICE JACKSONVILLE FL
145 AM EDT FRI JUL 21 2017


...................................

...THE GAINESVILLE CLIMATE SUMMARY FOR JULY 20 2017...

CLIMATE NORMAL PERIOD 1981 TO 2010
CLIMATE RECORD PERIOD 1890 TO 2017


WEATHER ITEM   OBSERVED TIME   RECORD YEAR NORMAL DEPARTURE LAST
                VALUE   (LST)  VALUE       VALUE  FROM      YEAR
                                                  NORMAL
..................................................................
TEMPERATURE (F)
 YESTERDAY
  MAXIMUM         93    413 PM 100    1942  91      2       96
                                      1898
  MINIMUM         69   1159 PM  67    1967  72     -3       72
                                      1926
  AVERAGE         81                        81      0       84

PRECIPITATION (IN)
  YESTERDAY        2.68R         2.35 1936   0.19   2.49     0.00
  MONTH TO DATE   11.40                      4.04   7.36     1.45
  SINCE JUN 1     28.26                     11.16  17.10    11.44
  SINCE JAN 1     37.96                     27.15  10.81    26.38

SNOWFALL (IN)
  YESTERDAY        0.0           0.0    MM   0.0    0.0      0.0
  MONTH TO DATE    0.0                       0.0    0.0      0.0
  SINCE JUN 1      0.0                       0.0    0.0      0.0
  SINCE JUL 1      0.0                       0.0    0.0      0.0
  SNOW DEPTH       0

DEGREE DAYS
 HEATING
  YESTERDAY        0                         0      0        0
  MONTH TO DATE    0                         0      0        0
  SINCE JUN 1      0                         0      0        0
  SINCE JUL 1      0                         0      0        0

 COOLING
  YESTERDAY       16                        16      0       19
  MONTH TO DATE  349                       320     29      373
  SINCE JUN 1    779                       759     20      873
  SINCE JAN 1   1462                      1269    193     1478
..................................................................


WIND (MPH)
  HIGHEST WIND SPEED    22   HIGHEST WIND DIRECTION     S (160)
  HIGHEST GUST SPEED    27   HIGHEST GUST DIRECTION     S (160)
  AVERAGE WIND SPEED     2.7


SKY COVER
  POSSIBLE SUNSHINE  MM
  AVERAGE SKY COVER 0.2


WEATHER CONDITIONS
 THE FOLLOWING WEATHER WAS RECORDED YESTERDAY.
  THUNDERSTORM
  HEAVY RAIN
  RAIN
  LIGHT RAIN
  FOG
  FOG W/VISIBILITY <= 1/4 MILE


RELATIVE HUMIDITY (PERCENT)
 HIGHEST   100           200 AM
 LOWEST     49           500 PM
 AVERAGE    75

..........................................................


THE GAINESVILLE CLIMATE NORMALS FOR TODAY
                         NORMAL    RECORD    YEAR
 MAXIMUM TEMPERATURE (F)   91       102      1942
 MINIMUM TEMPERATURE (F)   72        65      1929
                                             1925


SUNRISE AND SUNSET
JULY 21 2017..........SUNRISE   642 AM EDT   SUNSET   828 PM EDT
JULY 22 2017..........SUNRISE   643 AM EDT   SUNSET   828 PM EDT


-  INDICATES NEGATIVE NUMBERS.
R  INDICATES RECORD WAS SET OR TIED.
MM INDICATES DATA IS MISSING.
T  INDICATES TRACE AMOUNT.




$$
