000
CDUS42 KJAX 282130
CLIGNV


CLIMATE REPORT
NATIONAL WEATHER SERVICE JACKSONVILLE FL
529 PM EDT TUE MAR 28 2017


...................................

...THE GAINESVILLE CLIMATE SUMMARY FOR MARCH 28 2017...
VALID TODAY AS OF 0500 PM LOCAL TIME.

CLIMATE NORMAL PERIOD 1981 TO 2010
CLIMATE RECORD PERIOD 1890 TO 2017


WEATHER ITEM   OBSERVED TIME   RECORD YEAR NORMAL DEPARTURE LAST
                VALUE   (LST)  VALUE       VALUE  FROM      YEAR
                                                  NORMAL
..................................................................
TEMPERATURE (F)
 TODAY
  MAXIMUM         87    346 PM  90    1949  77     10       85
                                      1920
  MINIMUM         55    655 AM  32    2013  52      3       64
  AVERAGE         71                        64      7       75

PRECIPITATION (IN)
  TODAY            0.00          2.54 1970   0.12  -0.12     0.00
  MONTH TO DATE    0.67                      3.95  -3.28     2.35
  SINCE MAR 1      0.67                      3.95  -3.28     2.35
  SINCE JAN 1      2.51                     10.46  -7.95     9.20

SNOWFALL (IN)
  TODAY            0.0           0.0    MM   0.0    0.0      0.0
  MONTH TO DATE    0.0                       0.0    0.0      0.0
  SINCE MAR 1      0.0                       0.0    0.0      0.0
  SINCE JUL 1      0.0                       0.0    0.0      0.0
  SNOW DEPTH       0

DEGREE DAYS
 HEATING
  TODAY            0                         3     -3        0
  MONTH TO DATE  125                       129     -4       74
  SINCE MAR 1    125                       129     -4       74
  SINCE JUL 1    628                      1163   -535      839

 COOLING
  TODAY            6                         2      4       10
  MONTH TO DATE   51                        50      1      110
  SINCE MAR 1     51                        50      1      110
  SINCE JAN 1    135                        82     53      135
..................................................................


WIND (MPH)
  HIGHEST WIND SPEED    16   HIGHEST WIND DIRECTION     W (260)
  HIGHEST GUST SPEED    24   HIGHEST GUST DIRECTION     W (260)
  AVERAGE WIND SPEED     3.5


SKY COVER
  POSSIBLE SUNSHINE  MM
  AVERAGE SKY COVER 0.1


WEATHER CONDITIONS
 THE FOLLOWING WEATHER WAS RECORDED TODAY.
  NO SIGNIFICANT WEATHER WAS OBSERVED.


RELATIVE HUMIDITY (PERCENT)
 HIGHEST   100           600 AM
 LOWEST     32           300 PM
 AVERAGE    66

..........................................................


THE GAINESVILLE CLIMATE NORMALS FOR TOMORROW
                         NORMAL    RECORD    YEAR
 MAXIMUM TEMPERATURE (F)   77        94      1907
 MINIMUM TEMPERATURE (F)   52        33      1955


SUNRISE AND SUNSET
MARCH 28 2017.........SUNRISE   723 AM EDT   SUNSET   745 PM EDT
MARCH 29 2017.........SUNRISE   722 AM EDT   SUNSET   746 PM EDT


-  INDICATES NEGATIVE NUMBERS.
R  INDICATES RECORD WAS SET OR TIED.
MM INDICATES DATA IS MISSING.
T  INDICATES TRACE AMOUNT.




$$
