000
CDUS42 KJAX 170528
CLIGNV


CLIMATE REPORT
NATIONAL WEATHER SERVICE JACKSONVILLE FL
1227 AM EST SAT FEB 17 2018


...................................

...THE GAINESVILLE CLIMATE SUMMARY FOR FEBRUARY 16 2018...

CLIMATE NORMAL PERIOD 1981 TO 2010
CLIMATE RECORD PERIOD 1890 TO 2018


WEATHER ITEM   OBSERVED TIME   RECORD YEAR NORMAL DEPARTURE LAST
                VALUE   (LST)  VALUE       VALUE  FROM      YEAR
                                                  NORMAL
..................................................................
TEMPERATURE (F)
 YESTERDAY
  MAXIMUM         81    239 PM  84    1990  70     11       68
                                      1945
  MINIMUM         61   1142 PM  23    1916  46     15       40
  AVERAGE         71                        58     13       54

PRECIPITATION (IN)
  YESTERDAY        0.00          3.14 1952   0.12  -0.12     0.00
  MONTH TO DATE    1.55                      1.78  -0.23     0.22
  SINCE DEC 1      8.52                      7.57   0.95     4.36
  SINCE JAN 1      5.87                      5.09   0.78     1.67

SNOWFALL (IN)
  YESTERDAY        0.0           0.0    MM   0.0    0.0      0.0
  MONTH TO DATE    0.0                       0.0    0.0      0.0
  SINCE DEC 1      0.0                       0.0    0.0      0.0
  SINCE JUL 1      0.0                       0.0    0.0      0.0
  SNOW DEPTH       0

DEGREE DAYS
 HEATING
  YESTERDAY        0                         8     -8       11
  MONTH TO DATE   58                       145    -87       61
  SINCE DEC 1    769                       786    -17      374
  SINCE JUL 1    903                       947    -44      480

 COOLING
  YESTERDAY        6                         1      5        0
  MONTH TO DATE   36                        12     24        9
  SINCE DEC 1     77                        46     31      131
  SINCE JAN 1     44                        24     20       55
..................................................................


WIND (MPH)
  HIGHEST WIND SPEED    17   HIGHEST WIND DIRECTION    SW (240)
  HIGHEST GUST SPEED    23   HIGHEST GUST DIRECTION     W (260)
  AVERAGE WIND SPEED     7.9


SKY COVER
  POSSIBLE SUNSHINE  MM
  AVERAGE SKY COVER 0.5


WEATHER CONDITIONS
 THE FOLLOWING WEATHER WAS RECORDED YESTERDAY.
  FOG


RELATIVE HUMIDITY (PERCENT)
 HIGHEST   100           100 AM
 LOWEST     50           500 PM
 AVERAGE    75

..........................................................


THE GAINESVILLE CLIMATE NORMALS FOR TODAY
                         NORMAL    RECORD    YEAR
 MAXIMUM TEMPERATURE (F)   70        85      1928
 MINIMUM TEMPERATURE (F)   46        23      2007


SUNRISE AND SUNSET
FEBRUARY 17 2018......SUNRISE   707 AM EST   SUNSET   620 PM EST
FEBRUARY 18 2018......SUNRISE   706 AM EST   SUNSET   620 PM EST


-  INDICATES NEGATIVE NUMBERS.
R  INDICATES RECORD WAS SET OR TIED.
MM INDICATES DATA IS MISSING.
T  INDICATES TRACE AMOUNT.




$$
