000
CDUS42 KJAX 200535
CLIGNV


CLIMATE REPORT
NATIONAL WEATHER SERVICE JACKSONVILLE FL
135 AM EDT MON OCT 20 2014


...................................

...THE GAINESVILLE CLIMATE SUMMARY FOR OCTOBER 19 2014...

CLIMATE NORMAL PERIOD 1981 TO 2010
CLIMATE RECORD PERIOD 1890 TO 2014


WEATHER ITEM   OBSERVED TIME   RECORD YEAR NORMAL DEPARTURE LAST
                VALUE   (LST)  VALUE       VALUE  FROM      YEAR
                                                  NORMAL
..................................................................
TEMPERATURE (F)
 YESTERDAY
  MAXIMUM         81        MM  90    1980  81      0       89
                                      1972
  MINIMUM         59        MM  36    1927  60     -1       68
  AVERAGE         70                        70      0       79

PRECIPITATION (IN)
  YESTERDAY        0.00          5.10 1944   0.09  -0.09     0.00
  MONTH TO DATE    0.57                      2.05  -1.48     0.05
  SINCE SEP 1      7.85                      6.47   1.38     3.25
  SINCE JAN 1     44.91                     42.04   2.87    39.95

SNOWFALL (IN)
  YESTERDAY        0.0           0.0    MM   0.0    0.0      0.0
  MONTH TO DATE    0.0                       0.0    0.0      0.0
  SINCE SEP 1      0.0                       0.0    0.0      0.0
  SINCE JUL 1      0.0                       0.0    0.0      0.0
  SNOW DEPTH       0

DEGREE DAYS
 HEATING
  YESTERDAY        0                         1     -1        0
  MONTH TO DATE    5                         7     -2        0
  SINCE SEP 1      5                         7     -2        0
  SINCE JUL 1      5                         7     -2        0

 COOLING
  YESTERDAY        5                         6     -1       14
  MONTH TO DATE  145                       154     -9      188
  SINCE SEP 1    552                       550      2      627
  SINCE JAN 1   2498                      2494      4     2689
..................................................................


WIND (MPH)
  HIGHEST WIND SPEED    12   HIGHEST WIND DIRECTION    NE (60)
  HIGHEST GUST SPEED    17   HIGHEST GUST DIRECTION    NE (30)
  AVERAGE WIND SPEED     7.0


SKY COVER
  POSSIBLE SUNSHINE  MM
  AVERAGE SKY COVER 0.0


WEATHER CONDITIONS
 THE FOLLOWING WEATHER WAS RECORDED YESTERDAY.
  NO SIGNIFICANT WEATHER WAS OBSERVED.


RELATIVE HUMIDITY (PERCENT)
 HIGHEST    93          1200 AM
 LOWEST     45           300 PM
 AVERAGE    69

..........................................................


THE GAINESVILLE CLIMATE NORMALS FOR TODAY
                         NORMAL    RECORD    YEAR
 MAXIMUM TEMPERATURE (F)   80        91      2006
 MINIMUM TEMPERATURE (F)   59        38      1989


SUNRISE AND SUNSET
OCTOBER 20 2014.......SUNRISE   734 AM EDT   SUNSET   653 PM EDT
OCTOBER 21 2014.......SUNRISE   735 AM EDT   SUNSET   652 PM EDT


-  INDICATES NEGATIVE NUMBERS.
R  INDICATES RECORD WAS SET OR TIED.
MM INDICATES DATA IS MISSING.
T  INDICATES TRACE AMOUNT.




$$
