000
CDUS42 KJAX 250531
CLIGNV


CLIMATE REPORT
NATIONAL WEATHER SERVICE JACKSONVILLE FL
1231 AM EST THU DEC 25 2014


...................................

...THE GAINESVILLE CLIMATE SUMMARY FOR DECEMBER 24 2014...

CLIMATE NORMAL PERIOD 1981 TO 2010
CLIMATE RECORD PERIOD 1890 TO 2014


WEATHER ITEM   OBSERVED TIME   RECORD YEAR NORMAL DEPARTURE LAST
                VALUE   (LST)  VALUE       VALUE  FROM      YEAR
                                                  NORMAL
..................................................................
TEMPERATURE (F)
 YESTERDAY
  MAXIMUM         79   1249 PM  85    1956  67     12       63
  MINIMUM         60   1159 PM  16    1989  43     17       40
  AVERAGE         70                        55     15       52

PRECIPITATION (IN)
  YESTERDAY        0.79          3.80 1940   0.08   0.71     0.00
  MONTH TO DATE    3.38                      1.84   1.54     2.45
  SINCE DEC 1      3.38                      1.84   1.54     2.45
  SINCE JAN 1     51.74                     46.77   4.97    45.74

SNOWFALL (IN)
  YESTERDAY        0.0           0.0    MM   0.0    0.0      0.0
  MONTH TO DATE    0.0                       0.0    0.0      0.0
  SINCE DEC 1      0.0                       0.0    0.0      0.0
  SINCE JUL 1      0.0                       0.0    0.0      0.0
  SNOW DEPTH       0

DEGREE DAYS
 HEATING
  YESTERDAY        0                        11    -11       13
  MONTH TO DATE  176                       218    -42      124
  SINCE DEC 1    176                       218    -42      124
  SINCE JUL 1    441                       379     62      217

 COOLING
  YESTERDAY        5                         1      4        0
  MONTH TO DATE   31                        24      7       55
  SINCE DEC 1     31                        24      7       55
  SINCE JAN 1   2594                      2640    -46     2880
..................................................................


WIND (MPH)
  HIGHEST WIND SPEED    35   HIGHEST WIND DIRECTION    SW (240)
  HIGHEST GUST SPEED    46   HIGHEST GUST DIRECTION    SW (240)
  AVERAGE WIND SPEED    10.5


SKY COVER
  POSSIBLE SUNSHINE  MM
  AVERAGE SKY COVER 0.9


WEATHER CONDITIONS
 THE FOLLOWING WEATHER WAS RECORDED YESTERDAY.
  THUNDERSTORM
  HEAVY RAIN
  RAIN
  LIGHT RAIN
  FOG


RELATIVE HUMIDITY (PERCENT)
 HIGHEST   100           200 AM
 LOWEST     74          1200 PM
 AVERAGE    87

..........................................................


THE GAINESVILLE CLIMATE NORMALS FOR TODAY
                         NORMAL    RECORD    YEAR
 MAXIMUM TEMPERATURE (F)   66        82      1981
                                             1964
                                             1942
 MINIMUM TEMPERATURE (F)   43        15      1983


SUNRISE AND SUNSET
DECEMBER 25 2014......SUNRISE   722 AM EST   SUNSET   537 PM EST
DECEMBER 26 2014......SUNRISE   722 AM EST   SUNSET   537 PM EST


-  INDICATES NEGATIVE NUMBERS.
R  INDICATES RECORD WAS SET OR TIED.
MM INDICATES DATA IS MISSING.
T  INDICATES TRACE AMOUNT.




$$
