000
CDUS45 KMSO 250738
CLIGPI


CLIMATE REPORT
NATIONAL WEATHER SERVICE MISSOULA, MT
1238 AM MST SUN FEB 25 2018


...................................

...THE KALISPELL MT CLIMATE SUMMARY FOR FEBRUARY 24 2018...

CLIMATE NORMAL PERIOD 1981 TO 2010
CLIMATE RECORD PERIOD 1894 TO 2018


WEATHER ITEM   OBSERVED TIME   RECORD YEAR NORMAL DEPARTURE LAST
                VALUE   (LST)  VALUE       VALUE  FROM      YEAR
                                                  NORMAL
..................................................................
TEMPERATURE (F)
 YESTERDAY
  MAXIMUM         29    152 PM  64    1995  38     -9       32
  MINIMUM         15    741 AM -17    1919  19     -4        5
  AVERAGE         22                        29     -7       19

PRECIPITATION (IN)
  YESTERDAY        T             0.55 1904   0.03  -0.03      T
  MONTH TO DATE    1.37                      0.82   0.55     2.42
  SINCE OCT 1      7.94                      6.15   1.79    10.62
  SINCE JAN 1      2.79                      2.15   0.64     3.39

SNOWFALL (IN)
  YESTERDAY        T
  MONTH TO DATE   23.2
  SINCE JAN 1     33.7
  SINCE JUL 1     75.7
  SNOW DEPTH      14

DEGREE DAYS
 HEATING
  YESTERDAY       43                        36      7       46
  MONTH TO DATE 1106                       917    189      996
  SINCE DEC 1   3485                      3504    -19     4066
  SINCE JUL 1   5498                      5708   -210     6025

 COOLING
  YESTERDAY        0                         0      0        0
  MONTH TO DATE    0                         0      0        0
  SINCE DEC 1      0                         0      0        0
  SINCE JAN 1      0                         0      0        0
..................................................................


WIND (MPH)
  HIGHEST WIND SPEED    15   HIGHEST WIND DIRECTION     S (160)
  HIGHEST GUST SPEED    18   HIGHEST GUST DIRECTION     S (160)
  AVERAGE WIND SPEED     5.4


SKY COVER
  POSSIBLE SUNSHINE  MM
  AVERAGE SKY COVER 1.0


WEATHER CONDITIONS
 THE FOLLOWING WEATHER WAS RECORDED YESTERDAY.
  LIGHT SNOW
  FOG
  HAZE


RELATIVE HUMIDITY (PERCENT)
 HIGHEST    92          1100 PM
 LOWEST     63           200 PM
 AVERAGE    78

..........................................................


THE KALISPELL MT CLIMATE NORMALS FOR TODAY
                         NORMAL    RECORD    YEAR
 MAXIMUM TEMPERATURE (F)   39        53      1921
 MINIMUM TEMPERATURE (F)   19       -13      1922


SUNRISE AND SUNSET
FEBRUARY 25 2018......SUNRISE   726 AM MST   SUNSET   615 PM MST
FEBRUARY 26 2018......SUNRISE   724 AM MST   SUNSET   617 PM MST


-  INDICATES NEGATIVE NUMBERS.
R  INDICATES RECORD WAS SET OR TIED.
MM INDICATES DATA IS MISSING.
T  INDICATES TRACE AMOUNT.




$$
