000
CDUS45 KMSO 060811
CLIGPI


CLIMATE REPORT
NATIONAL WEATHER SERVICE MISSOULA, MT
111 AM MST FRI MAR 6 2015


...................................

...THE KALISPELL MT CLIMATE SUMMARY FOR MARCH 5 2015...

CLIMATE NORMAL PERIOD 1981 TO 2010
CLIMATE RECORD PERIOD 1894 TO 2015


WEATHER ITEM   OBSERVED TIME   RECORD YEAR NORMAL DEPARTURE LAST
                VALUE   (LST)  VALUE       VALUE  FROM      YEAR
                                                  NORMAL
..................................................................
TEMPERATURE (F)
 YESTERDAY
  MAXIMUM         44    449 PM  63    1968  41      3       43
  MINIMUM         13    705 AM -17    1955  22     -9       35
  AVERAGE         29                        32     -3       39

PRECIPITATION (IN)
  YESTERDAY        0.00          0.58 1932   0.03  -0.03     0.16
  MONTH TO DATE    0.01                      0.18  -0.17     0.86
  SINCE OCT 1      9.62                      6.48   3.14     7.75
  SINCE JAN 1      3.54                      2.48   1.06     3.30

SNOWFALL (IN)
  YESTERDAY        0.0
  MONTH TO DATE    T
  SINCE JAN 1     32.9
  SINCE JUL 1     59.4
  SNOW DEPTH       0

DEGREE DAYS
 HEATING
  YESTERDAY       36                        34      2       26
  MONTH TO DATE  209                       172     37      230
  SINCE MAR 1    209                       172     37      230
  SINCE JUL 1   5659                      6024   -365     6164

 COOLING
  YESTERDAY        0                         0      0        0
  MONTH TO DATE    0                         0      0        0
  SINCE MAR 1      0                         0      0        0
  SINCE JAN 1      0                         0      0        0
..................................................................


WIND (MPH)
  HIGHEST WIND SPEED     8   HIGHEST WIND DIRECTION    SW (210)
  HIGHEST GUST SPEED    11   HIGHEST GUST DIRECTION    SW (210)
  AVERAGE WIND SPEED     1.5


SKY COVER
  POSSIBLE SUNSHINE  MM
  AVERAGE SKY COVER 0.1


WEATHER CONDITIONS
 THE FOLLOWING WEATHER WAS RECORDED YESTERDAY.
  HAZE


RELATIVE HUMIDITY (PERCENT)
 HIGHEST    92           500 AM
 LOWEST     33           300 PM
 AVERAGE    63

..........................................................


THE KALISPELL MT CLIMATE NORMALS FOR TODAY
                         NORMAL    RECORD    YEAR
 MAXIMUM TEMPERATURE (F)   42        57      2005
                                             1977
 MINIMUM TEMPERATURE (F)   22       -10      1943


SUNRISE AND SUNSET
MARCH  6 2015.........SUNRISE   709 AM MST   SUNSET   629 PM MST
MARCH  7 2015.........SUNRISE   707 AM MST   SUNSET   630 PM MST


-  INDICATES NEGATIVE NUMBERS.
R  INDICATES RECORD WAS SET OR TIED.
MM INDICATES DATA IS MISSING.
T  INDICATES TRACE AMOUNT.




$$
