000
CDUS45 KMSO 122333
CLIGPI


CLIMATE REPORT
NATIONAL WEATHER SERVICE MISSOULA, MT
432 PM MST TUE DEC 12 2017


...................................

...THE KALISPELL MT CLIMATE SUMMARY FOR DECEMBER 12 2017...
VALID TODAY AS OF 0400 PM LOCAL TIME.

CLIMATE NORMAL PERIOD 1981 TO 2010
CLIMATE RECORD PERIOD 1894 TO 2017


WEATHER ITEM   OBSERVED TIME   RECORD YEAR NORMAL DEPARTURE LAST
                VALUE   (LST)  VALUE       VALUE  FROM      YEAR
                                                  NORMAL
..................................................................
TEMPERATURE (F)
 TODAY
  MAXIMUM         26    359 PM  57    1921  30     -4       24
  MINIMUM         22   1017 AM -18    1919  16      6       11
  AVERAGE         24                        23      1       18

PRECIPITATION (IN)
  TODAY            0.00          0.63 2010   0.05  -0.05     0.01
  MONTH TO DATE    0.11                      0.58  -0.47     1.01
  SINCE OCT 1      2.89                      3.02  -0.13     6.49
  SINCE JAN 1     14.74                     16.01  -1.27    19.58

SNOWFALL (IN)
  TODAY            0.0
  MONTH TO DATE    T
  SINCE JAN 1     63.7
  SINCE JUL 1      9.2
  SNOW DEPTH       0

DEGREE DAYS
 HEATING
  TODAY           41                        42     -1       47
  MONTH TO DATE  433                       488    -55      543
  SINCE DEC 1    433                       488    -55      543
  SINCE JUL 1   2446                      2692   -246     2502

 COOLING
  TODAY            0                         0      0        0
  MONTH TO DATE    0                         0      0        0
  SINCE DEC 1      0                         0      0        0
  SINCE JAN 1    228                       147     81      157
..................................................................


WIND (MPH)
  HIGHEST WIND SPEED     6   HIGHEST WIND DIRECTION     W (270)
  HIGHEST GUST SPEED     8   HIGHEST GUST DIRECTION     W (290)
  AVERAGE WIND SPEED     2.2


SKY COVER
  POSSIBLE SUNSHINE  MM
  AVERAGE SKY COVER 1.0


WEATHER CONDITIONS
 THE FOLLOWING WEATHER WAS RECORDED TODAY.
  FOG


RELATIVE HUMIDITY (PERCENT)
 HIGHEST   100           200 AM
 LOWEST     92          1200 PM
 AVERAGE    96

..........................................................


THE KALISPELL MT CLIMATE NORMALS FOR TOMORROW
                         NORMAL    RECORD    YEAR
 MAXIMUM TEMPERATURE (F)   30        57      1924
 MINIMUM TEMPERATURE (F)   16       -17      1919


SUNRISE AND SUNSET
DECEMBER 12 2017......SUNRISE   819 AM MST   SUNSET   443 PM MST
DECEMBER 13 2017......SUNRISE   820 AM MST   SUNSET   443 PM MST


-  INDICATES NEGATIVE NUMBERS.
R  INDICATES RECORD WAS SET OR TIED.
MM INDICATES DATA IS MISSING.
T  INDICATES TRACE AMOUNT.




$$
