000
CDUS45 KMSO 272331
CLIGPI


CLIMATE REPORT
NATIONAL WEATHER SERVICE MISSOULA, MT
431 PM MST TUE JAN 27 2015


...................................

...THE KALISPELL MT CLIMATE SUMMARY FOR JANUARY 27 2015...
VALID TODAY AS OF 0400 PM LOCAL TIME.

CLIMATE NORMAL PERIOD 1981 TO 2010
CLIMATE RECORD PERIOD 1894 TO 2015


WEATHER ITEM   OBSERVED TIME   RECORD YEAR NORMAL DEPARTURE LAST
                VALUE   (LST)  VALUE       VALUE  FROM      YEAR
                                                  NORMAL
..................................................................
TEMPERATURE (F)
 TODAY
  MAXIMUM         38    256 PM  56    1934  33      5       35
  MINIMUM         16    844 AM -26    1980  18     -2        9
  AVERAGE         27                        25      2       22

PRECIPITATION (IN)
  TODAY            0.00          0.50 1903   0.03  -0.03     0.00
  MONTH TO DATE    2.41                      1.19   1.22     0.85
  SINCE OCT 1      8.49                      5.19   3.30     5.30
  SINCE JAN 1      2.41                      1.19   1.22     0.85

SNOWFALL (IN)
  TODAY            0.0
  MONTH TO DATE   30.4
  SINCE JAN 1     30.4
  SINCE JUL 1     56.9
  SNOW DEPTH       5

DEGREE DAYS
 HEATING
  TODAY           38                        40     -2       43
  MONTH TO DATE 1134                      1119     15     1016
  SINCE DEC 1   2363                      2429    -66     2378
  SINCE JUL 1   4361                      4633   -272     4455

 COOLING
  TODAY            0                         0      0        0
  MONTH TO DATE    0                         0      0        0
  SINCE DEC 1      0                         0      0        0
  SINCE JAN 1      0                         0      0        0
..................................................................


WIND (MPH)
  HIGHEST WIND SPEED     5   HIGHEST WIND DIRECTION    NE (50)
  HIGHEST GUST SPEED     5   HIGHEST GUST DIRECTION     W (290)
  AVERAGE WIND SPEED     0.2


SKY COVER
  POSSIBLE SUNSHINE  MM
  AVERAGE SKY COVER 0.4


WEATHER CONDITIONS
 THE FOLLOWING WEATHER WAS RECORDED TODAY.
  FOG
  FOG W/VISIBILITY <= 1/4 MILE


RELATIVE HUMIDITY (PERCENT)
 HIGHEST   100           100 AM
 LOWEST     70           300 PM
 AVERAGE    85

..........................................................


THE KALISPELL MT CLIMATE NORMALS FOR TOMORROW
                         NORMAL    RECORD    YEAR
 MAXIMUM TEMPERATURE (F)   33        48      1952
 MINIMUM TEMPERATURE (F)   18       -28      1980


SUNRISE AND SUNSET
JANUARY 27 2015.......SUNRISE   812 AM MST   SUNSET   528 PM MST
JANUARY 28 2015.......SUNRISE   811 AM MST   SUNSET   530 PM MST


-  INDICATES NEGATIVE NUMBERS.
R  INDICATES RECORD WAS SET OR TIED.
MM INDICATES DATA IS MISSING.
T  INDICATES TRACE AMOUNT.




$$
