000
CDUS43 KGRB 052223
CLIGRB


CLIMATE REPORT
NATIONAL WEATHER SERVICE GREEN BAY
422 PM CST THU MAR 5 2015


...................................

...THE GREEN BAY WI CLIMATE SUMMARY FOR MARCH 5 2015...
VALID TODAY AS OF 0400 PM LOCAL TIME.

CLIMATE NORMAL PERIOD 1981 TO 2010
CLIMATE RECORD PERIOD 1886 TO 2015


WEATHER ITEM   OBSERVED TIME   RECORD YEAR NORMAL DEPARTURE LAST
                VALUE   (LST)  VALUE       VALUE  FROM      YEAR
                                                  NORMAL
..................................................................
TEMPERATURE (F)
 TODAY
  MAXIMUM         14    359 PM  57    2000  34    -20       14
                                      1894
  MINIMUM         -7    625 AM -23    1890  18    -25      -11
  AVERAGE          4                        26    -22        2

PRECIPITATION (IN)
  TODAY            0.00          1.08 2004   0.06  -0.06     0.00
  MONTH TO DATE    0.16                      0.28  -0.12     0.15
  SINCE MAR 1      0.16                      0.28  -0.12     0.15
  SINCE JAN 1      1.13                      2.52  -1.39     2.94

SNOWFALL (IN)
  TODAY            0.0           5.2  1959   0.3   -0.3      0.0
                                      1932
  MONTH TO DATE    1.4                       1.7   -0.3      2.9
  SINCE MAR 1      1.4                       1.7   -0.3      2.9
  SINCE JUL 1     29.9                      41.9  -12.0     65.2
  SNOW DEPTH       4

DEGREE DAYS
 HEATING
  TODAY           61                        39     22       63
  MONTH TO DATE  246                       197     49      310
  SINCE MAR 1    246                       197     49      310
  SINCE JUL 1   6284                      6037    247     6791

 COOLING
  TODAY            0                         0      0        0
  MONTH TO DATE    0                         0      0        0
  SINCE MAR 1      0                         0      0        0
  SINCE JAN 1      0                         0      0        0
..................................................................


WIND (MPH)
  HIGHEST WIND SPEED    16   HIGHEST WIND DIRECTION     W (280)
  HIGHEST GUST SPEED    22   HIGHEST GUST DIRECTION     W (280)
  AVERAGE WIND SPEED     6.8


SKY COVER
  POSSIBLE SUNSHINE  MM
  AVERAGE SKY COVER 0.0


WEATHER CONDITIONS
 THE FOLLOWING WEATHER WAS RECORDED TODAY.
  NO SIGNIFICANT WEATHER WAS OBSERVED.


RELATIVE HUMIDITY (PERCENT)
 HIGHEST    72           200 AM
 LOWEST     44           400 PM
 AVERAGE    58

..........................................................


THE GREEN BAY WI CLIMATE NORMALS FOR TOMORROW
                         NORMAL    RECORD    YEAR
 MAXIMUM TEMPERATURE (F)   35        69      2000
 MINIMUM TEMPERATURE (F)   19       -22      1890


SUNRISE AND SUNSET
MARCH  5 2015.........SUNRISE   623 AM CST   SUNSET   545 PM CST
MARCH  6 2015.........SUNRISE   622 AM CST   SUNSET   547 PM CST


-  INDICATES NEGATIVE NUMBERS.
R  INDICATES RECORD WAS SET OR TIED.
MM INDICATES DATA IS MISSING.
T  INDICATES TRACE AMOUNT.




$$
