000
CDUS43 KGRB 120735
CLIGRB


CLIMATE REPORT
NATIONAL WEATHER SERVICE GREEN BAY
134 AM CST TUE DEC 12 2017


...................................

...THE GREEN BAY WI CLIMATE SUMMARY FOR DECEMBER 11 2017...

CLIMATE NORMAL PERIOD 1981 TO 2010
CLIMATE RECORD PERIOD 1886 TO 2017


WEATHER ITEM   OBSERVED TIME   RECORD YEAR NORMAL DEPARTURE LAST
                VALUE   (LST)  VALUE       VALUE  FROM      YEAR
                                                  NORMAL
..................................................................
TEMPERATURE (F)
 YESTERDAY
  MAXIMUM         29    752 PM  57    1949  30     -1       30
  MINIMUM         19   1159 PM -17    1977  16      3       19
                                      1972
  AVERAGE         24                        23      1       25

PRECIPITATION (IN)
  YESTERDAY        0.02          0.69 2010   0.05  -0.03     0.28
  MONTH TO DATE    0.45                      0.63  -0.18     0.64
  SINCE DEC 1      0.45                      0.63  -0.18     0.64
  SINCE JAN 1     31.11                     28.64   2.47    31.50

SNOWFALL (IN)
  YESTERDAY        0.3           6.5  2010   0.5   -0.2      5.3
  MONTH TO DATE    1.7                       4.5   -2.8      9.3
  SINCE DEC 1      1.7                       4.5   -2.8      9.3
  SINCE JUL 1      2.3                       8.7   -6.4     10.2
  SNOW DEPTH       1

DEGREE DAYS
 HEATING
  YESTERDAY       41                        42     -1       40
  MONTH TO DATE  377                       443    -66      382
  SINCE DEC 1    377                       443    -66      382
  SINCE JUL 1   1793                      2183   -390     1444

 COOLING
  YESTERDAY        0                         0      0        0
  MONTH TO DATE    0                         0      0        0
  SINCE DEC 1      0                         0      0        0
  SINCE JAN 1    477                       398     79      577
..................................................................


WIND (MPH)
  HIGHEST WIND SPEED    25   HIGHEST WIND DIRECTION    NW (330)
  HIGHEST GUST SPEED    35   HIGHEST GUST DIRECTION     N (350)
  AVERAGE WIND SPEED     8.9


SKY COVER
  POSSIBLE SUNSHINE  MM
  AVERAGE SKY COVER 0.9


WEATHER CONDITIONS
 THE FOLLOWING WEATHER WAS RECORDED YESTERDAY.
  LIGHT SNOW
  FOG


RELATIVE HUMIDITY (PERCENT)
 HIGHEST   100          1100 AM
 LOWEST     57           900 PM
 AVERAGE    79

..........................................................


THE GREEN BAY WI CLIMATE NORMALS FOR TODAY
                         NORMAL    RECORD    YEAR
 MAXIMUM TEMPERATURE (F)   29        52      1968
 MINIMUM TEMPERATURE (F)   15        -6      1985
                                             1903


SUNRISE AND SUNSET
DECEMBER 12 2017......SUNRISE   720 AM CST   SUNSET   413 PM CST
DECEMBER 13 2017......SUNRISE   721 AM CST   SUNSET   413 PM CST


-  INDICATES NEGATIVE NUMBERS.
R  INDICATES RECORD WAS SET OR TIED.
MM INDICATES DATA IS MISSING.
T  INDICATES TRACE AMOUNT.




$$
