000
CDUS43 KGRB 290627
CLIGRB


CLIMATE REPORT
NATIONAL WEATHER SERVICE GREEN BAY
127 AM CDT THU SEP 29 2016


...................................

...THE GREEN BAY WI CLIMATE SUMMARY FOR SEPTEMBER 28 2016...

CLIMATE NORMAL PERIOD 1981 TO 2010
CLIMATE RECORD PERIOD 1886 TO 2016


WEATHER ITEM   OBSERVED TIME   RECORD YEAR NORMAL DEPARTURE LAST
                VALUE   (LST)  VALUE       VALUE  FROM      YEAR
                                                  NORMAL
..................................................................
TEMPERATURE (F)
 YESTERDAY
  MAXIMUM         63    344 PM  88    1952  65     -2       82
  MINIMUM         49    602 AM  27    1976  44      5       61
  AVERAGE         56                        54      2       72

PRECIPITATION (IN)
  YESTERDAY        0.06          1.61 1911   0.09  -0.03     0.12
  MONTH TO DATE    4.27                      2.86   1.41     5.85
  SINCE SEP 1      4.27                      2.86   1.41     5.85
  SINCE JAN 1     25.89                     23.26   2.63    22.05

SNOWFALL (IN)
  YESTERDAY        0.0           T    2006   0.0    0.0      0.0
  MONTH TO DATE    0.0                       0.0    0.0      0.0
  SINCE SEP 1      0.0                       0.0    0.0      0.0
  SINCE JUL 1      0.0                       0.0    0.0      0.0
  SNOW DEPTH       0

DEGREE DAYS
 HEATING
  YESTERDAY        9                        11     -2        0
  MONTH TO DATE   55                       183   -128       42
  SINCE SEP 1     55                       183   -128       42
  SINCE JUL 1     68                       246   -178       92

 COOLING
  YESTERDAY        0                         0      0        7
  MONTH TO DATE   52                        32     20      113
  SINCE SEP 1     52                        32     20      113
  SINCE JAN 1    574                       394    180      515
..................................................................


WIND (MPH)
  HIGHEST WIND SPEED    23   HIGHEST WIND DIRECTION    NE (40)
  HIGHEST GUST SPEED    28   HIGHEST GUST DIRECTION    NE (40)
  AVERAGE WIND SPEED    11.3


SKY COVER
  POSSIBLE SUNSHINE  MM
  AVERAGE SKY COVER 0.5


WEATHER CONDITIONS
 THE FOLLOWING WEATHER WAS RECORDED YESTERDAY.
  HEAVY RAIN
  LIGHT RAIN
  FOG


RELATIVE HUMIDITY (PERCENT)
 HIGHEST   100          1200 AM
 LOWEST     67           200 PM
 AVERAGE    84

..........................................................


THE GREEN BAY WI CLIMATE NORMALS FOR TODAY
                         NORMAL    RECORD    YEAR
 MAXIMUM TEMPERATURE (F)   64        86      1898
 MINIMUM TEMPERATURE (F)   43        24      1949


SUNRISE AND SUNSET
SEPTEMBER 29 2016.....SUNRISE   649 AM CDT   SUNSET   636 PM CDT
SEPTEMBER 30 2016.....SUNRISE   650 AM CDT   SUNSET   634 PM CDT


-  INDICATES NEGATIVE NUMBERS.
R  INDICATES RECORD WAS SET OR TIED.
MM INDICATES DATA IS MISSING.
T  INDICATES TRACE AMOUNT.




$$
