000
CDUS43 KGRB 180637
CLIGRB


CLIMATE REPORT
NATIONAL WEATHER SERVICE GREEN BAY
137 AM CDT FRI APR 18 2014


...................................

...THE GREEN BAY WI CLIMATE SUMMARY FOR APRIL 17 2014...

CLIMATE NORMAL PERIOD 1981 TO 2010
CLIMATE RECORD PERIOD 1886 TO 2014


WEATHER ITEM   OBSERVED TIME   RECORD YEAR NORMAL DEPARTURE LAST
                VALUE   (LST)  VALUE       VALUE  FROM      YEAR
                                                  NORMAL
..................................................................
TEMPERATURE (F)
 YESTERDAY
  MAXIMUM         52    334 PM  83    1958  55     -3       39
  MINIMUM         35    500 AM  21    1983  34      1       31
  AVERAGE         44                        45     -1       35

PRECIPITATION (IN)
  YESTERDAY        0.05          1.03 1968   0.09  -0.04     0.13
  MONTH TO DATE    2.54                      1.47   1.07     2.97
  SINCE MAR 1      3.45                      3.32   0.13     4.98
  SINCE JAN 1      6.24                      5.56   0.68     9.64

SNOWFALL (IN)
  YESTERDAY        T             2.7  1888   0.1   -0.1       T
  MONTH TO DATE    3.7                       2.2    1.5      7.8
  SINCE MAR 1      9.8                      10.3   -0.5     16.2
  SINCE JUL 1     72.1                      50.5   21.6     74.2
  SNOW DEPTH       0

DEGREE DAYS
 HEATING
  YESTERDAY       21                        20      1       30
  MONTH TO DATE  433                       406     27      483
  SINCE MAR 1   1727                      1466    261     1671
  SINCE JUL 1   8208                      7306    902     7114

 COOLING
  YESTERDAY        0                         0      0        0
  MONTH TO DATE    0                         0      0        0
  SINCE MAR 1      0                         0      0        0
  SINCE JAN 1      0                         0      0        0
..................................................................


WIND (MPH)
  HIGHEST WIND SPEED    28   HIGHEST WIND DIRECTION    SE (150)
  HIGHEST GUST SPEED    35   HIGHEST GUST DIRECTION    SE (150)
  AVERAGE WIND SPEED    11.4


SKY COVER
  POSSIBLE SUNSHINE  MM
  AVERAGE SKY COVER 0.9


WEATHER CONDITIONS
 THE FOLLOWING WEATHER WAS RECORDED YESTERDAY.
  LIGHT SNOW
  FOG


RELATIVE HUMIDITY (PERCENT)
 HIGHEST    89           400 AM
 LOWEST     59          1200 AM
 AVERAGE    74

..........................................................


THE GREEN BAY WI CLIMATE NORMALS FOR TODAY
                         NORMAL    RECORD    YEAR
 MAXIMUM TEMPERATURE (F)   55        83      1994
 MINIMUM TEMPERATURE (F)   35        17      1960


SUNRISE AND SUNSET
APRIL 18 2014.........SUNRISE   604 AM CDT   SUNSET   741 PM CDT
APRIL 19 2014.........SUNRISE   602 AM CDT   SUNSET   742 PM CDT


-  INDICATES NEGATIVE NUMBERS.
R  INDICATES RECORD WAS SET OR TIED.
MM INDICATES DATA IS MISSING.
T  INDICATES TRACE AMOUNT.




$$
