000
CDUS43 KGRB 052129
CLIGRB


CLIMATE REPORT
NATIONAL WEATHER SERVICE GREEN BAY
429 PM CDT SUN JUL 5 2015


...................................

...THE GREEN BAY WI CLIMATE SUMMARY FOR JULY 5 2015...
VALID TODAY AS OF 0400 PM LOCAL TIME.

CLIMATE NORMAL PERIOD 1981 TO 2010
CLIMATE RECORD PERIOD 1886 TO 2015


WEATHER ITEM   OBSERVED TIME   RECORD YEAR NORMAL DEPARTURE LAST
                VALUE   (LST)  VALUE       VALUE  FROM      YEAR
                                                  NORMAL
..................................................................
TEMPERATURE (F)
 TODAY
  MAXIMUM         83    259 PM  99    2012  80      3       79
  MINIMUM         61    400 AM  44    1972  58      3       55
                                      1970
                                      1951
  AVERAGE         72                        69      3       67

PRECIPITATION (IN)
  TODAY            0.00          2.48 1993   0.12  -0.12      T
  MONTH TO DATE    0.00                      0.60  -0.60     0.11
  SINCE JUN 1      3.24                      4.48  -1.24     4.16
  SINCE JAN 1     10.18                     14.13  -3.95    14.82

SNOWFALL (IN)
  TODAY            0.0           0.0    MM   0.0    0.0      0.0
  MONTH TO DATE    0.0                       0.0    0.0      0.0
  SINCE JUN 1      0.0                       0.0    0.0      0.0
  SINCE JUL 1      0.0                       0.0    0.0      0.0
  SNOW DEPTH       0

DEGREE DAYS
 HEATING
  TODAY            0                         1     -1        0
  MONTH TO DATE   10                         5      5        5
  SINCE JUN 1     63                        97    -34       36
  SINCE JUL 1     10                         5      5        5

 COOLING
  TODAY            7                         5      2        2
  MONTH TO DATE   13                        25    -12        8
  SINCE JUN 1     80                       108    -28      114
  SINCE JAN 1    108                       126    -18      130
..................................................................


WIND (MPH)
  HIGHEST WIND SPEED    16   HIGHEST WIND DIRECTION     S (180)
  HIGHEST GUST SPEED    21   HIGHEST GUST DIRECTION     S (190)
  AVERAGE WIND SPEED     6.0


SKY COVER
  POSSIBLE SUNSHINE  MM
  AVERAGE SKY COVER 0.0


WEATHER CONDITIONS
 THE FOLLOWING WEATHER WAS RECORDED TODAY.
  FOG
  HAZE


RELATIVE HUMIDITY (PERCENT)
 HIGHEST    93           100 AM
 LOWEST     47           300 PM
 AVERAGE    70

..........................................................


THE GREEN BAY WI CLIMATE NORMALS FOR TOMORROW
                         NORMAL    RECORD    YEAR
 MAXIMUM TEMPERATURE (F)   80        98      1988
 MINIMUM TEMPERATURE (F)   58        40      1965


SUNRISE AND SUNSET
JULY  5 2015..........SUNRISE   514 AM CDT   SUNSET   840 PM CDT
JULY  6 2015..........SUNRISE   515 AM CDT   SUNSET   840 PM CDT


-  INDICATES NEGATIVE NUMBERS.
R  INDICATES RECORD WAS SET OR TIED.
MM INDICATES DATA IS MISSING.
T  INDICATES TRACE AMOUNT.




$$
