000
CDUS43 KGRB 310750
CLIGRB


CLIMATE REPORT
NATIONAL WEATHER SERVICE GREEN BAY
250 AM CDT THU JUL 31 2014


...................................

...THE GREEN BAY WI CLIMATE SUMMARY FOR JULY 30 2014...

CLIMATE NORMAL PERIOD 1981 TO 2010
CLIMATE RECORD PERIOD 1886 TO 2014


WEATHER ITEM   OBSERVED TIME   RECORD YEAR NORMAL DEPARTURE LAST
                VALUE   (LST)  VALUE       VALUE  FROM      YEAR
                                                  NORMAL
..................................................................
TEMPERATURE (F)
 YESTERDAY
  MAXIMUM         76    200 PM  99    1916  79     -3       76
  MINIMUM         56    523 AM  45    1978  58     -2       54
  AVERAGE         66                        69     -3       65

PRECIPITATION (IN)
  YESTERDAY        0.05          1.75 2003   0.10  -0.05      T
  MONTH TO DATE    1.21                      3.39  -2.18     3.35
  SINCE JUN 1      5.26                      7.27  -2.01     7.17
  SINCE JAN 1     15.92                     16.92  -1.00    20.94

SNOWFALL (IN)
  YESTERDAY        0.0           0.0    MM   0.0    0.0      0.0
  MONTH TO DATE    0.0                       0.0    0.0      0.0
  SINCE JUN 1      0.0                       0.0    0.0      0.0
  SINCE JUL 1      0.0                       0.0    0.0      0.0
  SNOW DEPTH       0

DEGREE DAYS
 HEATING
  YESTERDAY        0                         1     -1        0
  MONTH TO DATE   15                        30    -15       22
  SINCE JUN 1     46                       122    -76       94
  SINCE JUL 1     15                        30    -15       22

 COOLING
  YESTERDAY        1                         5     -4        0
  MONTH TO DATE   96                       150    -54      192
  SINCE JUN 1    202                       233    -31      297
  SINCE JAN 1    218                       251    -33      335
..................................................................


WIND (MPH)
  HIGHEST WIND SPEED    13   HIGHEST WIND DIRECTION     N (340)
  HIGHEST GUST SPEED    17   HIGHEST GUST DIRECTION    NW (320)
  AVERAGE WIND SPEED     5.6


SKY COVER
  POSSIBLE SUNSHINE  MM
  AVERAGE SKY COVER 0.3


WEATHER CONDITIONS
 THE FOLLOWING WEATHER WAS RECORDED YESTERDAY.
  LIGHT RAIN
  FOG


RELATIVE HUMIDITY (PERCENT)
 HIGHEST   100           200 AM
 LOWEST     49           100 PM
 AVERAGE    75

..........................................................


THE GREEN BAY WI CLIMATE NORMALS FOR TODAY
                         NORMAL    RECORD    YEAR
 MAXIMUM TEMPERATURE (F)   79        96      1995
                                             1917
 MINIMUM TEMPERATURE (F)   58        45      1971


SUNRISE AND SUNSET
JULY 31 2014..........SUNRISE   538 AM CDT   SUNSET   819 PM CDT
AUGUST  1 2014........SUNRISE   539 AM CDT   SUNSET   818 PM CDT


-  INDICATES NEGATIVE NUMBERS.
R  INDICATES RECORD WAS SET OR TIED.
MM INDICATES DATA IS MISSING.
T  INDICATES TRACE AMOUNT.




$$
