488
CDUS43 KGRB 252227
CLIGRB


CLIMATE REPORT
NATIONAL WEATHER SERVICE GREEN BAY
426 PM CST SUN FEB 25 2018


...................................

...THE GREEN BAY WI CLIMATE SUMMARY FOR FEBRUARY 25 2018...
VALID TODAY AS OF 0400 PM LOCAL TIME.

CLIMATE NORMAL PERIOD 1981 TO 2010
CLIMATE RECORD PERIOD 1886 TO 2018


WEATHER ITEM   OBSERVED TIME   RECORD YEAR NORMAL DEPARTURE LAST
                VALUE   (LST)  VALUE       VALUE  FROM      YEAR
                                                  NORMAL
..................................................................
TEMPERATURE (F)
 TODAY
  MAXIMUM         37    359 PM  49    2000  31      6       24
  MINIMUM         27    930 AM -23    1928  15     12       19
  AVERAGE         32                        23      9       22

PRECIPITATION (IN)
  TODAY            0.20          0.86 2007   0.05   0.15     0.07
  MONTH TO DATE    1.45                      0.96   0.49     0.70
  SINCE DEC 1      3.78                      3.60   0.18     5.38
  SINCE JAN 1      2.49                      2.09   0.40     3.13

SNOWFALL (IN)
  TODAY            T             9.8  2007   0.4   -0.4      1.6
  MONTH TO DATE    6.7                       8.9   -2.2      5.5
  SINCE DEC 1     23.8                      35.0  -11.2     43.2
  SINCE JUL 1     24.4                      39.2  -14.8     44.1
  SNOW DEPTH       0

DEGREE DAYS
 HEATING
  TODAY           33                        42     -9       43
  MONTH TO DATE 1144                      1129     15      883
  SINCE DEC 1   3961                      3978    -17     3414
  SINCE JUL 1   5377                      5718   -341     4476

 COOLING
  TODAY            0                         0      0        0
  MONTH TO DATE    0                         0      0        0
  SINCE DEC 1      0                         0      0        0
  SINCE JAN 1      0                         0      0        0
..................................................................


WIND (MPH)
  HIGHEST WIND SPEED    37   HIGHEST WIND DIRECTION     W (260)
  HIGHEST GUST SPEED    48   HIGHEST GUST DIRECTION     W (270)
  AVERAGE WIND SPEED    21.4


SKY COVER
  POSSIBLE SUNSHINE  MM
  AVERAGE SKY COVER 0.7


WEATHER CONDITIONS
 THE FOLLOWING WEATHER WAS RECORDED TODAY.
  HEAVY RAIN
  LIGHT RAIN
  LIGHT SNOW
  SLEET
  FOG


RELATIVE HUMIDITY (PERCENT)
 HIGHEST    92           200 AM
 LOWEST     52           400 PM
 AVERAGE    72

..........................................................


THE GREEN BAY WI CLIMATE NORMALS FOR TOMORROW
                         NORMAL    RECORD    YEAR
 MAXIMUM TEMPERATURE (F)   32        61      2000
 MINIMUM TEMPERATURE (F)   16       -15      1963


SUNRISE AND SUNSET
FEBRUARY 25 2018......SUNRISE   637 AM CST   SUNSET   535 PM CST
FEBRUARY 26 2018......SUNRISE   635 AM CST   SUNSET   536 PM CST


-  INDICATES NEGATIVE NUMBERS.
R  INDICATES RECORD WAS SET OR TIED.
MM INDICATES DATA IS MISSING.
T  INDICATES TRACE AMOUNT.




$$
