000
CDUS43 KGID 302225
CLIGRI


CLIMATE REPORT
NATIONAL WEATHER SERVICE HASTINGS NE
523 PM CDT SUN APR 30 2017


...................................

...THE GRAND ISLAND NE CLIMATE SUMMARY FOR APRIL 30 2017...
VALID TODAY AS OF 0500 PM LOCAL TIME.

CLIMATE NORMAL PERIOD 1981 TO 2010
CLIMATE RECORD PERIOD 1895 TO 2017


WEATHER ITEM   OBSERVED TIME   RECORD YEAR NORMAL DEPARTURE LAST
                VALUE   (LST)  VALUE       VALUE  FROM      YEAR
                                                  NORMAL
..................................................................
TEMPERATURE (F)
 TODAY
  MAXIMUM         38   1236 AM  93    1992  68    -30       47
  MINIMUM         33    202 PM  17    1903  44    -11       41
  AVERAGE         36                        56    -20       44

PRECIPITATION (IN)
  TODAY            1.62R         1.15 1985   0.11   1.51     0.94
  MONTH TO DATE    2.55                      2.53   0.02     5.05
  SINCE MAR 1      3.36                      4.33  -0.97     5.66
  SINCE JAN 1      4.68                      5.54  -0.86     7.84

SNOWFALL (IN)
  TODAY            T             0.8  1994   0.0    0.0      0.0
  MONTH TO DATE    T                         1.5   -1.5      0.0
  SINCE MAR 1      1.2                       6.9   -5.7      2.6
  SINCE JUL 1      8.9                      29.0  -20.1     33.8
  SNOW DEPTH       0

DEGREE DAYS
 HEATING
  TODAY           29                        10     19       21
  MONTH TO DATE  412                       445    -33      370
  SINCE MAR 1   1109                      1241   -132      957
  SINCE JUL 1   5175                      6002   -827     4955

 COOLING
  TODAY            0                         1     -1        0
  MONTH TO DATE    5                        11     -6        0
  SINCE MAR 1      5                        11     -6        0
  SINCE JAN 1      5                        11     -6        0
..................................................................


WIND (MPH)
  HIGHEST WIND SPEED    41   HIGHEST WIND DIRECTION    NE (30)
  HIGHEST GUST SPEED    53   HIGHEST GUST DIRECTION     N (10)
  AVERAGE WIND SPEED    22.9


SKY COVER
  POSSIBLE SUNSHINE  MM
  AVERAGE SKY COVER 1.0


WEATHER CONDITIONS
 THE FOLLOWING WEATHER WAS RECORDED TODAY.
  THUNDERSTORM
  HEAVY RAIN
  RAIN
  LIGHT RAIN
  LIGHT SNOW
  FOG


RELATIVE HUMIDITY (PERCENT)
 HIGHEST   100          1200 AM
 LOWEST     92           100 AM
 AVERAGE    96

..........................................................


THE GRAND ISLAND NE CLIMATE NORMALS FOR TOMORROW
                         NORMAL    RECORD    YEAR
 MAXIMUM TEMPERATURE (F)   68        94      1955
 MINIMUM TEMPERATURE (F)   44        22      1909


SUNRISE AND SUNSET
APRIL 30 2017.........SUNRISE   632 AM CDT   SUNSET   829 PM CDT
MAY  1 2017...........SUNRISE   631 AM CDT   SUNSET   830 PM CDT


-  INDICATES NEGATIVE NUMBERS.
R  INDICATES RECORD WAS SET OR TIED.
MM INDICATES DATA IS MISSING.
T  INDICATES TRACE AMOUNT.




$$
