000
CDUS43 KGID 290718
CLIGRI


CLIMATE REPORT
NATIONAL WEATHER SERVICE HASTINGS NE
216 AM CDT FRI AUG 29 2014


...................................

...THE GRAND ISLAND NE CLIMATE SUMMARY FOR AUGUST 28 2014...

CLIMATE NORMAL PERIOD 1981 TO 2010
CLIMATE RECORD PERIOD 1895 TO 2014


WEATHER ITEM   OBSERVED TIME   RECORD YEAR NORMAL DEPARTURE LAST
                VALUE   (LST)  VALUE       VALUE  FROM      YEAR
                                                  NORMAL
..................................................................
TEMPERATURE (F)
 YESTERDAY
  MAXIMUM         81    542 PM 106    1913  84     -3       94
  MINIMUM         67    558 AM  42    1917  60      7       70
                                      1911
  AVERAGE         74                        72      2       82

PRECIPITATION (IN)
  YESTERDAY        0.76          1.20 1907   0.09   0.67     0.00
  MONTH TO DATE    5.85                      2.86   2.99     2.99
  SINCE JUN 1     17.69                     10.56   7.13     6.01
  SINCE JAN 1     22.18                     20.51   1.67    19.38

SNOWFALL (IN)
  YESTERDAY        0.0                       0.0    0.0      0.0
  MONTH TO DATE    0.0                       0.0    0.0      0.0
  SINCE JUN 1      0.0                       0.0    0.0      0.0
  SINCE JUL 1      0.0                       0.0    0.0      0.0
  SNOW DEPTH       0

DEGREE DAYS
 HEATING
  YESTERDAY        0                         1     -1        0
  MONTH TO DATE    0                         1     -1        0
  SINCE JUN 1     14                        27    -13       24
  SINCE JUL 1      4                         3      1        3

 COOLING
  YESTERDAY        9                         8      1       17
  MONTH TO DATE  267                       266      1      297
  SINCE JUN 1    789                       828    -39      917
  SINCE JAN 1    908                       893     15     1012
..................................................................


WIND (MPH)
  HIGHEST WIND SPEED    17   HIGHEST WIND DIRECTION     S (160)
  HIGHEST GUST SPEED    22   HIGHEST GUST DIRECTION     S (160)
  AVERAGE WIND SPEED     6.1


SKY COVER
  AVERAGE SKY COVER 0.7


WEATHER CONDITIONS
 THE FOLLOWING WEATHER WAS RECORDED YESTERDAY.
  THUNDERSTORM
  HEAVY RAIN
  RAIN
  LIGHT RAIN
  FOG


RELATIVE HUMIDITY (PERCENT)
 HIGHEST    97           800 AM
 LOWEST     69           400 PM
 AVERAGE    83

..........................................................


THE GRAND ISLAND NE CLIMATE NORMALS FOR TODAY
                         NORMAL    RECORD    YEAR
 MAXIMUM TEMPERATURE (F)   84       102      1945
 MINIMUM TEMPERATURE (F)   60        40      1946


SUNRISE AND SUNSET
AUGUST 29 2014........SUNRISE   657 AM CDT   SUNSET   810 PM CDT
AUGUST 30 2014........SUNRISE   658 AM CDT   SUNSET   809 PM CDT


-  INDICATES NEGATIVE NUMBERS.
R  INDICATES RECORD WAS SET OR TIED.
MM INDICATES DATA IS MISSING.
T  INDICATES TRACE AMOUNT.




$$
