000
CDUS43 KGID 230632
CLIGRI


CLIMATE REPORT
NATIONAL WEATHER SERVICE HASTINGS NE
1229 AM CST FRI FEB 23 2018


...................................

...THE GRAND ISLAND NE CLIMATE SUMMARY FOR FEBRUARY 22 2018...

CLIMATE NORMAL PERIOD 1981 TO 2010
CLIMATE RECORD PERIOD 1895 TO 2018


WEATHER ITEM   OBSERVED TIME   RECORD YEAR NORMAL DEPARTURE LAST
                VALUE   (LST)  VALUE       VALUE  FROM      YEAR
                                                  NORMAL
..................................................................
TEMPERATURE (F)
 YESTERDAY
  MAXIMUM         26   1159 PM  76    1982  42    -16       71
  MINIMUM         20    847 AM  -4    1993  21     -1       34
                                      1989
  AVERAGE         23                        31     -8       53

PRECIPITATION (IN)
  YESTERDAY        0.05          0.68 1994   0.02   0.03     0.00
  MONTH TO DATE    0.70                      0.49   0.21     0.03
  SINCE DEC 1      2.23                      1.65   0.58     1.91
  SINCE JAN 1      1.78                      1.02   0.76     1.10

SNOWFALL (IN)
  YESTERDAY        0.4           5.2  1971   0.2    0.2      0.0
  MONTH TO DATE   10.3                       5.1    5.2      0.6
  SINCE DEC 1     27.7                      16.7   11.0      4.4
  SINCE JUL 1     28.8                      20.9    7.9      4.8
  SNOW DEPTH       T

DEGREE DAYS
 HEATING
  YESTERDAY       42                        34      8       12
  MONTH TO DATE  975                       810    165      557
  SINCE DEC 1   3433                      3236    197     2949
  SINCE JUL 1   4582                      4566     16     3869

 COOLING
  YESTERDAY        0                         0      0        0
  MONTH TO DATE    0                         0      0        0
  SINCE DEC 1      0                         0      0        0
  SINCE JAN 1      0                         0      0        0
..................................................................


WIND (MPH)
  HIGHEST WIND SPEED    14   HIGHEST WIND DIRECTION     E (110)
  HIGHEST GUST SPEED    19   HIGHEST GUST DIRECTION     E (100)
  AVERAGE WIND SPEED     6.5


SKY COVER
  AVERAGE SKY COVER 1.0


WEATHER CONDITIONS
 THE FOLLOWING WEATHER WAS RECORDED YESTERDAY.
  LIGHT SNOW
  FOG
  HAZE


RELATIVE HUMIDITY (PERCENT)
 HIGHEST    92           700 PM
 LOWEST     71           100 AM
 AVERAGE    82

..........................................................


THE GRAND ISLAND NE CLIMATE NORMALS FOR TODAY
                         NORMAL    RECORD    YEAR
 MAXIMUM TEMPERATURE (F)   42        74      2002
 MINIMUM TEMPERATURE (F)   21       -10      1993


SUNRISE AND SUNSET
FEBRUARY 23 2018......SUNRISE   716 AM CST   SUNSET   617 PM CST
FEBRUARY 24 2018......SUNRISE   715 AM CST   SUNSET   619 PM CST


-  INDICATES NEGATIVE NUMBERS.
R  INDICATES RECORD WAS SET OR TIED.
MM INDICATES DATA IS MISSING.
T  INDICATES TRACE AMOUNT.




$$

Thies
