000
CDUS43 KGID 090716
CLIGRI


CLIMATE REPORT
NATIONAL WEATHER SERVICE HASTINGS NE
116 AM CST TUE FEB 9 2016


...................................

...THE GRAND ISLAND NE CLIMATE SUMMARY FOR FEBRUARY 8 2016...

CLIMATE NORMAL PERIOD 1981 TO 2010
CLIMATE RECORD PERIOD 1895 TO 2016


WEATHER ITEM   OBSERVED TIME   RECORD YEAR NORMAL DEPARTURE LAST
                VALUE   (LST)  VALUE       VALUE  FROM      YEAR
                                                  NORMAL
..................................................................
TEMPERATURE (F)
 YESTERDAY
  MAXIMUM         36    328 PM  72    1999  38     -2       64
  MINIMUM         18   1128 PM -23    1933  17      1       31
  AVERAGE         27                        27      0       48

PRECIPITATION (IN)
  YESTERDAY        0.00          0.53 1966   0.03  -0.03     0.00
  MONTH TO DATE    1.85                      0.17   1.68     0.56
  SINCE DEC 1      4.05                      1.33   2.72     1.79
  SINCE JAN 1      2.17                      0.70   1.47     1.03

SNOWFALL (IN)
  YESTERDAY        0.0           4.5  1942   0.2   -0.2      0.0
  MONTH TO DATE   18.6                       1.9   16.7      8.0
  SINCE DEC 1     25.6                      13.5   12.1     17.6
  SINCE JUL 1     31.2                      17.7   13.5     19.8
  SNOW DEPTH      10

DEGREE DAYS
 HEATING
  YESTERDAY       38                        38      0       17
  MONTH TO DATE  305                       308     -3      310
  SINCE DEC 1   2483                      2734   -251     2569
  SINCE JUL 1   3449                      4064   -615     3902

 COOLING
  YESTERDAY        0                         0      0        0
  MONTH TO DATE    0                         0      0        0
  SINCE DEC 1      0                         0      0        0
  SINCE JAN 1      0                         0      0        0
..................................................................


WIND (MPH)
  HIGHEST WIND SPEED    38   HIGHEST WIND DIRECTION    NW (330)
  HIGHEST GUST SPEED    47   HIGHEST GUST DIRECTION     N (340)
  AVERAGE WIND SPEED    21.3


SKY COVER
  AVERAGE SKY COVER 0.1


WEATHER CONDITIONS
 THE FOLLOWING WEATHER WAS RECORDED YESTERDAY.
  NO SIGNIFICANT WEATHER WAS OBSERVED.


RELATIVE HUMIDITY (PERCENT)
 HIGHEST    74           900 PM
 LOWEST     47           300 PM
 AVERAGE    61

..........................................................


THE GRAND ISLAND NE CLIMATE NORMALS FOR TODAY
                         NORMAL    RECORD    YEAR
 MAXIMUM TEMPERATURE (F)   38        70      1996
 MINIMUM TEMPERATURE (F)   17       -21      1994
                                             1936


SUNRISE AND SUNSET
FEBRUARY  9 2016......SUNRISE   736 AM CST   SUNSET   600 PM CST
FEBRUARY 10 2016......SUNRISE   734 AM CST   SUNSET   601 PM CST


-  INDICATES NEGATIVE NUMBERS.
R  INDICATES RECORD WAS SET OR TIED.
MM INDICATES DATA IS MISSING.
T  INDICATES TRACE AMOUNT.




$$
