000
CDUS43 KGID 292232
CLIGRI


CLIMATE REPORT
NATIONAL WEATHER SERVICE HASTINGS NE
531 PM CDT TUE JUL 29 2014


...................................

...THE GRAND ISLAND NE CLIMATE SUMMARY FOR JULY 29 2014...
VALID TODAY AS OF 0500 PM LOCAL TIME.

CLIMATE NORMAL PERIOD 1981 TO 2010
CLIMATE RECORD PERIOD 1895 TO 2014


WEATHER ITEM   OBSERVED TIME   RECORD YEAR NORMAL DEPARTURE LAST
                VALUE   (LST)  VALUE       VALUE  FROM      YEAR
                                                  NORMAL
..................................................................
TEMPERATURE (F)
 TODAY
  MAXIMUM         79    313 PM 105    1947  87     -8       66
  MINIMUM         63    608 AM  52    1991  65     -2       60
                                      1971
  AVERAGE         71                        76     -5       63

PRECIPITATION (IN)
  TODAY            0.13          4.23 2007   0.11   0.02     0.43
  MONTH TO DATE    2.19                      3.18  -0.99     1.39
  SINCE JUN 1     11.84                      7.48   4.36     3.02
  SINCE JAN 1     16.33                     17.43  -1.10    16.39

SNOWFALL (IN)
  TODAY            0.0                       0.0    0.0      0.0
  MONTH TO DATE    0.0                       0.0    0.0      0.0
  SINCE JUN 1      0.0                       0.0    0.0      0.0
  SINCE JUL 1      0.0                       0.0    0.0      0.0
  SNOW DEPTH       0

DEGREE DAYS
 HEATING
  TODAY            0                         0      0        2
  MONTH TO DATE    4                         0      4        3
  SINCE JUN 1     14                        24    -10       24
  SINCE JUL 1      4                         0      4        3

 COOLING
  TODAY            6                        11     -5        0
  MONTH TO DATE  258                       328    -70      347
  SINCE JUN 1    508                       541    -33      606
  SINCE JAN 1    627                       606     21      701
..................................................................


WIND (MPH)
  HIGHEST WIND SPEED     8   HIGHEST WIND DIRECTION     E (80)
  HIGHEST GUST SPEED    12   HIGHEST GUST DIRECTION     E (110)
  AVERAGE WIND SPEED     3.9


SKY COVER
  POSSIBLE SUNSHINE  MM
  AVERAGE SKY COVER 0.7


WEATHER CONDITIONS
 THE FOLLOWING WEATHER WAS RECORDED TODAY.
  LIGHT RAIN
  FOG


RELATIVE HUMIDITY (PERCENT)
 HIGHEST    87           500 AM
 LOWEST     46           100 PM
 AVERAGE    67

..........................................................


THE GRAND ISLAND NE CLIMATE NORMALS FOR TOMORROW
                         NORMAL    RECORD    YEAR
 MAXIMUM TEMPERATURE (F)   87       108      1917
 MINIMUM TEMPERATURE (F)   65        42      1971


SUNRISE AND SUNSET
JULY 29 2014..........SUNRISE   626 AM CDT   SUNSET   852 PM CDT
JULY 30 2014..........SUNRISE   627 AM CDT   SUNSET   851 PM CDT


-  INDICATES NEGATIVE NUMBERS.
R  INDICATES RECORD WAS SET OR TIED.
MM INDICATES DATA IS MISSING.
T  INDICATES TRACE AMOUNT.




$$
