000
CDUS43 KGID 260636
CLIGRI


CLIMATE REPORT
NATIONAL WEATHER SERVICE HASTINGS NE
136 AM CDT SAT JUL 26 2014


...................................

...THE GRAND ISLAND NE CLIMATE SUMMARY FOR JULY 25 2014...

CLIMATE NORMAL PERIOD 1981 TO 2010
CLIMATE RECORD PERIOD 1895 TO 2014


WEATHER ITEM   OBSERVED TIME   RECORD YEAR NORMAL DEPARTURE LAST
                VALUE   (LST)  VALUE       VALUE  FROM      YEAR
                                                  NORMAL
..................................................................
TEMPERATURE (F)
 YESTERDAY
  MAXIMUM         96    326 PM 116    1936  87      9       84
  MINIMUM         75   1014 PM  49    1911  65     10       69
  AVERAGE         86                        76     10       77

PRECIPITATION (IN)
  YESTERDAY        0.00          1.28 1990   0.10  -0.10     0.11
  MONTH TO DATE    2.06                      2.77  -0.71     0.85
  SINCE JUN 1     11.71                      7.07   4.64     2.48
  SINCE JAN 1     16.20                     17.02  -0.82    15.85

SNOWFALL (IN)
  YESTERDAY        0.0                       0.0    0.0      0.0
  MONTH TO DATE    0.0                       0.0    0.0      0.0
  SINCE JUN 1      0.0                       0.0    0.0      0.0
  SINCE JUL 1      0.0                       0.0    0.0      0.0
  SNOW DEPTH       0

DEGREE DAYS
 HEATING
  YESTERDAY        0                         0      0        0
  MONTH TO DATE    4                         0      4        0
  SINCE JUN 1     14                        24    -10       21
  SINCE JUL 1      4                         0      4        0

 COOLING
  YESTERDAY       21                        11     10       12
  MONTH TO DATE  223                       284    -61      344
  SINCE JUN 1    473                       497    -24      603
  SINCE JAN 1    592                       562     30      698
..................................................................


WIND (MPH)
  HIGHEST WIND SPEED    23   HIGHEST WIND DIRECTION    SW (210)
  HIGHEST GUST SPEED    32   HIGHEST GUST DIRECTION    SW (220)
  AVERAGE WIND SPEED     9.6


SKY COVER
  AVERAGE SKY COVER 0.0


WEATHER CONDITIONS
 THE FOLLOWING WEATHER WAS RECORDED YESTERDAY.
  NO SIGNIFICANT WEATHER WAS OBSERVED.


RELATIVE HUMIDITY (PERCENT)
 HIGHEST    87          1000 PM
 LOWEST     41           200 PM
 AVERAGE    64

..........................................................


THE GRAND ISLAND NE CLIMATE NORMALS FOR TODAY
                         NORMAL    RECORD    YEAR
 MAXIMUM TEMPERATURE (F)   87       111      1936
 MINIMUM TEMPERATURE (F)   65        48      1962


SUNRISE AND SUNSET
JULY 26 2014..........SUNRISE   624 AM CDT   SUNSET   855 PM CDT
JULY 27 2014..........SUNRISE   625 AM CDT   SUNSET   854 PM CDT


-  INDICATES NEGATIVE NUMBERS.
R  INDICATES RECORD WAS SET OR TIED.
MM INDICATES DATA IS MISSING.
T  INDICATES TRACE AMOUNT.




$$
