000
CDUS43 KGID 170656
CLIGRI


CLIMATE REPORT
NATIONAL WEATHER SERVICE HASTINGS NE
1254 AM CST WED DEC 17 2014


...................................

...THE GRAND ISLAND NE CLIMATE SUMMARY FOR DECEMBER 16 2014...

CLIMATE NORMAL PERIOD 1981 TO 2010
CLIMATE RECORD PERIOD 1895 TO 2014


WEATHER ITEM   OBSERVED TIME   RECORD YEAR NORMAL DEPARTURE LAST
                VALUE   (LST)  VALUE       VALUE  FROM      YEAR
                                                  NORMAL
..................................................................
TEMPERATURE (F)
 YESTERDAY
  MAXIMUM         26   1225 AM  68    1962  36    -10       56
  MINIMUM         20   1159 PM -12    1989  16      4       24
                                      1972
                                      1914
  AVERAGE         23                        26     -3       40

PRECIPITATION (IN)
  YESTERDAY        0.00          0.57 1961   0.01  -0.01     0.00
  MONTH TO DATE    0.42                      0.36   0.06     0.10
  SINCE DEC 1      0.42                      0.36   0.06     0.10
  SINCE JAN 1     27.22                     26.39   0.83    26.91

SNOWFALL (IN)
  YESTERDAY        0.0           7.2  1961   0.1   -0.1      0.0
  MONTH TO DATE    T                         2.5   -2.5      2.1
  SINCE DEC 1      T                         2.5   -2.5      2.1
  SINCE JUL 1      2.2                       6.7   -4.5      2.3
  SNOW DEPTH       0

DEGREE DAYS
 HEATING
  YESTERDAY       42                        39      3       25
  MONTH TO DATE  491                       593   -102      678
  SINCE DEC 1    491                       593   -102      678
  SINCE JUL 1   1824                      1923    -99     1906

 COOLING
  YESTERDAY        0                         0      0        0
  MONTH TO DATE    0                         0      0        0
  SINCE DEC 1      0                         0      0        0
  SINCE JAN 1   1031                      1034     -3     1265
..................................................................


WIND (MPH)
  HIGHEST WIND SPEED    31   HIGHEST WIND DIRECTION    NW (330)
  HIGHEST GUST SPEED    40   HIGHEST GUST DIRECTION    NW (320)
  AVERAGE WIND SPEED    14.7


SKY COVER
  AVERAGE SKY COVER 1.0


WEATHER CONDITIONS
 THE FOLLOWING WEATHER WAS RECORDED YESTERDAY.
  NO SIGNIFICANT WEATHER WAS OBSERVED.


RELATIVE HUMIDITY (PERCENT)
 HIGHEST    84           600 PM
 LOWEST     74           300 AM
 AVERAGE    79

..........................................................


THE GRAND ISLAND NE CLIMATE NORMALS FOR TODAY
                         NORMAL    RECORD    YEAR
 MAXIMUM TEMPERATURE (F)   36        71      1980
 MINIMUM TEMPERATURE (F)   16       -11      1964


SUNRISE AND SUNSET
DECEMBER 17 2014......SUNRISE   752 AM CST   SUNSET   507 PM CST
DECEMBER 18 2014......SUNRISE   753 AM CST   SUNSET   507 PM CST


-  INDICATES NEGATIVE NUMBERS.
R  INDICATES RECORD WAS SET OR TIED.
MM INDICATES DATA IS MISSING.
T  INDICATES TRACE AMOUNT.




$$
