000
CDUS43 KGID 252224
CLIGRI


CLIMATE REPORT
NATIONAL WEATHER SERVICE HASTINGS NE
523 PM CDT MON MAY 25 2015


...................................

...THE GRAND ISLAND NE CLIMATE SUMMARY FOR MAY 25 2015...
VALID TODAY AS OF 0500 PM LOCAL TIME.

CLIMATE NORMAL PERIOD 1981 TO 2010
CLIMATE RECORD PERIOD 1895 TO 2015


WEATHER ITEM   OBSERVED TIME   RECORD YEAR NORMAL DEPARTURE LAST
                VALUE   (LST)  VALUE       VALUE  FROM      YEAR
                                                  NORMAL
..................................................................
TEMPERATURE (F)
 TODAY
  MAXIMUM         75    355 PM 100    1967  76     -1       83
  MINIMUM         55    401 AM  33    1925  53      2       62
  AVERAGE         65                        64      1       73

PRECIPITATION (IN)
  TODAY            0.00          2.82 2013   0.16  -0.16     0.07
  MONTH TO DATE    3.41                      3.51  -0.10     0.74
  SINCE MAR 1      5.71                      7.84  -2.13     3.84
  SINCE JAN 1      6.88                      9.05  -2.17     4.49

SNOWFALL (IN)
  TODAY            0.0           T    1955   0.0    0.0      0.0
  MONTH TO DATE    0.0                       0.1   -0.1      0.0
  SINCE MAR 1      1.4                       7.0   -5.6      2.9
  SINCE JUL 1     24.3                      29.1   -4.8     16.4
  SNOW DEPTH       0

DEGREE DAYS
 HEATING
  TODAY            0                         3     -3        0
  MONTH TO DATE  182                       156     26      171
  SINCE MAR 1   1208                      1397   -189     1421
  SINCE JUL 1   5945                      6158   -213     6256

 COOLING
  TODAY            0                         3     -3        8
  MONTH TO DATE   16                        36    -20       47
  SINCE MAR 1     20                        47    -27       51
  SINCE JAN 1     20                        47    -27       51
..................................................................


WIND (MPH)
  HIGHEST WIND SPEED    20   HIGHEST WIND DIRECTION     S (190)
  HIGHEST GUST SPEED    27   HIGHEST GUST DIRECTION     S (190)
  AVERAGE WIND SPEED     9.3


SKY COVER
  POSSIBLE SUNSHINE  MM
  AVERAGE SKY COVER 0.5


WEATHER CONDITIONS
 THE FOLLOWING WEATHER WAS RECORDED TODAY.
  FOG


RELATIVE HUMIDITY (PERCENT)
 HIGHEST   100           400 AM
 LOWEST     49           300 PM
 AVERAGE    75

..........................................................


THE GRAND ISLAND NE CLIMATE NORMALS FOR TOMORROW
                         NORMAL    RECORD    YEAR
 MAXIMUM TEMPERATURE (F)   76       100      2012
 MINIMUM TEMPERATURE (F)   53        34      1901


SUNRISE AND SUNSET
MAY 25 2015...........SUNRISE   608 AM CDT   SUNSET   853 PM CDT
MAY 26 2015...........SUNRISE   607 AM CDT   SUNSET   854 PM CDT


-  INDICATES NEGATIVE NUMBERS.
R  INDICATES RECORD WAS SET OR TIED.
MM INDICATES DATA IS MISSING.
T  INDICATES TRACE AMOUNT.




$$
