000
CDUS43 KGID 122330
CLIGRI


CLIMATE REPORT
NATIONAL WEATHER SERVICE HASTINGS NE
529 PM CST TUE DEC 12 2017


...................................

...THE GRAND ISLAND NE CLIMATE SUMMARY FOR DECEMBER 12 2017...
VALID TODAY AS OF 0500 PM LOCAL TIME.

CLIMATE NORMAL PERIOD 1981 TO 2010
CLIMATE RECORD PERIOD 1895 TO 2017


WEATHER ITEM   OBSERVED TIME   RECORD YEAR NORMAL DEPARTURE LAST
                VALUE   (LST)  VALUE       VALUE  FROM      YEAR
                                                  NORMAL
..................................................................
TEMPERATURE (F)
 TODAY
  MAXIMUM         52    358 PM  63    1980  37     15       48
  MINIMUM         22    235 AM -18    1932  17      5        8
  AVERAGE         37                        27     10       28

PRECIPITATION (IN)
  TODAY            0.00          0.95 1991   0.02  -0.02     0.00
  MONTH TO DATE    T                         0.29  -0.29     0.11
  SINCE DEC 1      T                         0.29  -0.29     0.11
  SINCE JAN 1     29.94                     26.32   3.62    23.53

SNOWFALL (IN)
  TODAY            0.0           5.0  1972   0.2   -0.2      0.0
  MONTH TO DATE    T                         1.9   -1.9      0.8
  SINCE DEC 1      T                         1.9   -1.9      0.8
  SINCE JUL 1      1.1                       6.1   -5.0      1.2
  SNOW DEPTH       0

DEGREE DAYS
 HEATING
  TODAY           28                        38    -10       37
  MONTH TO DATE  344                       438    -94      468
  SINCE DEC 1    344                       438    -94      468
  SINCE JUL 1   1493                      1768   -275     1388

 COOLING
  TODAY            0                         0      0        0
  MONTH TO DATE    0                         0      0        0
  SINCE DEC 1      0                         0      0        0
  SINCE JAN 1   1062                      1034     28     1146
..................................................................


WIND (MPH)
  HIGHEST WIND SPEED    14   HIGHEST WIND DIRECTION     W (260)
  HIGHEST GUST SPEED    17   HIGHEST GUST DIRECTION    SW (230)
  AVERAGE WIND SPEED     7.8


SKY COVER
  POSSIBLE SUNSHINE  MM
  AVERAGE SKY COVER 0.3


WEATHER CONDITIONS
 THE FOLLOWING WEATHER WAS RECORDED TODAY.
  NO SIGNIFICANT WEATHER WAS OBSERVED.


RELATIVE HUMIDITY (PERCENT)
 HIGHEST    92           200 AM
 LOWEST     26           400 PM
 AVERAGE    59

..........................................................


THE GRAND ISLAND NE CLIMATE NORMALS FOR TOMORROW
                         NORMAL    RECORD    YEAR
 MAXIMUM TEMPERATURE (F)   37        63      1988
 MINIMUM TEMPERATURE (F)   17       -15      1985


SUNRISE AND SUNSET
DECEMBER 12 2017......SUNRISE   749 AM CST   SUNSET   505 PM CST
DECEMBER 13 2017......SUNRISE   750 AM CST   SUNSET   506 PM CST


-  INDICATES NEGATIVE NUMBERS.
R  INDICATES RECORD WAS SET OR TIED.
MM INDICATES DATA IS MISSING.
T  INDICATES TRACE AMOUNT.




$$
