000
CDUS43 KGID 200645
CLIGRI


CLIMATE REPORT
NATIONAL WEATHER SERVICE HASTINGS NE
144 AM CDT MON OCT 20 2014


...................................

...THE GRAND ISLAND NE CLIMATE SUMMARY FOR OCTOBER 19 2014...

CLIMATE NORMAL PERIOD 1981 TO 2010
CLIMATE RECORD PERIOD 1895 TO 2014


WEATHER ITEM   OBSERVED TIME   RECORD YEAR NORMAL DEPARTURE LAST
                VALUE   (LST)  VALUE       VALUE  FROM      YEAR
                                                  NORMAL
..................................................................
TEMPERATURE (F)
 YESTERDAY
  MAXIMUM         75    404 PM  90    2003  64     11       65
  MINIMUM         43    258 AM  16    1972  39      4       33
  AVERAGE         59                        51      8       49

PRECIPITATION (IN)
  YESTERDAY        0.00          1.35 2005   0.06  -0.06     0.00
  MONTH TO DATE    0.52                      1.25  -0.73     3.64
  SINCE SEP 1      3.55                      3.48   0.07     6.02
  SINCE JAN 1     25.75                     24.25   1.50    25.43

SNOWFALL (IN)
  YESTERDAY        0.0           3.0  1916   0.1   -0.1      0.0
  MONTH TO DATE    0.0                       0.4   -0.4      0.0
  SINCE SEP 1      0.0                       0.5   -0.5      0.0
  SINCE JUL 1      0.0                       0.5   -0.5      0.0
  SNOW DEPTH       0

DEGREE DAYS
 HEATING
  YESTERDAY        6                        14     -8       16
  MONTH TO DATE  185                       208    -23      181
  SINCE SEP 1    287                       313    -26      202
  SINCE JUL 1    291                       323    -32      205

 COOLING
  YESTERDAY        0                         0      0        0
  MONTH TO DATE    4                        10     -6       15
  SINCE SEP 1    101                       119    -18      202
  SINCE JAN 1   1031                      1033     -2     1265
..................................................................


WIND (MPH)
  HIGHEST WIND SPEED    21   HIGHEST WIND DIRECTION    SW (220)
  HIGHEST GUST SPEED    28   HIGHEST GUST DIRECTION    SW (210)
  AVERAGE WIND SPEED     9.9


SKY COVER
  AVERAGE SKY COVER 0.0


WEATHER CONDITIONS
 THE FOLLOWING WEATHER WAS RECORDED YESTERDAY.
  NO SIGNIFICANT WEATHER WAS OBSERVED.


RELATIVE HUMIDITY (PERCENT)
 HIGHEST    83           900 PM
 LOWEST     38           400 PM
 AVERAGE    61

..........................................................


THE GRAND ISLAND NE CLIMATE NORMALS FOR TODAY
                         NORMAL    RECORD    YEAR
 MAXIMUM TEMPERATURE (F)   63        93      1947
 MINIMUM TEMPERATURE (F)   38        12      1916


SUNRISE AND SUNSET
OCTOBER 20 2014.......SUNRISE   750 AM CDT   SUNSET   645 PM CDT
OCTOBER 21 2014.......SUNRISE   751 AM CDT   SUNSET   644 PM CDT


-  INDICATES NEGATIVE NUMBERS.
R  INDICATES RECORD WAS SET OR TIED.
MM INDICATES DATA IS MISSING.
T  INDICATES TRACE AMOUNT.




$$
