000
CDUS43 KGID 190625
CLIGRI


CLIMATE REPORT
NATIONAL WEATHER SERVICE HASTINGS NE
124 AM CDT SAT AUG 19 2017


...................................

...THE GRAND ISLAND NE CLIMATE SUMMARY FOR AUGUST 18 2017...

CLIMATE NORMAL PERIOD 1981 TO 2010
CLIMATE RECORD PERIOD 1895 TO 2017


WEATHER ITEM   OBSERVED TIME   RECORD YEAR NORMAL DEPARTURE LAST
                VALUE   (LST)  VALUE       VALUE  FROM      YEAR
                                                  NORMAL
..................................................................
TEMPERATURE (F)
 YESTERDAY
  MAXIMUM         88    520 PM 108    1936  85      3       95
  MINIMUM         59    600 AM  40    1919  63     -4       66
  AVERAGE         74                        74      0       81

PRECIPITATION (IN)
  YESTERDAY        T             1.35 1990   0.10  -0.10     0.01
  MONTH TO DATE    5.08                      1.93   3.15     0.13
  SINCE JUN 1     10.23                      9.63   0.60     4.28
  SINCE JAN 1     20.28                     19.58   0.70    18.96

SNOWFALL (IN)
  YESTERDAY        0.0                       0.0    0.0      0.0
  MONTH TO DATE    0.0                       0.0    0.0      0.0
  SINCE JUN 1      0.0                       0.0    0.0      0.0
  SINCE JUL 1      0.0                       0.0    0.0      0.0
  SNOW DEPTH       0

DEGREE DAYS
 HEATING
  YESTERDAY        0                         0      0        0
  MONTH TO DATE    4                         0      4        0
  SINCE JUN 1      7                        26    -19        6
  SINCE JUL 1      4                         2      2        6

 COOLING
  YESTERDAY        9                         9      0       16
  MONTH TO DATE   82                       182   -100      197
  SINCE JUN 1    776                       744     32      903
  SINCE JAN 1    826                       809     17      937
..................................................................


WIND (MPH)
  HIGHEST WIND SPEED    23   HIGHEST WIND DIRECTION     N (350)
  HIGHEST GUST SPEED    36   HIGHEST GUST DIRECTION     W (290)
  AVERAGE WIND SPEED     6.2


SKY COVER
  AVERAGE SKY COVER 0.0


WEATHER CONDITIONS
 THE FOLLOWING WEATHER WAS RECORDED YESTERDAY.
  THUNDERSTORM


RELATIVE HUMIDITY (PERCENT)
 HIGHEST   100           500 AM
 LOWEST     40           400 PM
 AVERAGE    70

..........................................................


THE GRAND ISLAND NE CLIMATE NORMALS FOR TODAY
                         NORMAL    RECORD    YEAR
 MAXIMUM TEMPERATURE (F)   85       102      1938
 MINIMUM TEMPERATURE (F)   62        44      1950


SUNRISE AND SUNSET
AUGUST 19 2017........SUNRISE   647 AM CDT   SUNSET   825 PM CDT
AUGUST 20 2017........SUNRISE   648 AM CDT   SUNSET   824 PM CDT


-  INDICATES NEGATIVE NUMBERS.
R  INDICATES RECORD WAS SET OR TIED.
MM INDICATES DATA IS MISSING.
T  INDICATES TRACE AMOUNT.




$$
