000
CDUS43 KGID 290653
CLIGRI


CLIMATE REPORT
NATIONAL WEATHER SERVICE HASTINGS NE
1252 AM CST THU JAN 29 2015


...................................

...THE GRAND ISLAND NE CLIMATE SUMMARY FOR JANUARY 28 2015...

CLIMATE NORMAL PERIOD 1981 TO 2010
CLIMATE RECORD PERIOD 1895 TO 2015


WEATHER ITEM   OBSERVED TIME   RECORD YEAR NORMAL DEPARTURE LAST
                VALUE   (LST)  VALUE       VALUE  FROM      YEAR
                                                  NORMAL
..................................................................
TEMPERATURE (F)
 YESTERDAY
  MAXIMUM         68R   355 PM  63    1986  36     32       24
  MINIMUM         24    705 AM -14    1972  15      9        0
  AVERAGE         46                        26     20       12

PRECIPITATION (IN)
  YESTERDAY        0.00          0.56 1989   0.02  -0.02     0.00
  MONTH TO DATE    0.03                      0.47  -0.44     0.14
  SINCE DEC 1      0.79                      1.10  -0.31     0.25
  SINCE JAN 1      0.03                      0.47  -0.44     0.14

SNOWFALL (IN)
  YESTERDAY        0.0           4.0  1918   0.3   -0.3      0.0
  MONTH TO DATE    0.9                       5.8   -4.9      2.4
  SINCE DEC 1      6.8                      10.9   -4.1      4.6
  SINCE JUL 1      9.0                      15.1   -6.1      4.8
  SNOW DEPTH       0

DEGREE DAYS
 HEATING
  YESTERDAY       19                        39    -20       53
  MONTH TO DATE 1058                      1119    -61     1100
  SINCE DEC 1   2163                      2308   -145     2336
  SINCE JUL 1   3496                      3638   -142     3564

 COOLING
  YESTERDAY        0                         0      0        0
  MONTH TO DATE    0                         0      0        0
  SINCE DEC 1      0                         0      0        0
  SINCE JAN 1      0                         0      0        0
..................................................................


WIND (MPH)
  HIGHEST WIND SPEED    39   HIGHEST WIND DIRECTION    NW (330)
  HIGHEST GUST SPEED    49   HIGHEST GUST DIRECTION    NW (320)
  AVERAGE WIND SPEED    12.7


SKY COVER
  AVERAGE SKY COVER 0.1


WEATHER CONDITIONS
 THE FOLLOWING WEATHER WAS RECORDED YESTERDAY.
  NO SIGNIFICANT WEATHER WAS OBSERVED.


RELATIVE HUMIDITY (PERCENT)
 HIGHEST   100           700 AM
 LOWEST     27           400 PM
 AVERAGE    64

..........................................................


THE GRAND ISLAND NE CLIMATE NORMALS FOR TODAY
                         NORMAL    RECORD    YEAR
 MAXIMUM TEMPERATURE (F)   37        64      1971
 MINIMUM TEMPERATURE (F)   15       -16      1966


SUNRISE AND SUNSET
JANUARY 29 2015.......SUNRISE   747 AM CST   SUNSET   546 PM CST
JANUARY 30 2015.......SUNRISE   746 AM CST   SUNSET   548 PM CST


-  INDICATES NEGATIVE NUMBERS.
R  INDICATES RECORD WAS SET OR TIED.
MM INDICATES DATA IS MISSING.
T  INDICATES TRACE AMOUNT.




$$
