000
CDUS43 KGRR 310536
CLIGRR


CLIMATE REPORT
NATIONAL WEATHER SERVICE GRAND RAPIDS, MI
133 AM EDT THU JUL 31 2014


...................................

...THE GRAND RAPIDS MI CLIMATE SUMMARY FOR JULY 30 2014...

CLIMATE NORMAL PERIOD 1981 TO 2010
CLIMATE RECORD PERIOD 1892 TO 2014


WEATHER ITEM   OBSERVED TIME   RECORD YEAR NORMAL DEPARTURE LAST
                VALUE   (LST)  VALUE       VALUE  FROM      YEAR
                                                  NORMAL
..................................................................
TEMPERATURE (F)
 YESTERDAY
  MAXIMUM         78        MM 101    1916  82     -4       79
  MINIMUM         56        MM  50    2013  62     -6       50
                                      1965
                                      1956
  AVERAGE         67                        72     -5       65

PRECIPITATION (IN)
  YESTERDAY        0.04          1.68 1970   0.12  -0.08      T
  MONTH TO DATE    4.42                      3.66   0.76     3.05
  SINCE JUN 1      9.57                      7.43   2.14     7.57
  SINCE JAN 1     22.84                     21.01   1.83    30.26

SNOWFALL (IN)
  YESTERDAY        0.0           0.0  2006   0.0    0.0      0.0
                                      2005
                                      2004
  MONTH TO DATE    0.0                       0.0    0.0      0.0
  SINCE JUN 1      0.0                       0.0    0.0      0.0
  SINCE JUL 1      0.0                       0.0    0.0      0.0
  SNOW DEPTH       0

DEGREE DAYS
 HEATING
  YESTERDAY        0                         0      0        0
  MONTH TO DATE    9                         0      9       11
  SINCE JUN 1     22                        45    -23       51
  SINCE JUL 1      9                         0      9       11

 COOLING
  YESTERDAY        2                         7     -5        0
  MONTH TO DATE  121                       235   -114      255
  SINCE JUN 1    300                       380    -80      404
  SINCE JAN 1    353                       427    -74      486
..................................................................


WIND (MPH)
  RESULTANT WIND SPEED   6   RESULTANT WIND DIRECTION   W (270)
  HIGHEST WIND SPEED    18   HIGHEST WIND DIRECTION     W (280)
  HIGHEST GUST SPEED    17   HIGHEST GUST DIRECTION     W (250)
  AVERAGE WIND SPEED     6.8


SKY COVER
  POSSIBLE SUNSHINE  72 PERCENT
  AVERAGE SKY COVER 0.4


WEATHER CONDITIONS
 THE FOLLOWING WEATHER WAS RECORDED YESTERDAY.
  LIGHT RAIN
  FOG


RELATIVE HUMIDITY (PERCENT)
 HIGHEST   100           300 AM
 LOWEST     38           700 PM
 AVERAGE    69

..........................................................


THE GRAND RAPIDS MI CLIMATE NORMALS FOR TODAY
                         NORMAL    RECORD    YEAR
 MAXIMUM TEMPERATURE (F)   82        98      1917
 MINIMUM TEMPERATURE (F)   62        46      1971


SUNRISE AND SUNSET
JULY 31 2014..........SUNRISE   632 AM EDT   SUNSET   904 PM EDT
AUGUST  1 2014........SUNRISE   633 AM EDT   SUNSET   903 PM EDT


-  INDICATES NEGATIVE NUMBERS.
R  INDICATES RECORD WAS SET OR TIED.
MM INDICATES DATA IS MISSING.
T  INDICATES TRACE AMOUNT.




$$
