984
CDUS43 KGRR 140523
CLIGRR


CLIMATE REPORT
NATIONAL WEATHER SERVICE GRAND RAPIDS, MI
1222 AM EST SUN FEB 14 2016


...................................

...THE GRAND RAPIDS MI CLIMATE SUMMARY FOR FEBRUARY 13 2016...

CLIMATE NORMAL PERIOD 1981 TO 2010
CLIMATE RECORD PERIOD 1892 TO 2016


WEATHER ITEM   OBSERVED TIME   RECORD YEAR NORMAL DEPARTURE LAST
                VALUE   (LST)  VALUE       VALUE  FROM      YEAR
                                                  NORMAL
..................................................................
TEMPERATURE (F)
 YESTERDAY
  MAXIMUM         17    422 PM  58    1938  33    -16       23
  MINIMUM          3    306 AM -24    1899  20    -17       10
  AVERAGE         10                        26    -16       17

PRECIPITATION (IN)
  YESTERDAY        T             0.68 1938   0.06  -0.06     0.10
  MONTH TO DATE    1.67                      0.76   0.91     0.87
  SINCE DEC 1      7.15                      5.35   1.80     4.31
  SINCE JAN 1      3.82                      2.85   0.97     2.74

SNOWFALL (IN)
  YESTERDAY        T             5.0  1900   0.6   -0.6      2.2
  MONTH TO DATE    2.1                       7.4   -5.3     13.0
  SINCE DEC 1     25.4                      50.1  -24.7     37.2
  SINCE JUL 1     28.9                      57.4  -28.5     68.2
  SNOW DEPTH       T

DEGREE DAYS
 HEATING
  YESTERDAY       55                        39     16       48
  MONTH TO DATE  502                       515    -13      592
  SINCE DEC 1   2499                      2884   -385     2959
  SINCE JUL 1   3557                      4222   -665     4455

 COOLING
  YESTERDAY        0                         0      0        0
  MONTH TO DATE    0                         0      0        0
  SINCE DEC 1      0                         0      0        0
  SINCE JAN 1      0                         0      0        0
..................................................................


WIND (MPH)
  RESULTANT WIND SPEED  10   RESULTANT WIND DIRECTION  NW (310)
  HIGHEST WIND SPEED    21   HIGHEST WIND DIRECTION    NW (300)
  HIGHEST GUST SPEED    25   HIGHEST GUST DIRECTION     W (290)
  AVERAGE WIND SPEED    10.0


SKY COVER
  POSSIBLE SUNSHINE  29 PERCENT
  AVERAGE SKY COVER 0.7


WEATHER CONDITIONS
 THE FOLLOWING WEATHER WAS RECORDED YESTERDAY.
  LIGHT SNOW
  FOG


RELATIVE HUMIDITY (PERCENT)
 HIGHEST    87           700 AM
 LOWEST     51           300 PM
 AVERAGE    69

..........................................................


THE GRAND RAPIDS MI CLIMATE NORMALS FOR TODAY
                         NORMAL    RECORD    YEAR
 MAXIMUM TEMPERATURE (F)   33        53      1918
 MINIMUM TEMPERATURE (F)   20       -24      1899


SUNRISE AND SUNSET
FEBRUARY 14 2016......SUNRISE   741 AM EST   SUNSET   612 PM EST
FEBRUARY 15 2016......SUNRISE   740 AM EST   SUNSET   613 PM EST


-  INDICATES NEGATIVE NUMBERS.
R  INDICATES RECORD WAS SET OR TIED.
MM INDICATES DATA IS MISSING.
T  INDICATES TRACE AMOUNT.




$$
