000
CDUS42 KRAH 182037
CLIGSO


CLIMATE REPORT
NATIONAL WEATHER SERVICE RALEIGH NC
434 PM EDT THU SEP 18 2014


...................................

...THE PIEDMONT TRIAD INTL AIRPORT NC CLIMATE SUMMARY FOR SEPTEMBER 18 2014...
VALID TODAY AS OF 0400 PM LOCAL TIME.

CLIMATE NORMAL PERIOD 1981 TO 2010
CLIMATE RECORD PERIOD 1903 TO 2014


WEATHER ITEM   OBSERVED TIME   RECORD YEAR NORMAL DEPARTURE LAST
                VALUE   (LST)  VALUE       VALUE  FROM      YEAR
                                                  NORMAL
..................................................................
TEMPERATURE (F)
 TODAY
  MAXIMUM         76    250 PM  97    1921  79     -3       72
  MINIMUM         61    641 AM  45    1990  60      1       54
                                      1984
  AVERAGE         69                        69      0       63

PRECIPITATION (IN)
  TODAY            T             2.28 2003   0.14  -0.14     0.00
  MONTH TO DATE    2.54                      2.70  -0.16     1.42
  SINCE SEP 1      2.54                      2.70  -0.16     1.42
  SINCE JAN 1     28.42                     31.49  -3.07    39.81

DEGREE DAYS
 HEATING
  TODAY            0                         1     -1        2
  MONTH TO DATE    0                         6     -6        2
  SINCE SEP 1      0                         6     -6        2
  SINCE JUL 1      0                         7     -7        4

 COOLING
  TODAY            4                         5     -1        0
  MONTH TO DATE  168                       138     30      151
  SINCE SEP 1    168                       138     30      151
  SINCE JAN 1   1421                      1400     21     1310
..................................................................


WIND (MPH)
  HIGHEST WIND SPEED     8   HIGHEST WIND DIRECTION    NW (330)
  HIGHEST GUST SPEED     9   HIGHEST GUST DIRECTION    NW (330)
  AVERAGE WIND SPEED     1.6


SKY COVER
  POSSIBLE SUNSHINE  MM
  AVERAGE SKY COVER 0.7


WEATHER CONDITIONS
 THE FOLLOWING WEATHER WAS RECORDED TODAY.
  LIGHT RAIN
  FOG
  HAZE


RELATIVE HUMIDITY (PERCENT)
 HIGHEST   100           600 AM
 LOWEST     64           100 PM
 AVERAGE    82

..........................................................


THE PIEDMONT TRIAD INTL AIRPORT NC CLIMATE NORMALS FOR TOMORROW
                         NORMAL    RECORD    YEAR
 MAXIMUM TEMPERATURE (F)   79        95      1915
 MINIMUM TEMPERATURE (F)   59        41      1984


SUNRISE AND SUNSET
SEPTEMBER 18 2014.....SUNRISE   705 AM EDT   SUNSET   723 PM EDT
SEPTEMBER 19 2014.....SUNRISE   705 AM EDT   SUNSET   721 PM EDT


-  INDICATES NEGATIVE NUMBERS.
R  INDICATES RECORD WAS SET OR TIED.
MM INDICATES DATA IS MISSING.
T  INDICATES TRACE AMOUNT.




$$
