000
CDUS42 KRAH 230652
CLIGSO


CLIMATE REPORT
NATIONAL WEATHER SERVICE RALEIGH NC
251 AM EDT WED JUL 23 2014


...................................

...THE PIEDMONT TRIAD INTL AIRPORT NC CLIMATE SUMMARY FOR JULY 22 2014...

CLIMATE NORMAL PERIOD 1981 TO 2010
CLIMATE RECORD PERIOD 1903 TO 2014


WEATHER ITEM   OBSERVED TIME   RECORD YEAR NORMAL DEPARTURE LAST
                VALUE   (LST)  VALUE       VALUE  FROM      YEAR
                                                  NORMAL
..................................................................
TEMPERATURE (F)
 YESTERDAY
  MAXIMUM         83    226 PM 101    1926  88     -5       86
  MINIMUM         69    547 AM  54    1974  69      0       71
  AVERAGE         76                        79     -3       79

PRECIPITATION (IN)
  YESTERDAY        0.01          3.22 2006   0.14  -0.13     0.00
  MONTH TO DATE    1.55                      3.10  -1.55     4.66
  SINCE JUN 1      4.55                      6.83  -2.28    13.03
  SINCE JAN 1     22.04                     23.53  -1.49    31.38

DEGREE DAYS
 HEATING
  YESTERDAY        0                         0      0        0
  MONTH TO DATE    0                         0      0        0
  SINCE JUN 1      0                         6     -6        0
  SINCE JUL 1      0                         0      0        0

 COOLING
  YESTERDAY       11                        14     -3       14
  MONTH TO DATE  283                       302    -19      303
  SINCE JUN 1    640                       609     31      602
  SINCE JAN 1    837                       768     69      752
..................................................................


WIND (MPH)
  HIGHEST WIND SPEED    10   HIGHEST WIND DIRECTION    SE (130)
  HIGHEST GUST SPEED    14   HIGHEST GUST DIRECTION    SE (150)
  AVERAGE WIND SPEED     3.5


SKY COVER
  POSSIBLE SUNSHINE  MM
  AVERAGE SKY COVER 0.8


WEATHER CONDITIONS
 THE FOLLOWING WEATHER WAS RECORDED YESTERDAY.
  LIGHT RAIN
  FOG
  FOG W/VISIBILITY <= 1/4 MILE


RELATIVE HUMIDITY (PERCENT)
 HIGHEST   100           500 AM
 LOWEST     65           100 PM
 AVERAGE    83

..........................................................


THE PIEDMONT TRIAD INTL AIRPORT NC CLIMATE NORMALS FOR TODAY
                         NORMAL    RECORD    YEAR
 MAXIMUM TEMPERATURE (F)   88        99      1952
 MINIMUM TEMPERATURE (F)   69        56      1947


SUNRISE AND SUNSET
JULY 23 2014..........SUNRISE   620 AM EDT   SUNSET   832 PM EDT
JULY 24 2014..........SUNRISE   621 AM EDT   SUNSET   831 PM EDT


-  INDICATES NEGATIVE NUMBERS.
R  INDICATES RECORD WAS SET OR TIED.
MM INDICATES DATA IS MISSING.
T  INDICATES TRACE AMOUNT.




$$
