000
CDUS42 KRAH 230800
CLIGSO


CLIMATE REPORT
NATIONAL WEATHER SERVICE RALEIGH NC
359 AM EDT SAT MAY 23 2015


...................................

...THE PIEDMONT TRIAD INTL AIRPORT NC CLIMATE SUMMARY FOR MAY 22 2015...

CLIMATE NORMAL PERIOD 1981 TO 2010
CLIMATE RECORD PERIOD 1903 TO 2015


WEATHER ITEM   OBSERVED TIME   RECORD YEAR NORMAL DEPARTURE LAST
                VALUE   (LST)  VALUE       VALUE  FROM      YEAR
                                                  NORMAL
..................................................................
TEMPERATURE (F)
 YESTERDAY
  MAXIMUM         74    624 PM  97    1941  79     -5       88
  MINIMUM         52    553 AM  40    2002  58     -6       67
  AVERAGE         63                        68     -5       78

PRECIPITATION (IN)
  YESTERDAY        0.00          1.49 2003   0.11  -0.11      T
  MONTH TO DATE    2.64                      2.31   0.33     1.92
  SINCE MAR 1      7.86                      9.61  -1.75    10.58
  SINCE JAN 1     12.54                     15.63  -3.09    16.80

DEGREE DAYS
 HEATING
  YESTERDAY        2                         1      1        0
  MONTH TO DATE   20                        58    -38       31
  SINCE MAR 1    610                       749   -139      841
  SINCE JUL 1   3695                      3604     91     3818

 COOLING
  YESTERDAY        0                         5     -5       13
  MONTH TO DATE  122                        69     53      104
  SINCE MAR 1    159                       107     52      124
  SINCE JAN 1    159                       107     52      124
..................................................................


WIND (MPH)
  HIGHEST WIND SPEED    12   HIGHEST WIND DIRECTION     N (20)
  HIGHEST GUST SPEED    62   HIGHEST GUST DIRECTION     E (90)
  AVERAGE WIND SPEED     3.8


SKY COVER
  POSSIBLE SUNSHINE  MM
  AVERAGE SKY COVER 0.3


WEATHER CONDITIONS
 THE FOLLOWING WEATHER WAS RECORDED YESTERDAY.
  NO SIGNIFICANT WEATHER WAS OBSERVED.


RELATIVE HUMIDITY (PERCENT)
 HIGHEST    77           300 AM
 LOWEST     27           500 PM
 AVERAGE    52

..........................................................


THE PIEDMONT TRIAD INTL AIRPORT NC CLIMATE NORMALS FOR TODAY
                         NORMAL    RECORD    YEAR
 MAXIMUM TEMPERATURE (F)   79        97      1925
 MINIMUM TEMPERATURE (F)   58        38      2002


SUNRISE AND SUNSET
MAY 23 2015...........SUNRISE   608 AM EDT   SUNSET   825 PM EDT
MAY 24 2015...........SUNRISE   608 AM EDT   SUNSET   826 PM EDT


-  INDICATES NEGATIVE NUMBERS.
R  INDICATES RECORD WAS SET OR TIED.
MM INDICATES DATA IS MISSING.
T  INDICATES TRACE AMOUNT.




$$
