028
CDUS42 KRAH 192153
CLIGSO


CLIMATE REPORT
NATIONAL WEATHER SERVICE RALEIGH NC
452 PM EST THU JAN 19 2017


...................................

...THE PIEDMONT TRIAD INTL AIRPORT NC CLIMATE SUMMARY FOR JANUARY 19 2017...
VALID TODAY AS OF 0400 PM LOCAL TIME.

CLIMATE NORMAL PERIOD 1981 TO 2010
CLIMATE RECORD PERIOD 1903 TO 2017


WEATHER ITEM   OBSERVED TIME   RECORD YEAR NORMAL DEPARTURE LAST
                VALUE   (LST)  VALUE       VALUE  FROM      YEAR
                                                  NORMAL
..................................................................
TEMPERATURE (F)
 TODAY
  MAXIMUM         62    259 PM  69    1907  48     14       31
  MINIMUM         36    730 AM  -1    1994  29      7       16
  AVERAGE         49                        39     10       24

PRECIPITATION (IN)
  TODAY            0.00          2.02 1936   0.10  -0.10     0.00
  MONTH TO DATE    2.26                      1.91   0.35     1.00
  SINCE DEC 1      3.96                      4.89  -0.93     7.65
  SINCE JAN 1      2.26                      1.91   0.35     1.00

SNOWFALL (IN)
  TODAY            0.0           7.3  1955   0.1   -0.1      0.0
  MONTH TO DATE    8.0                       2.1    5.9      0.5
  SINCE DEC 1      8.0                       2.9    5.1      0.5
  SINCE JUL 1      8.0                       3.0    5.0      0.5
  SNOW DEPTH       0

DEGREE DAYS
 HEATING
  TODAY           16                        26    -10       41
  MONTH TO DATE  424                       494    -70      521
  SINCE DEC 1   1109                      1228   -119      885
  SINCE JUL 1   1559                      1908   -349     1399

 COOLING
  TODAY            0                         0      0        0
  MONTH TO DATE    0                         0      0        0
  SINCE DEC 1      0                         1     -1       15
  SINCE JAN 1      0                         0      0        0
..................................................................


WIND (MPH)
  HIGHEST WIND SPEED     9   HIGHEST WIND DIRECTION    SW (230)
  HIGHEST GUST SPEED    12   HIGHEST GUST DIRECTION     W (250)
  AVERAGE WIND SPEED     2.4


SKY COVER
  POSSIBLE SUNSHINE  MM
  AVERAGE SKY COVER 0.5


WEATHER CONDITIONS
 THE FOLLOWING WEATHER WAS RECORDED TODAY.
  NO SIGNIFICANT WEATHER WAS OBSERVED.


RELATIVE HUMIDITY (PERCENT)
 HIGHEST    92           700 AM
 LOWEST     39           300 PM
 AVERAGE    66

..........................................................


THE PIEDMONT TRIAD INTL AIRPORT NC CLIMATE NORMALS FOR TOMORROW
                         NORMAL    RECORD    YEAR
 MAXIMUM TEMPERATURE (F)   48        71      1907
 MINIMUM TEMPERATURE (F)   29        -6      1985


SUNRISE AND SUNSET
JANUARY 19 2017.......SUNRISE   728 AM EST   SUNSET   533 PM EST
JANUARY 20 2017.......SUNRISE   728 AM EST   SUNSET   534 PM EST


-  INDICATES NEGATIVE NUMBERS.
R  INDICATES RECORD WAS SET OR TIED.
MM INDICATES DATA IS MISSING.
T  INDICATES TRACE AMOUNT.




$$
