352
CDUS42 KRAH 280922
CLIGSO


CLIMATE REPORT
NATIONAL WEATHER SERVICE RALEIGH NC
421 AM EST TUE FEB 28 2017


...................................

...THE PIEDMONT TRIAD INTL AIRPORT NC CLIMATE SUMMARY FOR FEBRUARY 27 2017...

CLIMATE NORMAL PERIOD 1981 TO 2010
CLIMATE RECORD PERIOD 1903 TO 2017


WEATHER ITEM   OBSERVED TIME   RECORD YEAR NORMAL DEPARTURE LAST
                VALUE   (LST)  VALUE       VALUE  FROM      YEAR
                                                  NORMAL
..................................................................
TEMPERATURE (F)
 YESTERDAY
  MAXIMUM         61    248 PM  78    2011  56      5       53
  MINIMUM         34    522 AM   3    1963  35     -1       26
  AVERAGE         48                        45      3       40

PRECIPITATION (IN)
  YESTERDAY        0.00          1.42 1982   0.12  -0.12     0.00
                                      1923
  MONTH TO DATE    0.49                      2.85  -2.36     4.23
  SINCE DEC 1      7.31                      8.89  -1.58    12.79
  SINCE JAN 1      5.61                      5.91  -0.30     6.14

SNOWFALL (IN)
  YESTERDAY        0.0           8.0  1924   0.1   -0.1      0.0
  MONTH TO DATE    T                         2.3   -2.3      2.0
  SINCE DEC 1      8.0                       6.5    1.5      4.5
  SINCE JUL 1      8.0                       6.6    1.4      4.5
  SNOW DEPTH       0

DEGREE DAYS
 HEATING
  YESTERDAY       17                        20     -3       25
  MONTH TO DATE  380                       613   -233      625
  SINCE DEC 1   1713                      2156   -443     1850
  SINCE JUL 1   2163                      2836   -673     2364

 COOLING
  YESTERDAY        0                         0      0        0
  MONTH TO DATE    4                         0      4        0
  SINCE DEC 1      4                         1      3       15
  SINCE JAN 1      4                         0      4        0
..................................................................


WIND (MPH)
  HIGHEST WIND SPEED    16   HIGHEST WIND DIRECTION     S (160)
  HIGHEST GUST SPEED    22   HIGHEST GUST DIRECTION     S (190)
  AVERAGE WIND SPEED     5.3


SKY COVER
  POSSIBLE SUNSHINE  MM
  AVERAGE SKY COVER 0.7


WEATHER CONDITIONS
 THE FOLLOWING WEATHER WAS RECORDED YESTERDAY.
  NO SIGNIFICANT WEATHER WAS OBSERVED.


RELATIVE HUMIDITY (PERCENT)
 HIGHEST    75           800 AM
 LOWEST     26           500 PM
 AVERAGE    51

..........................................................


THE PIEDMONT TRIAD INTL AIRPORT NC CLIMATE NORMALS FOR TODAY
                         NORMAL    RECORD    YEAR
 MAXIMUM TEMPERATURE (F)   56        79      1948
 MINIMUM TEMPERATURE (F)   35        10      1934


SUNRISE AND SUNSET
FEBRUARY 28 2017......SUNRISE   651 AM EST   SUNSET   614 PM EST
MARCH  1 2017.........SUNRISE   650 AM EST   SUNSET   615 PM EST


-  INDICATES NEGATIVE NUMBERS.
R  INDICATES RECORD WAS SET OR TIED.
MM INDICATES DATA IS MISSING.
T  INDICATES TRACE AMOUNT.




$$
