000
CDUS42 KRAH 180729
CLIGSO


CLIMATE REPORT
NATIONAL WEATHER SERVICE RALEIGH NC
228 AM EST THU DEC 18 2014


...................................

...THE PIEDMONT TRIAD INTL AIRPORT NC CLIMATE SUMMARY FOR DECEMBER 17 2014...

CLIMATE NORMAL PERIOD 1981 TO 2010
CLIMATE RECORD PERIOD 1903 TO 2014


WEATHER ITEM   OBSERVED TIME   RECORD YEAR NORMAL DEPARTURE LAST
                VALUE   (LST)  VALUE       VALUE  FROM      YEAR
                                                  NORMAL
..................................................................
TEMPERATURE (F)
 YESTERDAY
  MAXIMUM         57    347 PM  78    1924  50      7       61
  MINIMUM         37    605 AM   6    1943  32      5       33
  AVERAGE         47                        41      6       47

PRECIPITATION (IN)
  YESTERDAY        0.00          1.52 1930   0.09  -0.09     0.00
  MONTH TO DATE    0.53                      1.66  -1.13     2.30
  SINCE DEC 1      0.53                      1.66  -1.13     2.30
  SINCE JAN 1     34.68                     40.88  -6.20    47.54

SNOWFALL (IN)
  YESTERDAY        0.0          14.3  1930   0.0    0.0      0.0
  MONTH TO DATE    0.0                       0.2   -0.2      0.0
  SINCE DEC 1      0.0                       0.2   -0.2      0.0
  SINCE JUL 1      0.0                       0.3   -0.3       T
  SNOW DEPTH       0

DEGREE DAYS
 HEATING
  YESTERDAY       18                        24     -6       18
  MONTH TO DATE  342                       379    -37      350
  SINCE DEC 1    342                       379    -37      350
  SINCE JUL 1   1092                      1059     33     1084

 COOLING
  YESTERDAY        0                         0      0        0
  MONTH TO DATE    0                         0      0        6
  SINCE DEC 1      0                         0      0        6
  SINCE JAN 1   1499                      1483     16     1387
..................................................................


WIND (MPH)
  HIGHEST WIND SPEED    16   HIGHEST WIND DIRECTION    NW (300)
  HIGHEST GUST SPEED    23   HIGHEST GUST DIRECTION    NW (310)
  AVERAGE WIND SPEED     6.8


SKY COVER
  POSSIBLE SUNSHINE  MM
  AVERAGE SKY COVER 0.5


WEATHER CONDITIONS
 THE FOLLOWING WEATHER WAS RECORDED YESTERDAY.
  NO SIGNIFICANT WEATHER WAS OBSERVED.


RELATIVE HUMIDITY (PERCENT)
 HIGHEST    85           600 AM
 LOWEST     40           200 PM
 AVERAGE    63

..........................................................


THE PIEDMONT TRIAD INTL AIRPORT NC CLIMATE NORMALS FOR TODAY
                         NORMAL    RECORD    YEAR
 MAXIMUM TEMPERATURE (F)   50        77      1924
 MINIMUM TEMPERATURE (F)   31         7      1973


SUNRISE AND SUNSET
DECEMBER 18 2014......SUNRISE   725 AM EST   SUNSET   508 PM EST
DECEMBER 19 2014......SUNRISE   726 AM EST   SUNSET   508 PM EST


-  INDICATES NEGATIVE NUMBERS.
R  INDICATES RECORD WAS SET OR TIED.
MM INDICATES DATA IS MISSING.
T  INDICATES TRACE AMOUNT.




$$
