684
CDUS42 KRAH 280547
CLIGSO


CLIMATE REPORT
NATIONAL WEATHER SERVICE RALEIGH NC
146 AM EDT SUN MAY 28 2017


...................................

...THE PIEDMONT TRIAD INTL AIRPORT NC CLIMATE SUMMARY FOR MAY 27 2017...

CLIMATE NORMAL PERIOD 1981 TO 2010
CLIMATE RECORD PERIOD 1903 TO 2017


WEATHER ITEM   OBSERVED TIME   RECORD YEAR NORMAL DEPARTURE LAST
                VALUE   (LST)  VALUE       VALUE  FROM      YEAR
                                                  NORMAL
..................................................................
TEMPERATURE (F)
 YESTERDAY
  MAXIMUM         87    224 PM 100    1911  80      7       85
  MINIMUM         60    531 AM  40    1961  60      0       65
                                      1910
  AVERAGE         74                        70      4       75

PRECIPITATION (IN)
  YESTERDAY        0.33          2.55 1905   0.12   0.21     0.00
  MONTH TO DATE    6.92                      2.89   4.03     8.49
  SINCE MAR 1     15.22                     10.19   5.03    12.65
  SINCE JAN 1     20.83                     16.21   4.62    18.79

DEGREE DAYS
 HEATING
  YESTERDAY        0                         1     -1        0
  MONTH TO DATE   51                        63    -12       67
  SINCE MAR 1    603                       754   -151      520
  SINCE JUL 1   2773                      3609   -836     2906

 COOLING
  YESTERDAY        9                         6      3       10
  MONTH TO DATE  101                        96      5       88
  SINCE MAR 1    197                       134     63      165
  SINCE JAN 1    201                       134     67      165
..................................................................


WIND (MPH)
  HIGHEST WIND SPEED    25   HIGHEST WIND DIRECTION    NW (300)
  HIGHEST GUST SPEED    32   HIGHEST GUST DIRECTION     W (290)
  AVERAGE WIND SPEED     8.4


SKY COVER
  POSSIBLE SUNSHINE  MM
  AVERAGE SKY COVER 0.6


WEATHER CONDITIONS
 THE FOLLOWING WEATHER WAS RECORDED YESTERDAY.
  THUNDERSTORM
  RAIN
  LIGHT RAIN
  FOG


RELATIVE HUMIDITY (PERCENT)
 HIGHEST    97           400 AM
 LOWEST     51          1100 AM
 AVERAGE    74

..........................................................


THE PIEDMONT TRIAD INTL AIRPORT NC CLIMATE NORMALS FOR TODAY
                         NORMAL    RECORD    YEAR
 MAXIMUM TEMPERATURE (F)   80        98      1916
                                             1914
 MINIMUM TEMPERATURE (F)   60        36      1961


SUNRISE AND SUNSET
MAY 28 2017...........SUNRISE   606 AM EDT   SUNSET   829 PM EDT
MAY 29 2017...........SUNRISE   605 AM EDT   SUNSET   830 PM EDT


-  INDICATES NEGATIVE NUMBERS.
R  INDICATES RECORD WAS SET OR TIED.
MM INDICATES DATA IS MISSING.
T  INDICATES TRACE AMOUNT.

$$
