000
CDUS42 KRAH 200152
CLIGSO


CLIMATE REPORT
NATIONAL WEATHER SERVICE RALEIGH NC
951 PM EDT TUE AUG 19 2014


...................................

...THE PIEDMONT TRIAD INTL AIRPORT NC CLIMATE SUMMARY FOR AUGUST 19 2014...
VALID AS OF 0951 PM LOCAL TIME.

CLIMATE NORMAL PERIOD 1981 TO 2010
CLIMATE RECORD PERIOD 1903 TO 2014


WEATHER ITEM   OBSERVED TIME   RECORD YEAR NORMAL DEPARTURE LAST
                VALUE   (LST)  VALUE       VALUE  FROM      YEAR
                                                  NORMAL
..................................................................
TEMPERATURE (F)
 TODAY
  MAXIMUM         87    308 PM  99    1988  86      1       75
  MINIMUM         68    551 AM  56    1976  68      0       65
  AVERAGE         78                        77      1       70

PRECIPITATION (IN)
  TODAY            T             1.46 1929   0.12  -0.12     0.17
  MONTH TO DATE    2.66                      2.32   0.34     5.00
  SINCE JUN 1      8.39                     10.53  -2.14    19.39
  SINCE JAN 1     25.88                     27.23  -1.35    37.74

DEGREE DAYS
 HEATING
  TODAY            0                         0      0        0
  MONTH TO DATE    0                         0      0        2
  SINCE JUN 1      0                         6     -6        2
  SINCE JUL 1      0                         0      0        2

 COOLING
  TODAY           13                        12      1        5
  MONTH TO DATE  166                       243    -77      188
  SINCE JUN 1    907                       969    -62      887
  SINCE JAN 1   1104                      1128    -24     1037
..................................................................


WIND (MPH)
  RESULTANT WIND SPEED   1   RESULTANT WIND DIRECTION   N (0)
  HIGHEST WIND SPEED    15   HIGHEST WIND DIRECTION    NE (40)
  HIGHEST GUST SPEED    18   HIGHEST GUST DIRECTION    NE (50)
  AVERAGE WIND SPEED     4.3


SKY COVER
  POSSIBLE SUNSHINE  MM
  AVERAGE SKY COVER 0.6


WEATHER CONDITIONS
 THE FOLLOWING WEATHER WAS RECORDED TODAY.
  NO SIGNIFICANT WEATHER WAS OBSERVED.


RELATIVE HUMIDITY (PERCENT)
 HIGHEST   100          1200 AM
 LOWEST     57           300 PM
 AVERAGE    79

..........................................................


THE PIEDMONT TRIAD INTL AIRPORT NC CLIMATE NORMALS FOR TOMORROW
                         NORMAL    RECORD    YEAR
 MAXIMUM TEMPERATURE (F)   86       101      1914
 MINIMUM TEMPERATURE (F)   68        52      1943


SUNRISE AND SUNSET
AUGUST 19 2014........SUNRISE   641 AM EDT   SUNSET   805 PM EDT
AUGUST 20 2014........SUNRISE   642 AM EDT   SUNSET   804 PM EDT


-  INDICATES NEGATIVE NUMBERS.
R  INDICATES RECORD WAS SET OR TIED.
MM INDICATES DATA IS MISSING.
T  INDICATES TRACE AMOUNT.




$$
