000
CDUS42 KRAH 220717
CLIGSO


CLIMATE REPORT
NATIONAL WEATHER SERVICE RALEIGH NC
316 AM EDT FRI SEP 22 2017


...................................

...THE PIEDMONT TRIAD INTL AIRPORT NC CLIMATE SUMMARY FOR SEPTEMBER 21 2017...

CLIMATE NORMAL PERIOD 1981 TO 2010
CLIMATE RECORD PERIOD 1903 TO 2017


WEATHER ITEM   OBSERVED TIME   RECORD YEAR NORMAL DEPARTURE LAST
                VALUE   (LST)  VALUE       VALUE  FROM      YEAR
                                                  NORMAL
..................................................................
TEMPERATURE (F)
 YESTERDAY
  MAXIMUM         87    338 PM  94    1931  78      9       78
  MINIMUM         65    322 AM  39    1918  59      6       69
  AVERAGE         76                        68      8       74

PRECIPITATION (IN)
  YESTERDAY        0.00          2.82 1947   0.13  -0.13      T
  MONTH TO DATE    2.80                      3.11  -0.31     0.30
  SINCE SEP 1      2.80                      3.11  -0.31     0.30
  SINCE JAN 1     37.25                     31.90   5.35    31.10

DEGREE DAYS
 HEATING
  YESTERDAY        0                         1     -1        0
  MONTH TO DATE   22                         9     13        0
  SINCE SEP 1     22                         9     13        0
  SINCE JUL 1     22                        10     12        0

 COOLING
  YESTERDAY       11                         5      6        9
  MONTH TO DATE  105                       153    -48      258
  SINCE SEP 1    105                       153    -48      258
  SINCE JAN 1   1459                      1415     44     1825
..................................................................


WIND (MPH)
  HIGHEST WIND SPEED    12   HIGHEST WIND DIRECTION    NE (50)
  HIGHEST GUST SPEED    14   HIGHEST GUST DIRECTION    NE (30)
  AVERAGE WIND SPEED     4.9


SKY COVER
  POSSIBLE SUNSHINE  MM
  AVERAGE SKY COVER 0.3


WEATHER CONDITIONS
 THE FOLLOWING WEATHER WAS RECORDED YESTERDAY.
  NO SIGNIFICANT WEATHER WAS OBSERVED.


RELATIVE HUMIDITY (PERCENT)
 HIGHEST    93           200 AM
 LOWEST     48           400 PM
 AVERAGE    71

..........................................................


THE PIEDMONT TRIAD INTL AIRPORT NC CLIMATE NORMALS FOR TODAY
                         NORMAL    RECORD    YEAR
 MAXIMUM TEMPERATURE (F)   78        95      1931
 MINIMUM TEMPERATURE (F)   58        39      1918


SUNRISE AND SUNSET
SEPTEMBER 22 2017.....SUNRISE   708 AM EDT   SUNSET   716 PM EDT
SEPTEMBER 23 2017.....SUNRISE   709 AM EDT   SUNSET   715 PM EDT


-  INDICATES NEGATIVE NUMBERS.
R  INDICATES RECORD WAS SET OR TIED.
MM INDICATES DATA IS MISSING.
T  INDICATES TRACE AMOUNT.

$$
