000
CDUS42 KGSP 230644
CLIGSP

CLIMATE REPORT
NATIONAL WEATHER SERVICE GREENVILLE-SPARTANBURG SC
141 AM EST FRI FEB 23 2018


...................................

...THE GREENVILLE-SPARTANBURG SC CLIMATE SUMMARY FOR FEBRUARY 22 2018...

CLIMATE NORMAL PERIOD 1981 TO 2010
CLIMATE RECORD PERIOD 1884 TO 2018


WEATHER ITEM   OBSERVED TIME   RECORD YEAR NORMAL DEPARTURE LAST
                VALUE   (LST)  VALUE       VALUE  FROM      YEAR
                                                  NORMAL
..................................................................
TEMPERATURE (F)
 YESTERDAY
  MAXIMUM         78R   429 PM  76    2011  58     20       63
  MINIMUM         60   1159 PM  10    1963  36     24       51
  AVERAGE         69                        47     22       57

PRECIPITATION (IN)
  YESTERDAY        0.00          2.00 1971   0.15  -0.15     0.16
  MONTH TO DATE    4.91                      3.07   1.84     1.20
  SINCE DEC 1     10.68                     11.00  -0.32     8.41
  SINCE JAN 1      7.77                      6.89   0.88     5.72

SNOWFALL (IN)
  YESTERDAY        0.0           0.8  1969   0.0    0.0      0.0
  MONTH TO DATE    0.0                       0.8   -0.8      0.0
  SINCE DEC 1      4.7                       3.5    1.2      3.1
  SINCE JUL 1      4.7                       3.6    1.1      3.1
  SNOW DEPTH       0

DEGREE DAYS
 HEATING
  YESTERDAY        0                        18    -18        8
  MONTH TO DATE  295                       437   -142      260
  SINCE DEC 1   1740                      1794    -54     1352
  SINCE JUL 1   2234                      2347   -113     1678

 COOLING
  YESTERDAY        4                         0      4        0
  MONTH TO DATE   14                         0     14        6
  SINCE DEC 1     14                         1     13        6
  SINCE JAN 1     14                         0     14        6
..................................................................


WIND (MPH)
  HIGHEST WIND SPEED    18   HIGHEST WIND DIRECTION    SW (210)
  HIGHEST GUST SPEED    22   HIGHEST GUST DIRECTION    SW (210)
  AVERAGE WIND SPEED     8.5


SKY COVER
  POSSIBLE SUNSHINE  MM
  AVERAGE SKY COVER 0.6


WEATHER CONDITIONS
 THE FOLLOWING WEATHER WAS RECORDED YESTERDAY.
  FOG


RELATIVE HUMIDITY (PERCENT)
 HIGHEST   100           200 AM
 LOWEST     56           400 PM
 AVERAGE    78

..........................................................


THE GREENVILLE-SPARTANBURG SC CLIMATE NORMALS FOR TODAY
                         NORMAL    RECORD    YEAR
 MAXIMUM TEMPERATURE (F)   58        76      2017
                                             2012
                                             1996
 MINIMUM TEMPERATURE (F)   37        15      1963


SUNRISE AND SUNSET
FEBRUARY 23 2018......SUNRISE   706 AM EST   SUNSET   619 PM EST
FEBRUARY 24 2018......SUNRISE   704 AM EST   SUNSET   620 PM EST


-  INDICATES NEGATIVE NUMBERS.
R  INDICATES RECORD WAS SET OR TIED.
MM INDICATES DATA IS MISSING.
T  INDICATES TRACE AMOUNT.




$$
