000
CDUS42 KGSP 250634
CLIGSP

CLIMATE REPORT
NATIONAL WEATHER SERVICE GREENVILLE-SPARTANBURG SC
231 AM EDT SAT OCT 25 2014


...................................

...THE GREENVILLE-SPARTANBURG SC CLIMATE SUMMARY FOR OCTOBER 24 2014...

CLIMATE NORMAL PERIOD 1981 TO 2010
CLIMATE RECORD PERIOD 1884 TO 2014


WEATHER ITEM   OBSERVED TIME   RECORD YEAR NORMAL DEPARTURE LAST
                VALUE   (LST)  VALUE       VALUE  FROM      YEAR
                                                  NORMAL
..................................................................
TEMPERATURE (F)
 YESTERDAY
  MAXIMUM         69    400 PM  86    1939  71     -2       63
                                      1927
  MINIMUM         40    627 AM  26    1917  48     -8       35
                                      1904
  AVERAGE         55                        59     -4       49

PRECIPITATION (IN)
  YESTERDAY        0.00          2.78 1918   0.10  -0.10     0.00
  MONTH TO DATE    3.57                      2.71   0.86     1.87
  SINCE SEP 1      7.25                      6.14   1.11     4.37
  SINCE JAN 1     42.21                     38.65   3.56    58.72

SNOWFALL (IN)
  YESTERDAY        0.0           0.0    MM   0.0    0.0      0.0
  MONTH TO DATE    0.0                       0.0    0.0      0.0
  SINCE SEP 1      0.0                       0.0    0.0      0.0
  SINCE JUL 1      0.0                       0.0    0.0      0.0
  SNOW DEPTH       0

DEGREE DAYS
 HEATING
  YESTERDAY       10                         7      3       16
  MONTH TO DATE   92                        99     -7       62
  SINCE SEP 1     98                       116    -18       63
  SINCE JUL 1     98                       116    -18       63

 COOLING
  YESTERDAY        0                         1     -1        0
  MONTH TO DATE   53                        43     10       53
  SINCE SEP 1    294                       270     24      277
  SINCE JAN 1   1691                      1705    -14     1526
..................................................................


WIND (MPH)
  HIGHEST WIND SPEED     7   HIGHEST WIND DIRECTION    NW (300)
  HIGHEST GUST SPEED    10   HIGHEST GUST DIRECTION     S (200)
  AVERAGE WIND SPEED     1.9


SKY COVER
  POSSIBLE SUNSHINE  MM
  AVERAGE SKY COVER 0.0


WEATHER CONDITIONS
 THE FOLLOWING WEATHER WAS RECORDED YESTERDAY.
  NO SIGNIFICANT WEATHER WAS OBSERVED.


RELATIVE HUMIDITY (PERCENT)
 HIGHEST    96           700 AM
 LOWEST     42           200 PM
 AVERAGE    69

..........................................................


THE GREENVILLE-SPARTANBURG SC CLIMATE NORMALS FOR TODAY
                         NORMAL    RECORD    YEAR
 MAXIMUM TEMPERATURE (F)   70        86      1931
 MINIMUM TEMPERATURE (F)   48        27      1965
                                             1904


SUNRISE AND SUNSET
OCTOBER 25 2014.......SUNRISE   743 AM EDT   SUNSET   642 PM EDT
OCTOBER 26 2014.......SUNRISE   744 AM EDT   SUNSET   641 PM EDT


-  INDICATES NEGATIVE NUMBERS.
R  INDICATES RECORD WAS SET OR TIED.
MM INDICATES DATA IS MISSING.
T  INDICATES TRACE AMOUNT.




$$
