000
CDUS42 KGSP 050628 RRA
CLIGSP

CLIMATE REPORT
NATIONAL WEATHER SERVICE GREENVILLE-SPARTANBURG SC
226 AM EDT SAT SEP 5 2015


...................................

...THE GREENVILLE-SPARTANBURG SC CLIMATE SUMMARY FOR SEPTEMBER 4 2015...

CLIMATE NORMAL PERIOD 1981 TO 2010
CLIMATE RECORD PERIOD 1884 TO 2015


WEATHER ITEM   OBSERVED TIME   RECORD YEAR NORMAL DEPARTURE LAST
                VALUE   (LST)  VALUE       VALUE  FROM      YEAR
                                                  NORMAL
..................................................................
TEMPERATURE (F)
 YESTERDAY
  MAXIMUM         97    403 PM 100    1954  86     11       86
                                      1925
  MINIMUM         69   1037 PM  52    1892  66      3       72
  AVERAGE         83                        76      7       79

PRECIPITATION (IN)
  YESTERDAY        0.81          2.38 1904   0.13   0.68     0.00
  MONTH TO DATE    0.81                      0.50   0.31     1.43
  SINCE SEP 1      0.81                      0.50   0.31     1.43
  SINCE JAN 1     26.35                     33.01  -6.66    36.39

SNOWFALL (IN)
  YESTERDAY        0.0           0.0    MM   0.0    0.0      0.0
  MONTH TO DATE    0.0                       0.0    0.0      0.0
  SINCE SEP 1      0.0                       0.0    0.0      0.0
  SINCE JUL 1      0.0                       0.0    0.0      0.0
  SNOW DEPTH       0

DEGREE DAYS
 HEATING
  YESTERDAY        0                         0      0        0
  MONTH TO DATE    0                         0      0        0
  SINCE SEP 1      0                         0      0        0
  SINCE JUL 1      0                         0      0        0

 COOLING
  YESTERDAY       18                        11      7       14
  MONTH TO DATE   68                        44     24       63
  SINCE SEP 1     68                        44     24       63
  SINCE JAN 1   1740                      1479    261     1460
..................................................................


WIND (MPH)
  HIGHEST WIND SPEED    18   HIGHEST WIND DIRECTION    SE (120)
  HIGHEST GUST SPEED    23   HIGHEST GUST DIRECTION    SE (130)
  AVERAGE WIND SPEED     5.3


SKY COVER
  POSSIBLE SUNSHINE  MM
  AVERAGE SKY COVER 0.1


WEATHER CONDITIONS
 THE FOLLOWING WEATHER WAS RECORDED YESTERDAY.
  THUNDERSTORM
  HEAVY RAIN
  RAIN
  LIGHT RAIN
  FOG


RELATIVE HUMIDITY (PERCENT)
 HIGHEST    84           700 AM
 LOWEST     27           400 PM
 AVERAGE    56

..........................................................


THE GREENVILLE-SPARTANBURG SC CLIMATE NORMALS FOR TODAY
                         NORMAL    RECORD    YEAR
 MAXIMUM TEMPERATURE (F)   85        99      1954
                                             1925
 MINIMUM TEMPERATURE (F)   66        49      1997


SUNRISE AND SUNSET
SEPTEMBER  5 2015.....SUNRISE   704 AM EDT   SUNSET   750 PM EDT
SEPTEMBER  6 2015.....SUNRISE   705 AM EDT   SUNSET   749 PM EDT


-  INDICATES NEGATIVE NUMBERS.
R  INDICATES RECORD WAS SET OR TIED.
MM INDICATES DATA IS MISSING.
T  INDICATES TRACE AMOUNT.

$$
07
