031
CDUS42 KGSP 201202 CCA
CLIGSP

CLIMATE REPORT...ADDED DATE
NATIONAL WEATHER SERVICE GREENVILLE-SPARTANBURG SC
303 AM EDT FRI OCT 20 2017

...................................

...THE GREENVILLE-SPARTANBURG SC CLIMATE SUMMARY FOR OCTOBER 19 2017...

CLIMATE NORMAL PERIOD 1981 TO 2010
CLIMATE RECORD PERIOD 1884 TO 2017


WEATHER ITEM   OBSERVED TIME   RECORD YEAR NORMAL DEPARTURE LAST
                VALUE   (LST)  VALUE       VALUE  FROM      YEAR
                                                  NORMAL
..................................................................
TEMPERATURE (F)
 YESTERDAY
  MAXIMUM         76    308 PM  89    2016  72      4       89
  MINIMUM         42    639 AM  32    2009  49     -7       60
  AVERAGE         59                        61     -2       75

PRECIPITATION (IN)
  YESTERDAY        0.00          5.40 1937   0.11  -0.11     0.00
  MONTH TO DATE    2.91                      2.18   0.73     0.44
  SINCE SEP 1      7.13                      5.61   1.52     1.43
  SINCE JAN 1     45.10                     38.12   6.98    29.66

SNOWFALL (IN)
  YESTERDAY        0.0           0.0    MM   0.0    0.0      0.0
  MONTH TO DATE    0.0                       0.0    0.0      0.0
  SINCE SEP 1      0.0                       0.0    0.0      0.0
  SINCE JUL 1      0.0                       0.0    0.0      0.0
  SNOW DEPTH       0

DEGREE DAYS
 HEATING
  YESTERDAY        6                         5      1        0
  MONTH TO DATE   32                        68    -36       12
  SINCE SEP 1     43                        85    -42       12
  SINCE JUL 1     43                        85    -42       12

 COOLING
  YESTERDAY        0                         1     -1       10
  MONTH TO DATE   96                        38     58       60
  SINCE SEP 1    328                       265     63      432
  SINCE JAN 1   1794                      1700     94     2151
..................................................................


WIND (MPH)
  HIGHEST WIND SPEED     7   HIGHEST WIND DIRECTION    SW (220)
  HIGHEST GUST SPEED     9   HIGHEST GUST DIRECTION     S (170)
  AVERAGE WIND SPEED     0.8


SKY COVER
  POSSIBLE SUNSHINE  MM
  AVERAGE SKY COVER 0.0


WEATHER CONDITIONS
 THE FOLLOWING WEATHER WAS RECORDED YESTERDAY.
  NO SIGNIFICANT WEATHER WAS OBSERVED.


RELATIVE HUMIDITY (PERCENT)
 HIGHEST   100          1200 PM
 LOWEST     25           300 PM
 AVERAGE    63

..........................................................


THE GREENVILLE-SPARTANBURG SC CLIMATE NORMALS FOR TODAY
                         NORMAL    RECORD    YEAR
 MAXIMUM TEMPERATURE (F)   72        87      2016
 MINIMUM TEMPERATURE (F)   49        29      1972


SUNRISE AND SUNSET
OCTOBER 20 2017.......SUNRISE   739 AM EDT   SUNSET   648 PM EDT
OCTOBER 21 2017.......SUNRISE   740 AM EDT   SUNSET   646 PM EDT


-  INDICATES NEGATIVE NUMBERS.
R  INDICATES RECORD WAS SET OR TIED.
MM INDICATES DATA IS MISSING.
T  INDICATES TRACE AMOUNT.

$$
