000
CDUS42 KGSP 272134
CLIGSP

CLIMATE REPORT
NATIONAL WEATHER SERVICE GREENVILLE-SPARTANBURG SC
434 PM EST TUE JAN 27 2015


...................................

...THE GREENVILLE-SPARTANBURG SC CLIMATE SUMMARY FOR JANUARY 27 2015...
VALID TODAY AS OF 0430 PM LOCAL TIME.

CLIMATE NORMAL PERIOD 1981 TO 2010
CLIMATE RECORD PERIOD 1884 TO 2015


WEATHER ITEM   OBSERVED TIME   RECORD YEAR NORMAL DEPARTURE LAST
                VALUE   (LST)  VALUE       VALUE  FROM      YEAR
                                                  NORMAL
..................................................................
TEMPERATURE (F)
 TODAY
  MAXIMUM         48    318 PM  73    1954  53     -5       65
  MINIMUM         30    511 AM   8    1940  32     -2       35
  AVERAGE         39                        43     -4       50

PRECIPITATION (IN)
  TODAY            0.00          2.86 1943   0.12  -0.12     0.00
  MONTH TO DATE    3.86                      3.33   0.53     3.09
  SINCE DEC 1      7.49                      7.44   0.05     9.76
  SINCE JAN 1      3.86                      3.33   0.53     3.09

SNOWFALL (IN)
  TODAY            0.0           6.5  1906   0.0    0.0      0.0
                                      1985
                                      1969
  MONTH TO DATE    0.0                       2.0   -2.0      0.0
  SINCE DEC 1      0.0                       2.4   -2.4      0.0
  SINCE JUL 1      T                         2.5   -2.5      0.1
  SNOW DEPTH       0

DEGREE DAYS
 HEATING
  TODAY           26                        22      4       15
  MONTH TO DATE  621                       617      4      749
  SINCE DEC 1   1144                      1267   -123     1308
  SINCE JUL 1   1781                      1820    -39     1912

 COOLING
  TODAY            0                         0      0        0
  MONTH TO DATE    0                         0      0        0
  SINCE DEC 1      0                         1     -1        6
  SINCE JAN 1      0                         0      0        0
..................................................................


WIND (MPH)
  HIGHEST WIND SPEED    16   HIGHEST WIND DIRECTION     N (340)
  HIGHEST GUST SPEED    25   HIGHEST GUST DIRECTION     N (340)
  AVERAGE WIND SPEED     7.9


SKY COVER
  POSSIBLE SUNSHINE  MM
  AVERAGE SKY COVER 0.5


WEATHER CONDITIONS
 THE FOLLOWING WEATHER WAS RECORDED TODAY.
  NO SIGNIFICANT WEATHER WAS OBSERVED.


RELATIVE HUMIDITY (PERCENT)
 HIGHEST    72           600 AM
 LOWEST     38           200 PM
 AVERAGE    55

..........................................................


THE GREENVILLE-SPARTANBURG SC CLIMATE NORMALS FOR TOMORROW
                         NORMAL    RECORD    YEAR
 MAXIMUM TEMPERATURE (F)   54        77      1944
 MINIMUM TEMPERATURE (F)   32         5      1986


SUNRISE AND SUNSET
JANUARY 27 2015.......SUNRISE   731 AM EST   SUNSET   553 PM EST
JANUARY 28 2015.......SUNRISE   730 AM EST   SUNSET   554 PM EST


-  INDICATES NEGATIVE NUMBERS.
R  INDICATES RECORD WAS SET OR TIED.
MM INDICATES DATA IS MISSING.
T  INDICATES TRACE AMOUNT.

$$

OUTLAW
