000
CDUS45 KTFX 240900
CLIGTF


CLIMATE REPORT
NATIONAL WEATHER SERVICE GREAT FALLS MT
259 AM MDT SAT JUN 24 2017


...................................

...THE GREAT FALLS MT CLIMATE SUMMARY FOR JUNE 23 2017...

CLIMATE NORMAL PERIOD 1981 TO 2010
CLIMATE RECORD PERIOD 1886 TO 2017


WEATHER ITEM   OBSERVED TIME   RECORD YEAR NORMAL DEPARTURE LAST
                VALUE   (LST)  VALUE       VALUE  FROM      YEAR
                                                  NORMAL
..................................................................
TEMPERATURE (F)
 YESTERDAY
  MAXIMUM         69    203 PM 101    1936  76     -7       90
  MINIMUM         37    243 AM  35    1905  48    -11       47
  AVERAGE         53                        62     -9       69

PRECIPITATION (IN)
  YESTERDAY        0.00          3.36 1907   0.07  -0.07      T
  MONTH TO DATE    2.09                      2.08   0.01     0.58
  SINCE OCT 1     12.44                      9.81   2.63    11.70
  SINCE JAN 1      9.51                      7.81   1.70     6.60

SNOWFALL (IN)
  YESTERDAY        0.0           T    1989   0.0    0.0      0.0
  MONTH TO DATE    0.0                       0.3   -0.3      0.0
  SINCE JUN 1      0.0                       0.3   -0.3      0.0
  SINCE JUL 1     48.4                      63.5  -15.1     46.9
  SNOW DEPTH       0

DEGREE DAYS
 HEATING
  YESTERDAY       12                         5      7        0
  MONTH TO DATE  110                       162    -52       92
  SINCE JUN 1    110                       162    -52       92
  SINCE JUL 1   7602                      7697    -95     6781

 COOLING
  YESTERDAY        0                         1     -1        4
  MONTH TO DATE   22                        19      3       27
  SINCE JUN 1     22                        19      3       27
  SINCE JAN 1     29                        26      3       27
..................................................................


WIND (MPH)
  HIGHEST WIND SPEED    12   HIGHEST WIND DIRECTION    NE (50)
  HIGHEST GUST SPEED    14   HIGHEST GUST DIRECTION    NE (30)
  AVERAGE WIND SPEED     5.0


SKY COVER
  AVERAGE SKY COVER 0.6


WEATHER CONDITIONS
 THE FOLLOWING WEATHER WAS RECORDED YESTERDAY.
  NO SIGNIFICANT WEATHER WAS OBSERVED.


RELATIVE HUMIDITY (PERCENT)
 HIGHEST    86           400 AM
 LOWEST     32           100 PM
 AVERAGE    59

..........................................................


THE GREAT FALLS MT CLIMATE NORMALS FOR TODAY
                         NORMAL    RECORD    YEAR
 MAXIMUM TEMPERATURE (F)   76        97      1974
 MINIMUM TEMPERATURE (F)   48        36      2003


SUNRISE AND SUNSET
JUNE 24 2017..........SUNRISE   529 AM MDT   SUNSET   927 PM MDT
JUNE 25 2017..........SUNRISE   530 AM MDT   SUNSET   927 PM MDT


-  INDICATES NEGATIVE NUMBERS.
R  INDICATES RECORD WAS SET OR TIED.
MM INDICATES DATA IS MISSING.
T  INDICATES TRACE AMOUNT.




$$
