000
CDUS45 KTFX 302230
CLIGTF


CLIMATE REPORT
NATIONAL WEATHER SERVICE GREAT FALLS MT
430 PM MDT SUN APR 30 2017


...................................

...THE GREAT FALLS MT CLIMATE SUMMARY FOR APRIL 30 2017...
VALID TODAY AS OF 0400 PM LOCAL TIME.

CLIMATE NORMAL PERIOD 1981 TO 2010
CLIMATE RECORD PERIOD 1886 TO 2017


WEATHER ITEM   OBSERVED TIME   RECORD YEAR NORMAL DEPARTURE LAST
                VALUE   (LST)  VALUE       VALUE  FROM      YEAR
                                                  NORMAL
..................................................................
TEMPERATURE (F)
 TODAY
  MAXIMUM         59    135 PM  85    1987  60     -1       53
  MINIMUM         38   1202 AM  17    1909  34      4       35
  AVERAGE         49                        47      2       44

PRECIPITATION (IN)
  TODAY            T             2.20 1951   0.05  -0.05     0.00
  MONTH TO DATE    3.58                      1.42   2.16     2.83
  SINCE OCT 1      8.34                      5.31   3.03     9.08
  SINCE JAN 1      5.41                      3.31   2.10     3.98

SNOWFALL (IN)
  TODAY           MM             5.8  1913   0.2   MM        0.0
  MONTH TO DATE    5.0                       8.6   -3.6      7.2
  SINCE MAR 1     10.6                      20.5   -9.9      9.0
  SINCE JUL 1     48.4                      60.5  -12.1     46.9

DEGREE DAYS
 HEATING
  TODAY           16                        18     -2       21
  MONTH TO DATE  629                       659    -30      549
  SINCE MAR 1   1468                      1612   -144     1331
  SINCE JUL 1   7166                      7117     49     6269

 COOLING
  TODAY            0                         0      0        0
  MONTH TO DATE    0                         1     -1        0
  SINCE MAR 1      0                         1     -1        0
  SINCE JAN 1      0                         1     -1        0
..................................................................


WIND (MPH)
  HIGHEST WIND SPEED    26   HIGHEST WIND DIRECTION    SW (240)
  HIGHEST GUST SPEED    35   HIGHEST GUST DIRECTION    SW (220)
  AVERAGE WIND SPEED    16.1


SKY COVER
  AVERAGE SKY COVER 0.5


WEATHER CONDITIONS
 THE FOLLOWING WEATHER WAS RECORDED TODAY.
  LIGHT RAIN


RELATIVE HUMIDITY (PERCENT)
 HIGHEST    64          1200 AM
 LOWEST     39           100 PM
 AVERAGE    52

..........................................................


THE GREAT FALLS MT CLIMATE NORMALS FOR TOMORROW
                         NORMAL    RECORD    YEAR
 MAXIMUM TEMPERATURE (F)   61        83      2000
                                             1897
 MINIMUM TEMPERATURE (F)   34        12      2009


SUNRISE AND SUNSET
APRIL 30 2017.........SUNRISE   610 AM MDT   SUNSET   836 PM MDT
MAY  1 2017...........SUNRISE   608 AM MDT   SUNSET   838 PM MDT


-  INDICATES NEGATIVE NUMBERS.
R  INDICATES RECORD WAS SET OR TIED.
MM INDICATES DATA IS MISSING.
T  INDICATES TRACE AMOUNT.




$$
