000
CDUS45 KTFX 212217
CLIGTF


CLIMATE REPORT
NATIONAL WEATHER SERVICE GREAT FALLS MT
416 PM MDT TUE OCT 21 2014


...................................

...THE GREAT FALLS MT CLIMATE SUMMARY FOR OCTOBER 21 2014...
VALID TODAY AS OF 0400 PM LOCAL TIME.

CLIMATE NORMAL PERIOD 1981 TO 2010
CLIMATE RECORD PERIOD 1886 TO 2014


WEATHER ITEM   OBSERVED TIME   RECORD YEAR NORMAL DEPARTURE LAST
                VALUE   (LST)  VALUE       VALUE  FROM      YEAR
                                                  NORMAL
..................................................................
TEMPERATURE (F)
 TODAY
  MAXIMUM         63    128 AM  80    1915  56      7       66
                                      1897
  MINIMUM         47    259 PM  10    1930  31     16       37
  AVERAGE         55                        44     11       52

PRECIPITATION (IN)
  TODAY            0.20          0.46 1975   0.03   0.17     0.00
  MONTH TO DATE    0.32                      0.64  -0.32     0.36
  SINCE OCT 1      0.32                      0.64  -0.32     0.36
  SINCE JAN 1     17.50                     13.39   4.11    10.09

SNOWFALL (IN)
  TODAY            0.0           3.2  1975   0.2   -0.2      0.0
  MONTH TO DATE    1.1                       2.4   -1.3       T
  SINCE SEP 1      1.1                       3.6   -2.5       T
  SINCE JUL 1      1.1                       3.9   -2.8       T
  SNOW DEPTH       0

DEGREE DAYS
 HEATING
  TODAY           10                        21    -11       13
  MONTH TO DATE  231                       378   -147      428
  SINCE SEP 1    486                       664   -178      594
  SINCE JUL 1    556                       785   -229      618

 COOLING
  TODAY            0                         0      0        0
  MONTH TO DATE    1                         0      1        0
  SINCE SEP 1     26                        21      5       80
  SINCE JAN 1    350                       297     53      449
..................................................................


WIND (MPH)
  HIGHEST WIND SPEED    30   HIGHEST WIND DIRECTION     N (340)
  HIGHEST GUST SPEED    38   HIGHEST GUST DIRECTION     N (350)
  AVERAGE WIND SPEED    10.5


SKY COVER
  AVERAGE SKY COVER 0.4


WEATHER CONDITIONS
 THE FOLLOWING WEATHER WAS RECORDED TODAY.
  RAIN
  LIGHT RAIN
  FOG


RELATIVE HUMIDITY (PERCENT)
 HIGHEST   100           300 PM
 LOWEST     34           100 AM
 AVERAGE    67

..........................................................


THE GREAT FALLS MT CLIMATE NORMALS FOR TOMORROW
                         NORMAL    RECORD    YEAR
 MAXIMUM TEMPERATURE (F)   55        80      1915
 MINIMUM TEMPERATURE (F)   31         8      1917


SUNRISE AND SUNSET
OCTOBER 21 2014.......SUNRISE   753 AM MDT   SUNSET   626 PM MDT
OCTOBER 22 2014.......SUNRISE   754 AM MDT   SUNSET   625 PM MDT


-  INDICATES NEGATIVE NUMBERS.
R  INDICATES RECORD WAS SET OR TIED.
MM INDICATES DATA IS MISSING.
T  INDICATES TRACE AMOUNT.




$$
