000
CDGM40 PGUM 280639
CLIGUM


CLIMATE REPORT
NATIONAL WEATHER SERVICE TIYAN, GUAM
439 PM CHST FRI NOV 28 2014


...................................

...THE GUAM INTERNATIONAL AIRPORT GU CLIMATE SUMMARY FOR NOVEMBER 28 2014...
VALID TODAY AS OF 0400 PM LOCAL TIME.

CLIMATE NORMAL PERIOD 1981 TO 2010
CLIMATE RECORD PERIOD 1945 TO 2014


WEATHER ITEM   OBSERVED TIME   RECORD YEAR NORMAL DEPARTURE LAST
                VALUE   (LST)  VALUE       VALUE  FROM      YEAR
                                                  NORMAL
..................................................................
TEMPERATURE (F)
 TODAY
  MAXIMUM         88   1232 PM  90    2010  86      2       88
                                      1983
                                      1981
  MINIMUM         79    726 AM  71    1989  77      2       77
                                      1966
  AVERAGE         84                        82      2       83

PRECIPITATION (IN)
  TODAY            0.22          3.07 1989   0.28  -0.06     0.00
  MONTH TO DATE    5.49                      8.61  -3.12     4.05
  SINCE SEP 1     38.99                     34.58   4.41    58.96
  SINCE JAN 1    114.58                     91.10  23.48    98.18

SNOWFALL (IN)
  TODAY            0.0
  MONTH TO DATE    0.0
  SINCE SEP 1      0.0
  SINCE JUL 1      0.0
  SNOW DEPTH       0

DEGREE DAYS
 HEATING
  TODAY            0
  MONTH TO DATE    0
  SINCE SEP 1      0
  SINCE JUL 1      0

 COOLING
  TODAY           19                        17      2       18
  MONTH TO DATE  517                       476     41      508
  SINCE SEP 1   1582                      1485     97     1537
  SINCE JAN 1   5882                      5472    410     6050
..................................................................


WIND (MPH)
  RESULTANT WIND SPEED  16   RESULTANT WIND DIRECTION  NE (60)
  HIGHEST WIND SPEED    25   HIGHEST WIND DIRECTION    NE (50)
  HIGHEST GUST SPEED    32   HIGHEST GUST DIRECTION    NE (50)
  AVERAGE WIND SPEED    15.7


SKY COVER
  POSSIBLE SUNSHINE  MM
  AVERAGE SKY COVER 0.5


WEATHER CONDITIONS
 THE FOLLOWING WEATHER WAS RECORDED TODAY.
  RAIN
  LIGHT RAIN
  FOG
  HAZE


RELATIVE HUMIDITY (PERCENT)
 HIGHEST    91           800 AM
 LOWEST     68          1200 PM
 AVERAGE    80

..........................................................


THE GUAM INTERNATIONAL AIRPORT GU CLIMATE NORMALS FOR TOMORROW
                         NORMAL    RECORD    YEAR
 MAXIMUM TEMPERATURE (F)   86        91      1988
 MINIMUM TEMPERATURE (F)   77        72      1967
                                             1966


SUNRISE AND SUNSET
NOVEMBER 28 2014......SUNRISE   626 AM CHST  SUNSET   551 PM CHST
NOVEMBER 29 2014......SUNRISE   627 AM CHST  SUNSET   551 PM CHST


-  INDICATES NEGATIVE NUMBERS.
R  INDICATES RECORD WAS SET OR TIED.
MM INDICATES DATA IS MISSING.
T  INDICATES TRACE AMOUNT.




$$
