000
CDUS44 KAMA 170644
CLIGUY


CLIMATE REPORT
NATIONAL WEATHER SERVICE AMARILLO TX
140 AM CDT THU APR 17 2014


...THE GUYMON CLIMATE SUMMARY FOR APRIL 16 2014...

CLIMATE NORMAL PERIOD 1981 TO 2010
CLIMATE RECORD PERIOD 1998 TO 2014


WEATHER ITEM   OBSERVED TIME   NORMAL DEPARTURE LAST
                VALUE   (LST)  VALUE  FROM      YEAR
                                      NORMAL
......................................................
TEMPERATURE (F)
 YESTERDAY
  MAXIMUM         69    120 PM  70     -1       57
  MINIMUM         39    604 AM  40     -1       38
  AVERAGE         54            55     -1       48

PRECIPITATION (IN)
  YESTERDAY        0.00          0.05  -0.05     0.00
  MONTH TO DATE    0.20          0.76  -0.56     0.10
  SINCE MAR 1      0.41          2.19  -1.78     0.24
  SINCE JAN 1      0.75          3.06  -2.31     1.80

SNOWFALL (IN)
  YESTERDAY        0.0                           0.0
  MONTH TO DATE    2.0                            T
  SINCE MAR 1      3.5                           2.5
  SINCE JUL 1     16.2                          22.0
  SNOW DEPTH       0

DEGREE DAYS
 HEATING
  YESTERDAY       11            10      1       17
  MONTH TO DATE  199           195      4      231
  SINCE MAR 1    804           776     28      789
  SINCE JUL 1   4370          4243    127     4022

 COOLING
  YESTERDAY        0             0      0        0
  MONTH TO DATE    4             0      4        6
  SINCE MAR 1      5             2      3        6
  SINCE JAN 1      5             2      3        6
..........................................................


WIND (MPH)
  RESULTANT WIND SPEED   7   RESULTANT WIND DIRECTION  NE (50)
  HIGHEST WIND SPEED    25   HIGHEST WIND DIRECTION    NE (30)
  HIGHEST GUST SPEED    32   HIGHEST GUST DIRECTION    NE (40)
  AVERAGE WIND SPEED   15.9


SKY COVER
  AVERAGE SKY COVER 0.0


WEATHER CONDITIONS
 THE FOLLOWING WEATHER WAS RECORDED YESTERDAY.
  NO SIGNIFICANT WEATHER WAS OBSERVED.


RELATIVE HUMIDITY (PERCENT)
 HIGHEST    48          1100 PM
 LOWEST     21          1200 AM
 AVERAGE    35

..........................................................


THE GUYMON CLIMATE NORMALS FOR TODAY
                         NORMAL
 MAXIMUM TEMPERATURE (F)   71
 MINIMUM TEMPERATURE (F)   41


SUNRISE AND SUNSET
APRIL 17 2014.........SUNRISE   709 AM CDT   SUNSET   822 PM CDT
APRIL 18 2014.........SUNRISE   708 AM CDT   SUNSET   823 PM CDT


-  INDICATES NEGATIVE NUMBERS.
R  INDICATES RECORD WAS SET OR TIED.
MM INDICATES DATA IS MISSING.
T  INDICATES TRACE AMOUNT.


$$
