460
CDUS44 KAMA 230728
CLIGUY


CLIMATE REPORT
NATIONAL WEATHER SERVICE AMARILLO TX
128 AM CST THU FEB 23 2017


...................................

...THE GUYMON CLIMATE SUMMARY FOR FEBRUARY 22 2017...

CLIMATE NORMAL PERIOD 1981 TO 2010
CLIMATE RECORD PERIOD 1998 TO 2017


WEATHER ITEM   OBSERVED TIME   RECORD YEAR NORMAL DEPARTURE LAST
                VALUE   (LST)  VALUE       VALUE  FROM      YEAR
                                                  NORMAL
..................................................................
TEMPERATURE (F)
 YESTERDAY
  MAXIMUM         81R   314 PM  76    2012  55     26       57
  MINIMUM         34    513 AM   2    2013  25      9       25
  AVERAGE         58                        40     18       41

PRECIPITATION (IN)
  YESTERDAY        0.00          0.22 2015   0.02  -0.02     0.00
  MONTH TO DATE    0.01                      0.36  -0.35     0.22
  SINCE DEC 1      2.46                      1.40   1.06     1.20
  SINCE JAN 1      2.02                      0.76   1.26     0.36

SNOWFALL (IN)
  YESTERDAY        0.0           2.0  2015  MM     MM        0.0
  MONTH TO DATE    0.0                      MM     MM        0.0
  SINCE DEC 1      0.8                      MM     MM        0.0
  SINCE JUL 1      0.8                      MM     MM        0.0
  SNOW DEPTH       0

DEGREE DAYS
 HEATING
  YESTERDAY        7                        25    -18       24
  MONTH TO DATE  389                       593   -204      436
  SINCE DEC 1   2234                      2430   -196     2123
  SINCE JUL 1   2772                      3321   -549     2837

 COOLING
  YESTERDAY        0                         0      0        0
  MONTH TO DATE    8                         0      8        3
  SINCE DEC 1      8                         0      8        3
  SINCE JAN 1      8                         0      8        3
..................................................................


WIND (MPH)
  RESULTANT WIND SPEED   8   RESULTANT WIND DIRECTION   W (250)
  HIGHEST WIND SPEED    21   HIGHEST WIND DIRECTION     W (260)
  HIGHEST GUST SPEED    26   HIGHEST GUST DIRECTION     W (270)
  AVERAGE WIND SPEED    10.4


SKY COVER
  AVERAGE SKY COVER 0.0


WEATHER CONDITIONS
 THE FOLLOWING WEATHER WAS RECORDED YESTERDAY.
  NO SIGNIFICANT WEATHER WAS OBSERVED.


RELATIVE HUMIDITY (PERCENT)
 HIGHEST    54           200 AM
 LOWEST      7           300 PM
 AVERAGE    31

..........................................................


THE GUYMON CLIMATE NORMALS FOR TODAY
                         NORMAL    RECORD    YEAR
 MAXIMUM TEMPERATURE (F)   55        MM        MM
 MINIMUM TEMPERATURE (F)   25        MM        MM


SUNRISE AND SUNSET
FEBRUARY 23 2017......SUNRISE   724 AM CST   SUNSET   635 PM CST
FEBRUARY 24 2017......SUNRISE   723 AM CST   SUNSET   636 PM CST


-  INDICATES NEGATIVE NUMBERS.
R  INDICATES RECORD WAS SET OR TIED.
MM INDICATES DATA IS MISSING.
T  INDICATES TRACE AMOUNT.




$$
