000
CDUS44 KAMA 040732
CLIGUY


CLIMATE REPORT
NATIONAL WEATHER SERVICE AMARILLO TX
131 AM CST WED MAR 4 2015


...................................

...THE GUYMON CLIMATE SUMMARY FOR MARCH 3 2015...

CLIMATE NORMAL PERIOD 1981 TO 2010
CLIMATE RECORD PERIOD 1998 TO 2015


WEATHER ITEM   OBSERVED TIME   RECORD YEAR NORMAL DEPARTURE LAST
                VALUE   (LST)  VALUE       VALUE  FROM      YEAR
                                                  NORMAL
..................................................................
TEMPERATURE (F)
 YESTERDAY
  MAXIMUM         54   1244 PM  MM      MM  57     -3       45
  MINIMUM         29   1159 PM  MM      MM  28      1        1
  AVERAGE         42                        42      0       23

PRECIPITATION (IN)
  YESTERDAY        0.11         MM      MM   0.03   0.08     0.00
  MONTH TO DATE    0.11                      0.09   0.02     0.18
  SINCE MAR 1      0.11                      0.09   0.02     0.18
  SINCE JAN 1      2.06                      0.96   1.10     0.52

SNOWFALL (IN)
  YESTERDAY        T            MM      MM  MM     MM        0.0
  MONTH TO DATE    T                        MM     MM        1.5
  SINCE MAR 1      T                        MM     MM        1.5
  SINCE JUL 1     21.3                      MM     MM       14.2
  SNOW DEPTH       T

DEGREE DAYS
 HEATING
  YESTERDAY       23                        23      0       42
  MONTH TO DATE   91                        69     22      141
  SINCE MAR 1     91                        69     22      141
  SINCE JUL 1   3308                      3536   -228     3707

 COOLING
  YESTERDAY        0                         0      0        0
  MONTH TO DATE    0                         0      0        0
  SINCE MAR 1      0                         0      0        0
  SINCE JAN 1      0                         0      0        0
..................................................................


WIND (MPH)
  RESULTANT WIND SPEED   3   RESULTANT WIND DIRECTION  SW (240)
  HIGHEST WIND SPEED    25   HIGHEST WIND DIRECTION    NE (30)
  HIGHEST GUST SPEED    31   HIGHEST GUST DIRECTION     N (20)
  AVERAGE WIND SPEED    16.2


SKY COVER
  AVERAGE SKY COVER 0.3


WEATHER CONDITIONS
 THE FOLLOWING WEATHER WAS RECORDED YESTERDAY.
  LIGHT SNOW
  FOG


RELATIVE HUMIDITY (PERCENT)
 HIGHEST    79          1200 AM
 LOWEST     54          1100 AM
 AVERAGE    67

..........................................................


THE GUYMON CLIMATE NORMALS FOR TODAY
                         NORMAL    RECORD    YEAR
 MAXIMUM TEMPERATURE (F)   57        MM        MM
 MINIMUM TEMPERATURE (F)   28        MM        MM


SUNRISE AND SUNSET
MARCH  4 2015.........SUNRISE   713 AM CST   SUNSET   643 PM CST
MARCH  5 2015.........SUNRISE   712 AM CST   SUNSET   644 PM CST


-  INDICATES NEGATIVE NUMBERS.
R  INDICATES RECORD WAS SET OR TIED.
MM INDICATES DATA IS MISSING.
T  INDICATES TRACE AMOUNT.




$$
