000
CDUS44 KAMA 272130
CLIGUY


CLIMATE REPORT
NATIONAL WEATHER SERVICE AMARILLO TX
429 PM CDT THU JUL 27 2017


...................................

...THE GUYMON CLIMATE SUMMARY FOR JULY 27 2017...
VALID TODAY AS OF 0400 PM LOCAL TIME.

CLIMATE NORMAL PERIOD 1981 TO 2010
CLIMATE RECORD PERIOD 1998 TO 2017


WEATHER ITEM   OBSERVED TIME   RECORD YEAR NORMAL DEPARTURE LAST
                VALUE   (LST)  VALUE       VALUE  FROM      YEAR
                                                  NORMAL
..................................................................
TEMPERATURE (F)
 TODAY
  MAXIMUM         86    152 PM  MM      MM  94     -8       98
  MINIMUM         71    725 AM  MM      MM  66      5       68
  AVERAGE         79                        80     -1       83

PRECIPITATION (IN)
  TODAY            0.02         MM      MM   0.10  -0.08     0.17
  MONTH TO DATE    0.22                      2.29  -2.07     1.75
  SINCE JUN 1      2.01                      5.23  -3.22     4.39
  SINCE JAN 1     12.20                     11.48   0.72    11.35

SNOWFALL (IN)
  TODAY            0.0          MM      MM  MM     MM        0.0
  MONTH TO DATE    0.0                      MM     MM        0.0
  SINCE JUN 1      0.0                      MM     MM        0.0
  SINCE JUL 1      0.0                      MM     MM        0.0
  SNOW DEPTH       0

DEGREE DAYS
 HEATING
  TODAY            0                         0      0        0
  MONTH TO DATE    0                         0      0        0
  SINCE JUN 1      0                         8     -8        0
  SINCE JUL 1      0                         0      0        0

 COOLING
  TODAY           14                        15     -1       18
  MONTH TO DATE  474                       395     79      501
  SINCE JUN 1    840                       675    165      905
  SINCE JAN 1    964                       783    181      995
..................................................................


WIND (MPH)
  RESULTANT WIND SPEED   9   RESULTANT WIND DIRECTION   N (360)
  HIGHEST WIND SPEED    21   HIGHEST WIND DIRECTION     N (360)
  HIGHEST GUST SPEED    25   HIGHEST GUST DIRECTION     N (340)
  AVERAGE WIND SPEED     9.6


SKY COVER
  AVERAGE SKY COVER 0.5


WEATHER CONDITIONS
 THE FOLLOWING WEATHER WAS RECORDED TODAY.
  LIGHT RAIN


RELATIVE HUMIDITY (PERCENT)
 HIGHEST    90           700 AM
 LOWEST     55           200 PM
 AVERAGE    73

..........................................................


THE GUYMON CLIMATE NORMALS FOR TOMORROW
                         NORMAL    RECORD    YEAR
 MAXIMUM TEMPERATURE (F)   94        MM        MM
 MINIMUM TEMPERATURE (F)   66        MM        MM


SUNRISE AND SUNSET
JULY 27 2017..........SUNRISE   648 AM CDT   SUNSET   856 PM CDT
JULY 28 2017..........SUNRISE   649 AM CDT   SUNSET   856 PM CDT


-  INDICATES NEGATIVE NUMBERS.
R  INDICATES RECORD WAS SET OR TIED.
MM INDICATES DATA IS MISSING.
T  INDICATES TRACE AMOUNT.




$$
