000
CDUS44 KAMA 312139
CLIGUY


CLIMATE REPORT
NATIONAL WEATHER SERVICE AMARILLO TX
439 PM CDT TUE MAY 31 2016


...................................

...THE GUYMON CLIMATE SUMMARY FOR MAY 31 2016...
VALID TODAY AS OF 0400 PM LOCAL TIME.

CLIMATE NORMAL PERIOD 1981 TO 2010
CLIMATE RECORD PERIOD 1998 TO 2016


WEATHER ITEM   OBSERVED TIME   RECORD YEAR NORMAL DEPARTURE LAST
                VALUE   (LST)  VALUE       VALUE  FROM      YEAR
                                                  NORMAL
..................................................................
TEMPERATURE (F)
 TODAY
  MAXIMUM         76    337 PM  MM      MM  83     -7       82
  MINIMUM         57    553 AM  MM      MM  56      1       48
  AVERAGE         67                        69     -2       65

PRECIPITATION (IN)
  TODAY            0.05         MM      MM   0.12  -0.07     0.01
  MONTH TO DATE    1.01                      2.44  -1.43     6.53
  SINCE MAR 1      6.53                      5.38   1.15     9.00
  SINCE JAN 1      6.96                      6.25   0.71    10.95

SNOWFALL (IN)
  TODAY            0.0          MM      MM  MM     MM       MM
  MONTH TO DATE    0.0                      MM     MM        0.0
  SINCE MAR 1      T                        MM     MM        2.0
  SINCE JUL 1      T                        MM     MM       23.3
  SNOW DEPTH       0

DEGREE DAYS
 HEATING
  TODAY            0                         1     -1        0
  MONTH TO DATE  134                        95     39      115
  SINCE MAR 1    817                       982   -165      781
  SINCE JUL 1   3784                      4449   -665     3998

 COOLING
  TODAY            2                         5     -3        0
  MONTH TO DATE   70                        93    -23       47
  SINCE MAR 1     87                       108    -21       64
  SINCE JAN 1     90                       108    -18       64
..................................................................


WIND (MPH)
  RESULTANT WIND SPEED   2   RESULTANT WIND DIRECTION   E (70)
  HIGHEST WIND SPEED    18   HIGHEST WIND DIRECTION     E (90)
  HIGHEST GUST SPEED    23   HIGHEST GUST DIRECTION     E (90)
  AVERAGE WIND SPEED     6.0


SKY COVER
  AVERAGE SKY COVER 0.4


WEATHER CONDITIONS
 THE FOLLOWING WEATHER WAS RECORDED TODAY.
  LIGHT RAIN


RELATIVE HUMIDITY (PERCENT)
 HIGHEST    93           500 AM
 LOWEST     46           300 PM
 AVERAGE    70

..........................................................


THE GUYMON CLIMATE NORMALS FOR TOMORROW
                         NORMAL    RECORD    YEAR
 MAXIMUM TEMPERATURE (F)   83        MM        MM
 MINIMUM TEMPERATURE (F)   56        MM        MM


SUNRISE AND SUNSET
MAY 31 2016...........SUNRISE   629 AM CDT   SUNSET   859 PM CDT
JUNE  1 2016..........SUNRISE   629 AM CDT   SUNSET   900 PM CDT


-  INDICATES NEGATIVE NUMBERS.
R  INDICATES RECORD WAS SET OR TIED.
MM INDICATES DATA IS MISSING.
T  INDICATES TRACE AMOUNT.




$$
