000
CDUS44 KAMA 160631
CLIGUY


CLIMATE REPORT
NATIONAL WEATHER SERVICE AMARILLO TX
131 AM CDT TUE SEP 16 2014


...................................

...THE GUYMON CLIMATE SUMMARY FOR SEPTEMBER 15 2014...

CLIMATE NORMAL PERIOD 1981 TO 2010
CLIMATE RECORD PERIOD 1998 TO 2014


WEATHER ITEM   OBSERVED TIME   NORMAL DEPARTURE LAST
                VALUE   (LST)  VALUE  FROM      YEAR
                                      NORMAL
......................................................
TEMPERATURE (F)
 YESTERDAY
  MAXIMUM         75   1023 AM  86    -11       82
  MINIMUM         60    704 AM  56      4       62
  AVERAGE         68            71     -3       72

PRECIPITATION (IN)
  YESTERDAY        0.00          0.06  -0.06     0.14
  MONTH TO DATE    1.70          0.94   0.76     1.66
  SINCE SEP 1      1.70          0.94   0.76     1.66
  SINCE JAN 1     10.14         15.71  -5.57    12.21

SNOWFALL (IN)
  YESTERDAY        0.0                           0.0
  MONTH TO DATE    0.0                           0.0
  SINCE SEP 1      0.0                           0.0
  SINCE JUL 1      0.0                           0.0
  SNOW DEPTH       0

DEGREE DAYS
 HEATING
  YESTERDAY        0             1     -1        0
  MONTH TO DATE   26             5     21        0
  SINCE SEP 1     26             5     21        0
  SINCE JUL 1     30             6     24        0

 COOLING
  YESTERDAY        3             7     -4        7
  MONTH TO DATE  114           135    -21      191
  SINCE SEP 1    114           135    -21      191
  SINCE JAN 1   1560          1384    176     1742
......................................................


WIND (MPH)
  RESULTANT WIND SPEED   2   RESULTANT WIND DIRECTION  NW (330)
  HIGHEST WIND SPEED    22   HIGHEST WIND DIRECTION     N (10)
  HIGHEST GUST SPEED    26   HIGHEST GUST DIRECTION     N (360)
  AVERAGE WIND SPEED    11.9


SKY COVER
  AVERAGE SKY COVER 0.6


WEATHER CONDITIONS
 THE FOLLOWING WEATHER WAS RECORDED YESTERDAY.
  NO SIGNIFICANT WEATHER WAS OBSERVED.


RELATIVE HUMIDITY (PERCENT)
 HIGHEST    97           600 AM
 LOWEST     64          1000 AM
 AVERAGE    81

..........................................................


THE GUYMON CLIMATE NORMALS FOR TODAY
                         NORMAL
 MAXIMUM TEMPERATURE (F)   85
 MINIMUM TEMPERATURE (F)   56


SUNRISE AND SUNSET
SEPTEMBER 16 2014.....SUNRISE   729 AM CDT   SUNSET   752 PM CDT
SEPTEMBER 17 2014.....SUNRISE   730 AM CDT   SUNSET   750 PM CDT


-  INDICATES NEGATIVE NUMBERS.
R  INDICATES RECORD WAS SET OR TIED.
MM INDICATES DATA IS MISSING.
T  INDICATES TRACE AMOUNT.




$$
