000
CDUS44 KAMA 010646
CLIGUY


CLIMATE REPORT
NATIONAL WEATHER SERVICE AMARILLO TX
133 AM CDT SUN MAY 1 2016


...................................

...THE GUYMON CLIMATE SUMMARY FOR APRIL 30 2016...

CLIMATE NORMAL PERIOD 1981 TO 2010
CLIMATE RECORD PERIOD 1998 TO 2016


WEATHER ITEM   OBSERVED TIME   RECORD YEAR NORMAL DEPARTURE LAST
                VALUE   (LST)  VALUE       VALUE  FROM      YEAR
                                                  NORMAL
..................................................................
TEMPERATURE (F)
 YESTERDAY
  MAXIMUM         59    445 PM  MM      MM  75    -16       83
  MINIMUM         36    601 AM  MM      MM  45     -9       42
  AVERAGE         48                        60    -12       63

PRECIPITATION (IN)
  YESTERDAY        0.00         MM      MM   0.05  -0.05     0.00
  MONTH TO DATE    5.26                      1.51   3.75     1.46
  SINCE MAR 1      5.52                      2.94   2.58     2.47
  SINCE JAN 1      5.95                      3.81   2.14     4.42

SNOWFALL (IN)
  YESTERDAY        0.0          MM      MM  MM     MM        0.0
  MONTH TO DATE    0.0                      MM     MM        0.0
  SINCE MAR 1      T                        MM     MM        2.0
  SINCE JUL 1      T                        MM     MM       23.3
  SNOW DEPTH       0

DEGREE DAYS
 HEATING
  YESTERDAY       17                         6     11        2
  MONTH TO DATE  239                       306    -67      213
  SINCE MAR 1    683                       886   -203      666
  SINCE JUL 1   3650                      4353   -703     3883

 COOLING
  YESTERDAY        0                         1     -1        0
  MONTH TO DATE   11                        13     -2       16
  SINCE MAR 1     17                        15      2       17
  SINCE JAN 1     20                        15      5       17
..................................................................


WIND (MPH)
  RESULTANT WIND SPEED  14   RESULTANT WIND DIRECTION  NW (320)
  HIGHEST WIND SPEED    26   HIGHEST WIND DIRECTION    NW (320)
  HIGHEST GUST SPEED    34   HIGHEST GUST DIRECTION    NW (320)
  AVERAGE WIND SPEED    14.4


SKY COVER
  AVERAGE SKY COVER 0.5


WEATHER CONDITIONS
 THE FOLLOWING WEATHER WAS RECORDED YESTERDAY.
  NO SIGNIFICANT WEATHER WAS OBSERVED.


RELATIVE HUMIDITY (PERCENT)
 HIGHEST    92           200 AM
 LOWEST     40           400 PM
 AVERAGE    66

..........................................................


THE GUYMON CLIMATE NORMALS FOR TODAY
                         NORMAL    RECORD    YEAR
 MAXIMUM TEMPERATURE (F)   75        MM        MM
 MINIMUM TEMPERATURE (F)   45        MM        MM


SUNRISE AND SUNSET
MAY  1 2016...........SUNRISE   652 AM CDT   SUNSET   835 PM CDT
MAY  2 2016...........SUNRISE   651 AM CDT   SUNSET   836 PM CDT


-  INDICATES NEGATIVE NUMBERS.
R  INDICATES RECORD WAS SET OR TIED.
MM INDICATES DATA IS MISSING.
T  INDICATES TRACE AMOUNT.




$$
