000
CDUS42 KFFC 270818
CLIGVL


CLIMATE REPORT
NATIONAL WEATHER SERVICE PEACHTREE CITY GA
418 AM EDT WED MAY 27 2015


...................................

...THE GAINESVILLE   CLIMATE SUMMARY FOR MAY 26 2015...

CLIMATE NORMAL PERIOD 1981 TO 2010
CLIMATE RECORD PERIOD 9999 TO 9999


WEATHER ITEM   OBSERVED TIME   RECORD YEAR NORMAL DEPARTURE LAST
                VALUE   (LST)  VALUE       VALUE  FROM      YEAR
                                                  NORMAL
..................................................................
TEMPERATURE (F)
 YESTERDAY
  MAXIMUM         81    219 PM  MM      MM  80      1       82
  MINIMUM         64   1127 PM  MM      MM  61      3       62
  AVERAGE         73                        71      2       72

PRECIPITATION (IN)
  YESTERDAY        0.90         MM      MM   0.14   0.76     0.00
  MONTH TO DATE    2.04                      3.33  -1.29     3.34
  SINCE MAR 1      9.02                     12.31  -3.29    12.35
  SINCE JAN 1     17.20                     22.21  -5.01    18.34

DEGREE DAYS
 COOLING
  YESTERDAY        8                         6      2        7
  MONTH TO DATE  164                       100     64      143
  SINCE MAR 1    210                       139     71      177
  SINCE JAN 1    210                       139     71      177
..................................................................


WIND (MPH)
  RESULTANT WIND SPEED   5   RESULTANT WIND DIRECTION  SE (130)
  HIGHEST WIND SPEED    24   HIGHEST WIND DIRECTION     W (260)
  HIGHEST GUST SPEED    31   HIGHEST GUST DIRECTION     W (260)
  AVERAGE WIND SPEED     5.6


SKY COVER
  AVERAGE SKY COVER 0.8


WEATHER CONDITIONS
 THE FOLLOWING WEATHER WAS RECORDED YESTERDAY.
  THUNDERSTORM
  HEAVY RAIN
  RAIN
  LIGHT RAIN
  FOG
  HAZE


RELATIVE HUMIDITY (PERCENT)
 HIGHEST   100           400 AM
 LOWEST     74           200 PM
 AVERAGE    87

..........................................................


THE GAINESVILLE   CLIMATE NORMALS FOR TODAY
                         NORMAL    RECORD    YEAR
 MAXIMUM TEMPERATURE (F)   81        MM        MM
 MINIMUM TEMPERATURE (F)   61        MM        MM


SUNRISE AND SUNSET
MAY 27 2015...........SUNRISE   626 AM EDT   SUNSET   839 PM EDT
MAY 28 2015...........SUNRISE   626 AM EDT   SUNSET   839 PM EDT


-  INDICATES NEGATIVE NUMBERS.
R  INDICATES RECORD WAS SET OR TIED.
MM INDICATES DATA IS MISSING.
T  INDICATES TRACE AMOUNT.




$$
