000
CDUS44 KJAN 240644
CLIGWO


CLIMATE REPORT
NATIONAL WEATHER SERVICE JACKSON MS
139 AM CDT TUE OCT 24 2017


...................................

...THE GREENWOOD CLIMATE SUMMARY FOR OCTOBER 23 2017...

CLIMATE NORMAL PERIOD 1981 TO 2010
CLIMATE RECORD PERIOD 1948 TO 2017


WEATHER ITEM   OBSERVED TIME   RECORD YEAR NORMAL DEPARTURE LAST
                VALUE   (LST)  VALUE       VALUE  FROM      YEAR
                                                  NORMAL
..................................................................
TEMPERATURE (F)
 YESTERDAY
  MAXIMUM         72    304 PM  87    2015  75     -3       78
                                      2010
  MINIMUM         51   1007 PM  33    2006  49      2       41
                                      1999
  AVERAGE         62                        62      0       60

PRECIPITATION (IN)
  YESTERDAY        0.01          1.69 1957   0.13  -0.12     0.00
  MONTH TO DATE    0.26                      2.90  -2.64     0.82
  SINCE SEP 1      2.57                      6.56  -3.99     2.70
  SINCE JAN 1     38.43                     40.63  -2.20    39.20

SNOWFALL (IN)
  YESTERDAY        0.0

DEGREE DAYS
 HEATING
  YESTERDAY        3                         5     -2        5
  MONTH TO DATE   26                        70    -44       27
  SINCE SEP 1     28                        82    -54       27
  SINCE JUL 1     28                        82    -54       27

 COOLING
  YESTERDAY        0                         2     -2        0
  MONTH TO DATE  157                        81     76      132
  SINCE SEP 1    463                       386     77      559
  SINCE JAN 1   2298                      2128    170     2506
..................................................................


WIND (MPH)
  HIGHEST WIND SPEED    12   HIGHEST WIND DIRECTION     N (340)
  HIGHEST GUST SPEED    19   HIGHEST GUST DIRECTION     W (270)
  AVERAGE WIND SPEED     5.1


SKY COVER
  POSSIBLE SUNSHINE  MM
  AVERAGE SKY COVER 0.4


WEATHER CONDITIONS
 THE FOLLOWING WEATHER WAS RECORDED YESTERDAY.
  FOG


RELATIVE HUMIDITY (PERCENT)
 HIGHEST    93           300 AM
 LOWEST     34           300 PM
 AVERAGE    64

..........................................................


THE GREENWOOD CLIMATE NORMALS FOR TODAY
                         NORMAL    RECORD    YEAR
 MAXIMUM TEMPERATURE (F)   74        88      2003
 MINIMUM TEMPERATURE (F)   49        28      2005


SUNRISE AND SUNSET
OCTOBER 24 2017.......SUNRISE   712 AM CDT   SUNSET   616 PM CDT
OCTOBER 25 2017.......SUNRISE   713 AM CDT   SUNSET   615 PM CDT


-  INDICATES NEGATIVE NUMBERS.
R  INDICATES RECORD WAS SET OR TIED.
MM INDICATES DATA IS MISSING.
T  INDICATES TRACE AMOUNT.




$$
