027
CDUS44 KJAN 270645
CLIGWO


CLIMATE REPORT
NATIONAL WEATHER SERVICE JACKSON MS
144 AM CDT WED JUL 27 2016


...................................

...THE GREENWOOD CLIMATE SUMMARY FOR JULY 26 2016...

CLIMATE NORMAL PERIOD 1981 TO 2010
CLIMATE RECORD PERIOD 1948 TO 2016


WEATHER ITEM   OBSERVED TIME   RECORD YEAR NORMAL DEPARTURE LAST
                VALUE   (LST)  VALUE       VALUE  FROM      YEAR
                                                  NORMAL
..................................................................
TEMPERATURE (F)
 YESTERDAY
  MAXIMUM         96    258 PM 102    1952  92      4       97
  MINIMUM         72    526 AM  61    2000  71      1       71
  AVERAGE         84                        81      3       84

PRECIPITATION (IN)
  YESTERDAY        0.14          3.04 1969   0.11   0.03     0.00
  MONTH TO DATE    1.70                      3.12  -1.42     2.08
  SINCE JUN 1      5.07                      7.43  -2.36     4.37
  SINCE JAN 1     30.86                     30.76   0.10    32.30

SNOWFALL (IN)
  YESTERDAY        0.0

DEGREE DAYS
 HEATING
  YESTERDAY        0                         0      0        0
  MONTH TO DATE    0                         0      0        0
  SINCE JUN 1      0                         0      0        0
  SINCE JUL 1      0                         0      0        0

 COOLING
  YESTERDAY       19                        16      3       19
  MONTH TO DATE  487                       416     71      470
  SINCE JUN 1    960                       829    131      908
  SINCE JAN 1   1289                      1159    130     1272
..................................................................


WIND (MPH)
  HIGHEST WIND SPEED    22   HIGHEST WIND DIRECTION    SE (150)
  HIGHEST GUST SPEED    27   HIGHEST GUST DIRECTION    SE (140)
  AVERAGE WIND SPEED     4.9


SKY COVER
  POSSIBLE SUNSHINE  MM
  AVERAGE SKY COVER 0.2


WEATHER CONDITIONS
 THE FOLLOWING WEATHER WAS RECORDED YESTERDAY.
  THUNDERSTORM
  HEAVY RAIN
  LIGHT RAIN
  FOG


RELATIVE HUMIDITY (PERCENT)
 HIGHEST    90           500 AM
 LOWEST     43           300 PM
 AVERAGE    67

..........................................................


THE GREENWOOD CLIMATE NORMALS FOR TODAY
                         NORMAL    RECORD    YEAR
 MAXIMUM TEMPERATURE (F)   92       104      1952
 MINIMUM TEMPERATURE (F)   71        65      2004


SUNRISE AND SUNSET
JULY 27 2016..........SUNRISE   610 AM CDT   SUNSET   804 PM CDT
JULY 28 2016..........SUNRISE   610 AM CDT   SUNSET   803 PM CDT


-  INDICATES NEGATIVE NUMBERS.
R  INDICATES RECORD WAS SET OR TIED.
MM INDICATES DATA IS MISSING.
T  INDICATES TRACE AMOUNT.




$$
