000
CDUS44 KJAN 222113
CLIGWO


CLIMATE REPORT
NATIONAL WEATHER SERVICE JACKSON MS
412 PM CDT MON SEP 22 2014


...................................

...THE GREENWOOD CLIMATE SUMMARY FOR SEPTEMBER 22 2014...
VALID TODAY AS OF 0400 PM LOCAL TIME.

CLIMATE NORMAL PERIOD 1981 TO 2010
CLIMATE RECORD PERIOD 1948 TO 2014


WEATHER ITEM   OBSERVED TIME   RECORD YEAR NORMAL DEPARTURE LAST
                VALUE   (LST)  VALUE       VALUE  FROM      YEAR
                                                  NORMAL
..................................................................
TEMPERATURE (F)
 TODAY
  MAXIMUM         81    255 PM  98    1970  85     -4       80
  MINIMUM         59    602 AM  40    1983  60     -1       53
  AVERAGE         70                        73     -3       67

PRECIPITATION (IN)
  TODAY            0.00          2.58 1989   0.12  -0.12     0.00
  MONTH TO DATE    0.38                      2.60  -2.22     2.69
  SINCE SEP 1      0.38                      2.60  -2.22     2.69
  SINCE JAN 1     41.14                     36.67   4.47    40.94

DEGREE DAYS
 HEATING
  TODAY            0                         1     -1        0
  MONTH TO DATE    0                         3     -3        0
  SINCE SEP 1      0                         3     -3        0
  SINCE JUL 1      0                         3     -3        0

 COOLING
  TODAY            5                         8     -3        2
  MONTH TO DATE  305                       249     56      297
  SINCE SEP 1    305                       249     56      297
  SINCE JAN 1   1861                      1991   -130     1919
..................................................................


WIND (MPH)
  HIGHEST WIND SPEED    17   HIGHEST WIND DIRECTION     N (10)
  HIGHEST GUST SPEED    22   HIGHEST GUST DIRECTION    NE (40)
  AVERAGE WIND SPEED     8.6


SKY COVER
  POSSIBLE SUNSHINE  MM
  AVERAGE SKY COVER 0.3


WEATHER CONDITIONS
 THE FOLLOWING WEATHER WAS RECORDED TODAY.
  NO SIGNIFICANT WEATHER WAS OBSERVED.


RELATIVE HUMIDITY (PERCENT)
 HIGHEST    84           200 AM
 LOWEST     36           100 PM
 AVERAGE    60

..........................................................


THE GREENWOOD CLIMATE NORMALS FOR TOMORROW
                         NORMAL    RECORD    YEAR
 MAXIMUM TEMPERATURE (F)   85        95      2010
                                             1993
 MINIMUM TEMPERATURE (F)   60        40      1999


SUNRISE AND SUNSET
SEPTEMBER 22 2014.....SUNRISE   648 AM CDT   SUNSET   657 PM CDT
SEPTEMBER 23 2014.....SUNRISE   649 AM CDT   SUNSET   656 PM CDT


-  INDICATES NEGATIVE NUMBERS.
R  INDICATES RECORD WAS SET OR TIED.
MM INDICATES DATA IS MISSING.
T  INDICATES TRACE AMOUNT.




$$
