982
CDUS44 KJAN 210713
CLIGWO


CLIMATE REPORT
NATIONAL WEATHER SERVICE JACKSON MS
111 AM CST SUN JAN 21 2018


...................................

...THE GREENWOOD CLIMATE SUMMARY FOR JANUARY 20 2018...

CLIMATE NORMAL PERIOD 1981 TO 2010
CLIMATE RECORD PERIOD 1948 TO 2018


WEATHER ITEM   OBSERVED TIME   RECORD YEAR NORMAL DEPARTURE LAST
                VALUE   (LST)  VALUE       VALUE  FROM      YEAR
                                                  NORMAL
..................................................................
TEMPERATURE (F)
 YESTERDAY
  MAXIMUM         70    246 PM  75    2012  53     17       73
                                      1954
  MINIMUM         40    352 AM   0    1985  33      7       53
  AVERAGE         55                        43     12       63

PRECIPITATION (IN)
  YESTERDAY        T             2.23 1983   0.15  -0.15      T
  MONTH TO DATE    2.10                      2.88  -0.78     3.01
  SINCE DEC 1      7.38                      8.53  -1.15     7.70
  SINCE JAN 1      2.10                      2.88  -0.78     3.01

SNOWFALL (IN)
  YESTERDAY        0.0

DEGREE DAYS
 HEATING
  YESTERDAY       10                        22    -12        2
  MONTH TO DATE  582                       440    142      239
  SINCE DEC 1   1172                      1038    134      772
  SINCE JUL 1   1586                      1506     80     1064

 COOLING
  YESTERDAY        0                         0      0        0
  MONTH TO DATE    0                         0      0       10
  SINCE DEC 1      5                         5      0       23
  SINCE JAN 1      0                         0      0       10
..................................................................


WIND (MPH)
  HIGHEST WIND SPEED    15   HIGHEST WIND DIRECTION     S (190)
  HIGHEST GUST SPEED    19   HIGHEST GUST DIRECTION     S (180)
  AVERAGE WIND SPEED     8.0


SKY COVER
  POSSIBLE SUNSHINE  MM
  AVERAGE SKY COVER 0.8


WEATHER CONDITIONS
 THE FOLLOWING WEATHER WAS RECORDED YESTERDAY.
  LIGHT RAIN


RELATIVE HUMIDITY (PERCENT)
 HIGHEST    83           900 PM
 LOWEST     35           900 AM
 AVERAGE    59

..........................................................


THE GREENWOOD CLIMATE NORMALS FOR TODAY
                         NORMAL    RECORD    YEAR
 MAXIMUM TEMPERATURE (F)   54        73      1959
 MINIMUM TEMPERATURE (F)   33         0      1985


SUNRISE AND SUNSET
JANUARY 21 2018.......SUNRISE   702 AM CST   SUNSET   521 PM CST
JANUARY 22 2018.......SUNRISE   702 AM CST   SUNSET   522 PM CST


-  INDICATES NEGATIVE NUMBERS.
R  INDICATES RECORD WAS SET OR TIED.
MM INDICATES DATA IS MISSING.
T  INDICATES TRACE AMOUNT.




$$
