000
CDUS44 KJAN 280817
CLIGWO


CLIMATE REPORT
NATIONAL WEATHER SERVICE JACKSON MS
315 AM CDT SAT MAY 28 2016


...................................

...THE GREENWOOD CLIMATE SUMMARY FOR MAY 27 2016...

CLIMATE NORMAL PERIOD 1981 TO 2010
CLIMATE RECORD PERIOD 1948 TO 2016


WEATHER ITEM   OBSERVED TIME   RECORD YEAR NORMAL DEPARTURE LAST
                VALUE   (LST)  VALUE       VALUE  FROM      YEAR
                                                  NORMAL
..................................................................
TEMPERATURE (F)
 YESTERDAY
  MAXIMUM         84    352 PM  98    1953  86     -2       80
  MINIMUM         68    939 PM  46    1961  64      4       69
  AVERAGE         76                        75      1       75

PRECIPITATION (IN)
  YESTERDAY        0.01          2.05 1976   0.14  -0.13     0.36
  MONTH TO DATE    1.35                      4.37  -3.02     5.56
  SINCE MAR 1     18.20                     13.81   4.39    17.10
  SINCE JAN 1     25.65                     22.75   2.90    26.49

SNOWFALL (IN)
  YESTERDAY        0.0

DEGREE DAYS
 HEATING
  YESTERDAY        0                         0      0        0
  MONTH TO DATE   16                        15      1       14
  SINCE MAR 1    268                       455   -187      348
  SINCE JUL 1   1929                      2686   -757     2869

 COOLING
  YESTERDAY       11                        10      1       10
  MONTH TO DATE  143                       186    -43      212
  SINCE MAR 1    266                       283    -17      323
  SINCE JAN 1    274                       288    -14      323
..................................................................


WIND (MPH)
  HIGHEST WIND SPEED    20   HIGHEST WIND DIRECTION     S (170)
  HIGHEST GUST SPEED    25   HIGHEST GUST DIRECTION    SE (150)
  AVERAGE WIND SPEED    10.3


SKY COVER
  POSSIBLE SUNSHINE  MM
  AVERAGE SKY COVER 0.2


WEATHER CONDITIONS
 THE FOLLOWING WEATHER WAS RECORDED YESTERDAY.
  LIGHT RAIN


RELATIVE HUMIDITY (PERCENT)
 HIGHEST    84           800 AM
 LOWEST     58           300 PM
 AVERAGE    71

..........................................................


THE GREENWOOD CLIMATE NORMALS FOR TODAY
                         NORMAL    RECORD    YEAR
 MAXIMUM TEMPERATURE (F)   86        96      1962
 MINIMUM TEMPERATURE (F)   64        44      1961


SUNRISE AND SUNSET
MAY 28 2016...........SUNRISE   553 AM CDT   SUNSET   803 PM CDT
MAY 29 2016...........SUNRISE   552 AM CDT   SUNSET   804 PM CDT


-  INDICATES NEGATIVE NUMBERS.
R  INDICATES RECORD WAS SET OR TIED.
MM INDICATES DATA IS MISSING.
T  INDICATES TRACE AMOUNT.




$$
