000
CDUS44 KJAN 300625
CLIGWO


CLIMATE REPORT
NATIONAL WEATHER SERVICE JACKSON MS
121 AM CDT TUE JUN 30 2015


...................................

...THE GREENWOOD CLIMATE SUMMARY FOR JUNE 29 2015...

CLIMATE NORMAL PERIOD 1981 TO 2010
CLIMATE RECORD PERIOD 1948 TO 2015


WEATHER ITEM   OBSERVED TIME   RECORD YEAR NORMAL DEPARTURE LAST
                VALUE   (LST)  VALUE       VALUE  FROM      YEAR
                                                  NORMAL
..................................................................
TEMPERATURE (F)
 YESTERDAY
  MAXIMUM         91    215 PM 103    1988  91      0       89
  MINIMUM         66    421 AM  60    2006  70     -4       74
                                      1974
  AVERAGE         79                        81     -2       82

PRECIPITATION (IN)
  YESTERDAY        0.00          2.29 1989   0.14  -0.14     0.00
  MONTH TO DATE    1.89                      4.17  -2.28     9.03
  SINCE JUN 1      1.89                      4.17  -2.28     9.03
  SINCE JAN 1     29.82                     27.50   2.32    32.15

SNOWFALL (IN)
  YESTERDAY        0.0

DEGREE DAYS
 HEATING
  YESTERDAY        0                         0      0        0
  MONTH TO DATE    0                         0      0        0
  SINCE JUN 1      0                         0      0        0
  SINCE JUL 1   2869                      2688    181     3271

 COOLING
  YESTERDAY       14                        16     -2       17
  MONTH TO DATE  425                       398     27      405
  SINCE JUN 1    425                       398     27      405
  SINCE JAN 1    789                       728     61      699
..................................................................


WIND (MPH)
  HIGHEST WIND SPEED    16   HIGHEST WIND DIRECTION    SW (210)
  HIGHEST GUST SPEED    20   HIGHEST GUST DIRECTION    SW (210)
  AVERAGE WIND SPEED     6.0


SKY COVER
  POSSIBLE SUNSHINE  MM
  AVERAGE SKY COVER 0.0


WEATHER CONDITIONS
 THE FOLLOWING WEATHER WAS RECORDED YESTERDAY.
  NO SIGNIFICANT WEATHER WAS OBSERVED.


RELATIVE HUMIDITY (PERCENT)
 HIGHEST    87          1200 AM
 LOWEST     47           100 PM
 AVERAGE    67

..........................................................


THE GREENWOOD CLIMATE NORMALS FOR TODAY
                         NORMAL    RECORD    YEAR
 MAXIMUM TEMPERATURE (F)   91       102      1969
 MINIMUM TEMPERATURE (F)   70        60      2008


SUNRISE AND SUNSET
JUNE 30 2015..........SUNRISE   554 AM CDT   SUNSET   814 PM CDT
JULY  1 2015..........SUNRISE   554 AM CDT   SUNSET   814 PM CDT


-  INDICATES NEGATIVE NUMBERS.
R  INDICATES RECORD WAS SET OR TIED.
MM INDICATES DATA IS MISSING.
T  INDICATES TRACE AMOUNT.




$$
