000
CDUS41 KGYX 220921
CLIGYX


CLIMATE REPORT
NATIONAL WEATHER SERVICE GRAY ME
420 AM EST SUN JAN 22 2017


...................................

...THE GRAY ME CLIMATE SUMMARY FOR JANUARY 21 2017...

CLIMATE NORMAL PERIOD 1981 TO 2010
CLIMATE RECORD PERIOD 1995 TO 2017


WEATHER ITEM   OBSERVED TIME   RECORD YEAR NORMAL DEPARTURE LAST
                VALUE   (LST)  VALUE       VALUE  FROM      YEAR
                                                  NORMAL
..................................................................
TEMPERATURE (F)
 YESTERDAY
  MAXIMUM         44        MM  MM      MM  29     15       23
  MINIMUM         33        MM  MM      MM  12     21       13
  AVERAGE         39                        20     19       18

PRECIPITATION (IN)
  YESTERDAY        0.00         MM      MM   0.12  -0.12     0.00
  MONTH TO DATE    1.53                      2.42  -0.89     3.71
  SINCE DEC 1      6.35                      6.48  -0.13     8.27
  SINCE JAN 1      1.53                      2.42  -0.89     3.71

SNOWFALL (IN)
  YESTERDAY        0.0          MM      MM   0.6   -0.6      0.0
  MONTH TO DATE    6.5                      14.6   -8.1     15.5
  SINCE DEC 1     42.0                      32.9    9.1     20.7
  SINCE JUL 1     43.3                      36.0    7.3     20.9
  SNOW DEPTH       9

DEGREE DAYS
 HEATING
  YESTERDAY       26                        45    -19       47
  MONTH TO DATE  810                       923   -113      857
  SINCE DEC 1   2031                      2092    -61     1758
  SINCE JUL 1   3310                      3589   -279     3057

 COOLING
  YESTERDAY        0                         0      0        0
  MONTH TO DATE    0                         0      0        0
  SINCE DEC 1      0                         0      0        0
  SINCE JAN 1      0                         0      0        0
..................................................................







THE GRAY ME CLIMATE NORMALS FOR TODAY
                         NORMAL
 MAXIMUM TEMPERATURE (F)   29
 MINIMUM TEMPERATURE (F)   12


SUNRISE AND SUNSET
JANUARY 22 2017.......SUNRISE   707 AM EST   SUNSET   438 PM EST
JANUARY 23 2017.......SUNRISE   707 AM EST   SUNSET   440 PM EST


-  INDICATES NEGATIVE NUMBERS.
R  INDICATES RECORD WAS SET OR TIED.
MM INDICATES DATA IS MISSING.
T  INDICATES TRACE AMOUNT.




$$
