000
CDUS41 KGYX 240904
CLIGYX


CLIMATE REPORT
NATIONAL WEATHER SERVICE GRAY ME
404 AM EST SAT FEB 24 2018


...................................

...THE GRAY ME CLIMATE SUMMARY FOR FEBRUARY 23 2018...

CLIMATE NORMAL PERIOD 1981 TO 2010
CLIMATE RECORD PERIOD 1995 TO 2018


WEATHER ITEM   OBSERVED TIME   RECORD YEAR NORMAL DEPARTURE LAST
                VALUE   (LST)  VALUE       VALUE  FROM      YEAR
                                                  NORMAL
..................................................................
TEMPERATURE (F)
 YESTERDAY
  MAXIMUM         34        MM  MM      MM  36     -2       52
  MINIMUM         22        MM  MM      MM  18      4       29
  AVERAGE         28                        27      1       41

PRECIPITATION (IN)
  YESTERDAY        0.19         MM      MM   0.13   0.06     0.00
  MONTH TO DATE    3.09                      2.64   0.45     3.28
  SINCE DEC 1     10.16                     10.23  -0.07    11.08
  SINCE JAN 1      6.69                      6.17   0.52     6.26

SNOWFALL (IN)
  YESTERDAY        0.5          MM      MM   0.6   -0.1      0.0
  MONTH TO DATE   21.7                      13.2    8.5     44.6
  SINCE DEC 1     64.4                      52.7   11.7     88.5
  SINCE JUL 1     65.6                      55.8    9.8     89.8
  SNOW DEPTH       7

DEGREE DAYS
 HEATING
  YESTERDAY       37                        38     -1       24
  MONTH TO DATE  851                       943    -92      910
  SINCE DEC 1   3567                      3476     91     3287
  SINCE JUL 1   4760                      4973   -213     4566

 COOLING
  YESTERDAY        0                         0      0        0
  MONTH TO DATE    0                         0      0        0
  SINCE DEC 1      0                         0      0        0
  SINCE JAN 1      0                         0      0        0
..................................................................







THE GRAY ME CLIMATE NORMALS FOR TODAY
                         NORMAL
 MAXIMUM TEMPERATURE (F)   36
 MINIMUM TEMPERATURE (F)   18


SUNRISE AND SUNSET
FEBRUARY 24 2018......SUNRISE   626 AM EST   SUNSET   523 PM EST
FEBRUARY 25 2018......SUNRISE   624 AM EST   SUNSET   524 PM EST


-  INDICATES NEGATIVE NUMBERS.
R  INDICATES RECORD WAS SET OR TIED.
MM INDICATES DATA IS MISSING.
T  INDICATES TRACE AMOUNT.




$$
