000
CDUS41 KGYX 230806
CLIGYX


CLIMATE REPORT
NATIONAL WEATHER SERVICE GRAY ME
406 AM EDT TUE MAY 23 2017


...................................

...THE GRAY ME CLIMATE SUMMARY FOR MAY 22 2017...

CLIMATE NORMAL PERIOD 1981 TO 2010
CLIMATE RECORD PERIOD 1995 TO 2017


WEATHER ITEM   OBSERVED TIME   RECORD YEAR NORMAL DEPARTURE LAST
                VALUE   (LST)  VALUE       VALUE  FROM      YEAR
                                                  NORMAL
..................................................................
TEMPERATURE (F)
 YESTERDAY
  MAXIMUM         56        MM  MM      MM  67    -11       70
  MINIMUM         47        MM  MM      MM  46      1       50
  AVERAGE         52                        57     -5       60

PRECIPITATION (IN)
  YESTERDAY        0.33         MM      MM   0.13   0.20     0.00
  MONTH TO DATE    2.98                      2.71   0.27     1.76
  SINCE MAR 1     10.80                     11.26  -0.46     9.11
  SINCE JAN 1     17.48                     18.10  -0.62    17.37

SNOWFALL (IN)
  YESTERDAY        0.0          MM      MM   0.0    0.0      0.0
  MONTH TO DATE    0.0                       0.2   -0.2      0.0
  SINCE MAR 1     34.1                      24.9    9.2     14.5
  SINCE JUL 1    123.9                      84.0   39.9     51.8
  SNOW DEPTH       0

DEGREE DAYS
 HEATING
  YESTERDAY       13                         9      4        5
  MONTH TO DATE  282                       255     27      268
  SINCE MAR 1   1988                      1872    116     1831
  SINCE JUL 1   6682                      7030   -348     6351

 COOLING
  YESTERDAY        0                         0      0        0
  MONTH TO DATE   19                         0     19        2
  SINCE MAR 1     21                         1     20        2
  SINCE JAN 1     21                         1     20        2
..................................................................







THE GRAY ME CLIMATE NORMALS FOR TODAY
                         NORMAL
 MAXIMUM TEMPERATURE (F)   67
 MINIMUM TEMPERATURE (F)   47


SUNRISE AND SUNSET
MAY 23 2017...........SUNRISE   507 AM EDT   SUNSET   809 PM EDT
MAY 24 2017...........SUNRISE   507 AM EDT   SUNSET   810 PM EDT


-  INDICATES NEGATIVE NUMBERS.
R  INDICATES RECORD WAS SET OR TIED.
MM INDICATES DATA IS MISSING.
T  INDICATES TRACE AMOUNT.




$$
