000
CDUS41 KGYX 060910
CLIGYX


CLIMATE REPORT
NATIONAL WEATHER SERVICE GRAY ME
410 AM EST TUE DEC 6 2016


...................................

...THE GRAY ME CLIMATE SUMMARY FOR DECEMBER 5 2016...

CLIMATE NORMAL PERIOD 1981 TO 2010
CLIMATE RECORD PERIOD 1995 TO 2016


WEATHER ITEM   OBSERVED TIME   RECORD YEAR NORMAL DEPARTURE LAST
                VALUE   (LST)  VALUE       VALUE  FROM      YEAR
                                                  NORMAL
..................................................................
TEMPERATURE (F)
 YESTERDAY
  MAXIMUM         26        MM  MM      MM  38    -12       49
  MINIMUM         20        MM  MM      MM  24     -4       25
  AVERAGE         23                        31     -8       37

PRECIPITATION (IN)
  YESTERDAY        0.16         MM      MM   0.14   0.02     0.00
  MONTH TO DATE    1.30                      0.71   0.59     0.43
  SINCE DEC 1      1.30                      0.71   0.59     0.43
  SINCE JAN 1     43.67                     46.87  -3.20    39.75

SNOWFALL (IN)
  YESTERDAY        3.0          MM      MM   0.4    2.6      0.0
  MONTH TO DATE    3.0                       1.9    1.1       T
  SINCE DEC 1      3.0                       1.9    1.1       T
  SINCE JUL 1      4.3                       5.0   -0.7      0.2
  SNOW DEPTH       0

DEGREE DAYS
 HEATING
  YESTERDAY       42                        34      8       28
  MONTH TO DATE  149                       167    -18      146
  SINCE DEC 1    149                       167    -18      146
  SINCE JUL 1   1428                      1664   -236     1445

 COOLING
  YESTERDAY        0                         0      0        0
  MONTH TO DATE    0                         0      0        0
  SINCE DEC 1      0                         0      0        0
  SINCE JAN 1    607                       389    218      468
..................................................................







THE GRAY ME CLIMATE NORMALS FOR TODAY
                         NORMAL
 MAXIMUM TEMPERATURE (F)   38
 MINIMUM TEMPERATURE (F)   23


SUNRISE AND SUNSET
DECEMBER  6 2016......SUNRISE   701 AM EST   SUNSET   403 PM EST
DECEMBER  7 2016......SUNRISE   702 AM EST   SUNSET   403 PM EST


-  INDICATES NEGATIVE NUMBERS.
R  INDICATES RECORD WAS SET OR TIED.
MM INDICATES DATA IS MISSING.
T  INDICATES TRACE AMOUNT.




$$
