000
CDUS41 KGYX 310804
CLIGYX


CLIMATE REPORT
NATIONAL WEATHER SERVICE GRAY ME
404 AM EDT SUN AUG 31 2014


...................................

...THE GRAY ME CLIMATE SUMMARY FOR AUGUST 30 2014...

CLIMATE NORMAL PERIOD 1981 TO 2010
CLIMATE RECORD PERIOD 1995 TO 2014


WEATHER ITEM   OBSERVED NORMAL DEPARTURE LAST
                VALUE   VALUE  FROM      YEAR
                               NORMAL
...............................................
TEMPERATURE (F)
 YESTERDAY
  MAXIMUM         72     76     -4       81
  MINIMUM         53     57     -4       59
  AVERAGE         63     66     -3       70

PRECIPITATION (IN)
  YESTERDAY        0.00   0.12  -0.12     0.00
  MONTH TO DATE    6.80   3.47   3.33     3.22
  SINCE JUN 1     16.78  12.07   4.71    13.00
  SINCE JAN 1     35.13  31.36   3.77    27.29

SNOWFALL (IN)
  YESTERDAY        0.0    0.0    0.0      0.0
  MONTH TO DATE    0.0    0.0    0.0      0.0
  SINCE JUN 1      0.0    0.0    0.0      0.0
  SINCE JUL 1      0.0    0.0    0.0      0.0
  SNOW DEPTH       0

DEGREE DAYS
 HEATING
  YESTERDAY        2      1      1        0
  MONTH TO DATE   14     18     -4        3
  SINCE JUN 1     88    126    -38       83
  SINCE JUL 1     14     32    -18       12

 COOLING
  YESTERDAY        0      3     -3        5
  MONTH TO DATE   78    131    -53      109
  SINCE JUN 1    305    346    -41      422
  SINCE JAN 1    306    357    -51      439
...............................................





WEATHER CONDITIONS
 THE FOLLOWING WEATHER WAS RECORDED YESTERDAY.
  NO SIGNIFICANT WEATHER WAS OBSERVED.


..........................................................


THE GRAY ME CLIMATE NORMALS FOR TODAY
                         NORMAL
 MAXIMUM TEMPERATURE (F)   76
 MINIMUM TEMPERATURE (F)   56


SUNRISE AND SUNSET
AUGUST 31 2014........SUNRISE   603 AM EDT   SUNSET   719 PM EDT
SEPTEMBER  1 2014.....SUNRISE   604 AM EDT   SUNSET   717 PM EDT


-  INDICATES NEGATIVE NUMBERS.
R  INDICATES RECORD WAS SET OR TIED.
MM INDICATES DATA IS MISSING.
T  INDICATES TRACE AMOUNT.




$$
