000
CDUS41 KGYX 300914
CLIGYX


CLIMATE REPORT
NATIONAL WEATHER SERVICE GRAY ME
414 AM EST FRI JAN 30 2015


...................................

...THE GRAY ME CLIMATE SUMMARY FOR JANUARY 29 2015...

CLIMATE NORMAL PERIOD 1981 TO 2010
CLIMATE RECORD PERIOD 1995 TO 2015


WEATHER ITEM   OBSERVED TIME   RECORD YEAR NORMAL DEPARTURE LAST
                VALUE   (LST)  VALUE       VALUE  FROM      YEAR
                                                  NORMAL
..................................................................
TEMPERATURE (F)
 YESTERDAY
  MAXIMUM         31        MM  MM      MM  30      1       22
  MINIMUM          8        MM  MM      MM  12     -4        8
  AVERAGE         20                        21     -1       15

PRECIPITATION (IN)
  YESTERDAY        0.00         MM      MM   0.11  -0.11     0.00
  MONTH TO DATE    3.28                      3.32  -0.04     3.50
  SINCE DEC 1      9.48                      7.38   2.10     7.18
  SINCE JAN 1      3.28                      3.32  -0.04     3.50

SNOWFALL (IN)
  YESTERDAY        0.0          MM      MM   0.6   -0.6      0.0
  MONTH TO DATE   38.9                      19.9   19.0     12.9
  SINCE DEC 1     45.4                      38.2    7.2     39.8
  SINCE JUL 1     60.4                      41.3   19.1     40.9
  SNOW DEPTH      23

DEGREE DAYS
 HEATING
  YESTERDAY       45                        44      1       50
  MONTH TO DATE 1369                      1278     91     1305
  SINCE DEC 1   2459                      2447     12     2635
  SINCE JUL 1   3909                      3944    -35     4106

 COOLING
  YESTERDAY        0                         0      0        0
  MONTH TO DATE    0                         0      0        0
  SINCE DEC 1      0                         0      0        0
  SINCE JAN 1      0                         0      0        0
..................................................................







THE GRAY ME CLIMATE NORMALS FOR TODAY
                         NORMAL
 MAXIMUM TEMPERATURE (F)   30
 MINIMUM TEMPERATURE (F)   13


SUNRISE AND SUNSET
JANUARY 30 2015.......SUNRISE   701 AM EST   SUNSET   448 PM EST
JANUARY 31 2015.......SUNRISE   659 AM EST   SUNSET   450 PM EST


-  INDICATES NEGATIVE NUMBERS.
R  INDICATES RECORD WAS SET OR TIED.
MM INDICATES DATA IS MISSING.
T  INDICATES TRACE AMOUNT.




$$
