000
CDUS41 KGYX 260803
CLIGYX


CLIMATE REPORT
NATIONAL WEATHER SERVICE GRAY ME
403 AM EDT MON JUN 26 2017


...................................

...THE GRAY ME CLIMATE SUMMARY FOR JUNE 25 2017...

CLIMATE NORMAL PERIOD 1981 TO 2010
CLIMATE RECORD PERIOD 1995 TO 2017


WEATHER ITEM   OBSERVED TIME   RECORD YEAR NORMAL DEPARTURE LAST
                VALUE   (LST)  VALUE       VALUE  FROM      YEAR
                                                  NORMAL
..................................................................
TEMPERATURE (F)
 YESTERDAY
  MAXIMUM         82        MM  MM      MM  77      5       79
  MINIMUM         61        MM  MM      MM  57      4       53
  AVERAGE         72                        67      5       66

PRECIPITATION (IN)
  YESTERDAY        0.00         MM      MM   0.15  -0.15     0.00
  MONTH TO DATE    1.56                      3.62  -2.06     2.57
  SINCE JUN 1      1.56                      3.62  -2.06     2.57
  SINCE JAN 1     22.10                     22.91  -0.81    20.20

SNOWFALL (IN)
  YESTERDAY        0.0          MM      MM   0.0    0.0      0.0
  MONTH TO DATE    0.0                       0.0    0.0      0.0
  SINCE JUN 1      0.0                       0.0    0.0      0.0
  SINCE JUL 1    123.9                      83.8   40.1     51.8
  SNOW DEPTH       0

DEGREE DAYS
 HEATING
  YESTERDAY        0                         1     -1        0
  MONTH TO DATE   75                        89    -14       70
  SINCE JUN 1     75                        89    -14       70
  SINCE JUL 1   6851                      7187   -336     6452

 COOLING
  YESTERDAY        7                         3      4        1
  MONTH TO DATE  100                        48     52       29
  SINCE JUN 1    100                        48     52       29
  SINCE JAN 1    121                        59     62       51
..................................................................







THE GRAY ME CLIMATE NORMALS FOR TODAY
                         NORMAL
 MAXIMUM TEMPERATURE (F)   77
 MINIMUM TEMPERATURE (F)   57


SUNRISE AND SUNSET
JUNE 26 2017..........SUNRISE   500 AM EDT   SUNSET   828 PM EDT
JUNE 27 2017..........SUNRISE   501 AM EDT   SUNSET   828 PM EDT


-  INDICATES NEGATIVE NUMBERS.
R  INDICATES RECORD WAS SET OR TIED.
MM INDICATES DATA IS MISSING.
T  INDICATES TRACE AMOUNT.




$$
