000
CDUS41 KGYX 190914
CLIGYX


CLIMATE REPORT
NATIONAL WEATHER SERVICE GRAY ME
414 AM EST SUN FEB 19 2017


...................................

...THE GRAY ME CLIMATE SUMMARY FOR FEBRUARY 18 2017...

CLIMATE NORMAL PERIOD 1981 TO 2010
CLIMATE RECORD PERIOD 1995 TO 2017


WEATHER ITEM   OBSERVED TIME   RECORD YEAR NORMAL DEPARTURE LAST
                VALUE   (LST)  VALUE       VALUE  FROM      YEAR
                                                  NORMAL
..................................................................
TEMPERATURE (F)
 YESTERDAY
  MAXIMUM         41        MM  56    2011  34      7       30
  MINIMUM         21        MM  MM      MM  17      4       17
  AVERAGE         31                        26      5       24

PRECIPITATION (IN)
  YESTERDAY        0.00         MM      MM   0.12  -0.12     0.00
  MONTH TO DATE    3.28                      2.02   1.26     2.97
  SINCE DEC 1     11.08                      9.61   1.47    11.26
  SINCE JAN 1      6.26                      5.55   0.71     6.70

SNOWFALL (IN)
  YESTERDAY        0.0          MM      MM   0.5   -0.5      0.0
  MONTH TO DATE   44.6                      10.1   34.5     14.3
  SINCE DEC 1     88.5                      49.6   38.9     35.4
  SINCE JUL 1     89.8                      52.7   37.1     35.6
  SNOW DEPTH      30

DEGREE DAYS
 HEATING
  YESTERDAY       34                        39     -5       41
  MONTH TO DATE  778                       750     28      735
  SINCE DEC 1   3155                      3283   -128     2862
  SINCE JUL 1   4434                      4780   -346     4161

 COOLING
  YESTERDAY        0                         0      0        0
  MONTH TO DATE    0                         0      0        0
  SINCE DEC 1      0                         0      0        0
  SINCE JAN 1      0                         0      0        0
..................................................................







THE GRAY ME CLIMATE NORMALS FOR TODAY
                         NORMAL
 MAXIMUM TEMPERATURE (F)   35
 MINIMUM TEMPERATURE (F)   17


SUNRISE AND SUNSET
FEBRUARY 19 2017......SUNRISE   634 AM EST   SUNSET   517 PM EST
FEBRUARY 20 2017......SUNRISE   632 AM EST   SUNSET   518 PM EST


-  INDICATES NEGATIVE NUMBERS.
R  INDICATES RECORD WAS SET OR TIED.
MM INDICATES DATA IS MISSING.
T  INDICATES TRACE AMOUNT.




$$
