000
CDUS41 KGYX 290802
CLIGYX


CLIMATE REPORT
NATIONAL WEATHER SERVICE GRAY ME
401 AM EDT FRI MAY 29 2015


...................................

...THE GRAY ME CLIMATE SUMMARY FOR MAY 28 2015...

CLIMATE NORMAL PERIOD 1981 TO 2010
CLIMATE RECORD PERIOD 1995 TO 2015


WEATHER ITEM   OBSERVED TIME   RECORD YEAR NORMAL DEPARTURE LAST
                VALUE   (LST)  VALUE       VALUE  FROM      YEAR
                                                  NORMAL
..................................................................
TEMPERATURE (F)
 YESTERDAY
  MAXIMUM         83        MM  MM      MM  69     14       54
  MINIMUM         61        MM  MM      MM  48     13       41
  AVERAGE         72                        58     14       48

PRECIPITATION (IN)
  YESTERDAY        0.61         MM      MM   0.12   0.49     0.19
  MONTH TO DATE    1.45                      3.48  -2.03     4.37
  SINCE MAR 1      6.46                     12.03  -5.57    11.26
  SINCE JAN 1     12.43                     18.87  -6.44    18.25

SNOWFALL (IN)
  YESTERDAY        0.0          MM      MM   0.0    0.0      0.0
  MONTH TO DATE    0.0                       0.2   -0.2      0.0
  SINCE MAR 1      8.2                      24.9  -16.7      8.9
  SINCE JUL 1    107.3                      84.0   23.3     83.0
  SNOW DEPTH       0

DEGREE DAYS
 HEATING
  YESTERDAY        0                         7     -7       17
  MONTH TO DATE  173                       303   -130      282
  SINCE MAR 1   1951                      1920     31     2174
  SINCE JUL 1   7427                      7078    349     7584

 COOLING
  YESTERDAY        7                         1      6        0
  MONTH TO DATE   36                         4     32        1
  SINCE MAR 1     36                         5     31        1
  SINCE JAN 1     36                         5     31        1
..................................................................







THE GRAY ME CLIMATE NORMALS FOR TODAY
                         NORMAL
 MAXIMUM TEMPERATURE (F)   69
 MINIMUM TEMPERATURE (F)   48


SUNRISE AND SUNSET
MAY 29 2015...........SUNRISE   503 AM EDT   SUNSET   814 PM EDT
MAY 30 2015...........SUNRISE   503 AM EDT   SUNSET   815 PM EDT


-  INDICATES NEGATIVE NUMBERS.
R  INDICATES RECORD WAS SET OR TIED.
MM INDICATES DATA IS MISSING.
T  INDICATES TRACE AMOUNT.




$$
