000
CDUS41 KGYX 240805
CLIGYX


CLIMATE REPORT
NATIONAL WEATHER SERVICE GRAY ME
405 AM EDT THU AUG 24 2017


...................................

...THE GRAY ME CLIMATE SUMMARY FOR AUGUST 23 2017...

CLIMATE NORMAL PERIOD 1981 TO 2010
CLIMATE RECORD PERIOD 1995 TO 2017


WEATHER ITEM   OBSERVED TIME   RECORD YEAR NORMAL DEPARTURE LAST
                VALUE   (LST)  VALUE       VALUE  FROM      YEAR
                                                  NORMAL
..................................................................
TEMPERATURE (F)
 YESTERDAY
  MAXIMUM         82        MM  MM      MM  78      4       79
  MINIMUM         60        MM  MM      MM  58      2       55
  AVERAGE         71                        68      3       67

PRECIPITATION (IN)
  YESTERDAY        0.20         MM      MM   0.11   0.09     0.00
  MONTH TO DATE    2.55                      2.62  -0.07     3.15
  SINCE JUN 1      7.31                     11.22  -3.91    11.38
  SINCE JAN 1     27.85                     30.51  -2.66    29.01

SNOWFALL (IN)
  YESTERDAY        0.0          MM      MM   0.0    0.0      0.0
  MONTH TO DATE    0.0                       0.0    0.0      0.0
  SINCE JUN 1      0.0                       0.0    0.0      0.0
  SINCE JUL 1      0.0                       0.0    0.0      0.0
  SNOW DEPTH       0

DEGREE DAYS
 HEATING
  YESTERDAY        0                         1     -1        0
  MONTH TO DATE    3                        11     -8        1
  SINCE JUN 1     93                       119    -26       89
  SINCE JUL 1     16                        25     -9       19

 COOLING
  YESTERDAY        6                         4      2        2
  MONTH TO DATE  135                       108     27      167
  SINCE JUN 1    414                       323     91      446
  SINCE JAN 1    435                       334    101      468
..................................................................







THE GRAY ME CLIMATE NORMALS FOR TODAY
                         NORMAL
 MAXIMUM TEMPERATURE (F)   78
 MINIMUM TEMPERATURE (F)   58


SUNRISE AND SUNSET
AUGUST 24 2017........SUNRISE   556 AM EDT   SUNSET   730 PM EDT
AUGUST 25 2017........SUNRISE   557 AM EDT   SUNSET   728 PM EDT


-  INDICATES NEGATIVE NUMBERS.
R  INDICATES RECORD WAS SET OR TIED.
MM INDICATES DATA IS MISSING.
T  INDICATES TRACE AMOUNT.




$$
