000
CDUS41 KGYX 120802
CLIGYX


CLIMATE REPORT
NATIONAL WEATHER SERVICE GRAY ME
402 AM EDT SAT JUL 12 2014


...................................

...THE GRAY ME CLIMATE SUMMARY FOR JULY 11 2014...

CLIMATE NORMAL PERIOD 1981 TO 2010
CLIMATE RECORD PERIOD 1995 TO 2014


WEATHER ITEM   OBSERVED NORMAL DEPARTURE LAST
                VALUE   VALUE  FROM      YEAR
                               NORMAL
...............................................
TEMPERATURE (F)
 YESTERDAY
  MAXIMUM         78     79     -1       80
  MINIMUM         57     60     -3       65
  AVERAGE         68     69     -1       73

PRECIPITATION (IN)
  YESTERDAY        0.00   0.15  -0.15     0.03
  MONTH TO DATE    2.91   1.61   1.30     1.77
  SINCE JUN 1      5.91   5.91   0.00     7.77
  SINCE JAN 1     24.26  25.20  -0.94    22.06

SNOWFALL (IN)
  YESTERDAY        0.0    0.0    0.0      0.0
  MONTH TO DATE    0.0    0.0    0.0      0.0
  SINCE JUN 1      0.0    0.0    0.0      0.0
  SINCE JUL 1      0.0    0.0    0.0      0.0
  SNOW DEPTH       0

DEGREE DAYS
 HEATING
  YESTERDAY        0      0      0        0
  MONTH TO DATE    0      7     -7        5
  SINCE JUN 1     74    101    -27       76
  SINCE JUL 1      0      7     -7        5

 COOLING
  YESTERDAY        3      5     -2        8
  MONTH TO DATE   82     48     34       82
  SINCE JUN 1    147    113     34      177
  SINCE JAN 1    148    124     24      194
...............................................





WEATHER CONDITIONS
 THE FOLLOWING WEATHER WAS RECORDED YESTERDAY.
  NO SIGNIFICANT WEATHER WAS OBSERVED.


..........................................................


THE GRAY ME CLIMATE NORMALS FOR TODAY
                         NORMAL
 MAXIMUM TEMPERATURE (F)   79
 MINIMUM TEMPERATURE (F)   60


SUNRISE AND SUNSET
JULY 12 2014..........SUNRISE   510 AM EDT   SUNSET   823 PM EDT
JULY 13 2014..........SUNRISE   511 AM EDT   SUNSET   822 PM EDT


-  INDICATES NEGATIVE NUMBERS.
R  INDICATES RECORD WAS SET OR TIED.
MM INDICATES DATA IS MISSING.
T  INDICATES TRACE AMOUNT.




$$
