000
CDUS41 KGYX 260811
CLIGYX


CLIMATE REPORT
NATIONAL WEATHER SERVICE GRAY ME
411 AM EDT SUN MAR 26 2017


...................................

...THE GRAY ME CLIMATE SUMMARY FOR MARCH 25 2017...

CLIMATE NORMAL PERIOD 1981 TO 2010
CLIMATE RECORD PERIOD 1995 TO 2017


WEATHER ITEM   OBSERVED TIME   RECORD YEAR NORMAL DEPARTURE LAST
                VALUE   (LST)  VALUE       VALUE  FROM      YEAR
                                                  NORMAL
..................................................................
TEMPERATURE (F)
 YESTERDAY
  MAXIMUM         42        MM  MM      MM  45     -3       36
  MINIMUM         29        MM  MM      MM  27      2       22
  AVERAGE         36                        36      0       29

PRECIPITATION (IN)
  YESTERDAY        0.00         MM      MM   0.13  -0.13     0.23
  MONTH TO DATE    1.87                      3.36  -1.49     3.44
  SINCE MAR 1      1.87                      3.36  -1.49     3.44
  SINCE JAN 1      8.55                     10.20  -1.65    11.70

SNOWFALL (IN)
  YESTERDAY        0.0          MM      MM   0.5   -0.5       T
  MONTH TO DATE   19.3                      17.3    2.0      9.3
  SINCE MAR 1     19.3                      17.3    2.0      9.3
  SINCE JUL 1    109.1                      76.4   32.7     46.6
  SNOW DEPTH      16

DEGREE DAYS
 HEATING
  YESTERDAY       29                        29      0       36
  MONTH TO DATE  980                       824    156      749
  SINCE MAR 1    980                       824    156      749
  SINCE JUL 1   5674                      5982   -308     5269

 COOLING
  YESTERDAY        0                         0      0        0
  MONTH TO DATE    0                         0      0        0
  SINCE MAR 1      0                         0      0        0
  SINCE JAN 1      0                         0      0        0
..................................................................







THE GRAY ME CLIMATE NORMALS FOR TODAY
                         NORMAL
 MAXIMUM TEMPERATURE (F)   45
 MINIMUM TEMPERATURE (F)   27


SUNRISE AND SUNSET
MARCH 26 2017.........SUNRISE   633 AM EDT   SUNSET   701 PM EDT
MARCH 27 2017.........SUNRISE   631 AM EDT   SUNSET   702 PM EDT


-  INDICATES NEGATIVE NUMBERS.
R  INDICATES RECORD WAS SET OR TIED.
MM INDICATES DATA IS MISSING.
T  INDICATES TRACE AMOUNT.




$$
