000
CDUS41 KGYX 180829
CLIGYX


CLIMATE REPORT
NATIONAL WEATHER SERVICE GRAY ME
428 AM EDT WED OCT 18 2017


...................................

...THE GRAY ME CLIMATE SUMMARY FOR OCTOBER 17 2017...

CLIMATE NORMAL PERIOD 1981 TO 2010
CLIMATE RECORD PERIOD 1995 TO 2017


WEATHER ITEM   OBSERVED TIME   RECORD YEAR NORMAL DEPARTURE LAST
                VALUE   (LST)  VALUE       VALUE  FROM      YEAR
                                                  NORMAL
..................................................................
TEMPERATURE (F)
 YESTERDAY
  MAXIMUM         55        MM  MM      MM  58     -3       75
  MINIMUM         34        MM  MM      MM  40     -6       52
  AVERAGE         45                        49     -4       64

PRECIPITATION (IN)
  YESTERDAY        0.00         MM      MM   0.17  -0.17      T
  MONTH TO DATE    0.13                      2.83  -2.70     0.81
  SINCE SEP 1      2.70                      7.02  -4.32     1.87
  SINCE JAN 1     30.63                     38.50  -7.87    31.04

SNOWFALL (IN)
  YESTERDAY        0.0          MM      MM   0.0    0.0      0.0
  MONTH TO DATE    0.0                       0.0    0.0      0.0
  SINCE SEP 1      0.0                       0.0    0.0      0.0
  SINCE JUL 1      0.0                       0.0    0.0      0.0
  SNOW DEPTH       0

DEGREE DAYS
 HEATING
  YESTERDAY       20                        16      4        1
  MONTH TO DATE  121                       232   -111      179
  SINCE SEP 1    187                       400   -213      274
  SINCE JUL 1    218                       436   -218      293

 COOLING
  YESTERDAY        0                         0      0        0
  MONTH TO DATE   11                         0     11        0
  SINCE SEP 1     93                        28     65       80
  SINCE JAN 1    531                       387    144      607
..................................................................







THE GRAY ME CLIMATE NORMALS FOR TODAY
                         NORMAL
 MAXIMUM TEMPERATURE (F)   57
 MINIMUM TEMPERATURE (F)   39


SUNRISE AND SUNSET
OCTOBER 18 2017.......SUNRISE   659 AM EDT   SUNSET   552 PM EDT
OCTOBER 19 2017.......SUNRISE   701 AM EDT   SUNSET   550 PM EDT


-  INDICATES NEGATIVE NUMBERS.
R  INDICATES RECORD WAS SET OR TIED.
MM INDICATES DATA IS MISSING.
T  INDICATES TRACE AMOUNT.




$$
