000
CDUS44 KJAN 232209
CLIHBG


CLIMATE REPORT
NATIONAL WEATHER SERVICE JACKSON MS
509 PM CDT SAT MAY 23 2015


...................................

...THE HATTIESBURG CLIMATE SUMMARY FOR MAY 23 2015...
VALID AS OF 0500 PM LOCAL TIME.

CLIMATE NORMAL PERIOD 1981 TO 2010
CLIMATE RECORD PERIOD 1948 TO 2015


WEATHER ITEM   OBSERVED TIME   RECORD YEAR NORMAL DEPARTURE LAST
                VALUE   (LST)  VALUE       VALUE  FROM      YEAR
                                                  NORMAL
..................................................................
TEMPERATURE (F)
 TODAY
  MAXIMUM         88    330 PM  97    1956  87      1       90
  MINIMUM         60    459 AM  47    2002  64     -4       64
  AVERAGE         74

PRECIPITATION (IN)
  TODAY            0.00          1.98 1959   0.16  -0.16     0.00
  MONTH TO DATE    3.71                      3.66   0.05     2.68
  SINCE MAR 1     12.79                     14.09  -1.30    15.29
  SINCE JAN 1     20.62                     25.22  -4.60    25.19

SNOWFALL (IN)
  TODAY            0.0

..................................................................










-  INDICATES NEGATIVE NUMBERS.
R  INDICATES RECORD WAS SET OR TIED.
MM INDICATES DATA IS MISSING.
T  INDICATES TRACE AMOUNT.




$$
