000
CDUS44 KJAN 040710
CLIHBG


CLIMATE REPORT
NATIONAL WEATHER SERVICE JACKSON MS
207 AM CDT TUE AUG 4 2015


...................................

...THE HATTIESBURG CLIMATE SUMMARY FOR AUGUST 3 2015...

CLIMATE NORMAL PERIOD 1981 TO 2010
CLIMATE RECORD PERIOD 1948 TO 2015


WEATHER ITEM   OBSERVED TIME   RECORD YEAR NORMAL DEPARTURE LAST
                VALUE   (LST)  VALUE       VALUE  FROM      YEAR
                                                  NORMAL
..................................................................
TEMPERATURE (F)
 YESTERDAY
  MAXIMUM         99   1230 PM 100    2010  93      6       92
  MINIMUM         70    549 AM  65    1976  71     -1       73
                                      1965
  AVERAGE         85                        82      3       83

PRECIPITATION (IN)
  YESTERDAY        0.00          3.16 1993   0.16  -0.16      T
  MONTH TO DATE    0.00                      0.47  -0.47     0.15
  SINCE JUN 1     10.93                     11.36  -0.43     7.35
  SINCE JAN 1     34.75                     37.90  -3.15    35.83

SNOWFALL (IN)
  YESTERDAY        0.0

DEGREE DAYS
 HEATING
  YESTERDAY        0                         0      0        0
  MONTH TO DATE    0                         0      0        0
  SINCE JUN 1      0                         0      0        0
  SINCE JUL 1      0                         0      0        0

 COOLING
  YESTERDAY       20                        17      3       18
  MONTH TO DATE   54                        51      3       45
  SINCE JUN 1   1152                       996    156      991
  SINCE JAN 1   1729                      1411    318     1367
..................................................................


WIND (MPH)
  HIGHEST WIND SPEED     9   HIGHEST WIND DIRECTION     N (10)
  HIGHEST GUST SPEED    MM   HIGHEST GUST DIRECTION    MM
  AVERAGE WIND SPEED     1.9


SKY COVER
  POSSIBLE SUNSHINE  MM
  AVERAGE SKY COVER 0.0


WEATHER CONDITIONS
 THE FOLLOWING WEATHER WAS RECORDED YESTERDAY.
  FOG


RELATIVE HUMIDITY (PERCENT)
 HIGHEST    97           400 AM
 LOWEST     25           200 PM
 AVERAGE    61

..........................................................


THE HATTIESBURG CLIMATE NORMALS FOR TODAY
                         NORMAL    RECORD    YEAR
 MAXIMUM TEMPERATURE (F)   93       101      1951
 MINIMUM TEMPERATURE (F)   71        62      1973


SUNRISE AND SUNSET
AUGUST  4 2015........SUNRISE   615 AM CDT   SUNSET   750 PM CDT
AUGUST  5 2015........SUNRISE   616 AM CDT   SUNSET   750 PM CDT


-  INDICATES NEGATIVE NUMBERS.
R  INDICATES RECORD WAS SET OR TIED.
MM INDICATES DATA IS MISSING.
T  INDICATES TRACE AMOUNT.




$$
