000
CDUS44 KJAN 160637
CLIHBG


CLIMATE REPORT
NATIONAL WEATHER SERVICE JACKSON MS
1230 AM CST MON JAN 16 2017


...................................

...THE HATTIESBURG CLIMATE SUMMARY FOR JANUARY 15 2017...

CLIMATE NORMAL PERIOD 1981 TO 2010
CLIMATE RECORD PERIOD 1948 TO 2017


WEATHER ITEM   OBSERVED TIME   RECORD YEAR NORMAL DEPARTURE LAST
                VALUE   (LST)  VALUE       VALUE  FROM      YEAR
                                                  NORMAL
..................................................................
TEMPERATURE (F)
 YESTERDAY
  MAXIMUM         73    303 PM  79    1971  60     13       70
                                      1950
  MINIMUM         54   1246 AM  16    1964  37     17       44
  AVERAGE         64                        48     16       57

PRECIPITATION (IN)
  YESTERDAY        0.00          1.93 1989   0.16  -0.16     0.42
  MONTH TO DATE    4.90                      2.67   2.23     0.84
  SINCE DEC 1     11.96                      7.58   4.38    10.85
  SINCE JAN 1      4.90                      2.67   2.23     0.84

SNOWFALL (IN)
  YESTERDAY        0.0

DEGREE DAYS
 HEATING
  YESTERDAY        1                        17    -16        8
  MONTH TO DATE  166                       248    -82      267
  SINCE DEC 1    504                       705   -201      497
  SINCE JUL 1    700                      1033   -333      675

 COOLING
  YESTERDAY        0                         0      0        0
  MONTH TO DATE    6                         0      6        0
  SINCE DEC 1     45                        13     32       71
  SINCE JAN 1      6                         0      6        0
..................................................................


WIND (MPH)
  HIGHEST WIND SPEED    10   HIGHEST WIND DIRECTION    SE (140)
  HIGHEST GUST SPEED    13   HIGHEST GUST DIRECTION    SE (130)
  AVERAGE WIND SPEED     1.8


SKY COVER
  POSSIBLE SUNSHINE  MM
  AVERAGE SKY COVER 0.7


WEATHER CONDITIONS
 THE FOLLOWING WEATHER WAS RECORDED YESTERDAY.
  FOG
  FOG W/VISIBILITY <= 1/4 MILE


RELATIVE HUMIDITY (PERCENT)
 HIGHEST   100           200 AM
 LOWEST     53           300 PM
 AVERAGE    77

..........................................................


THE HATTIESBURG CLIMATE NORMALS FOR TODAY
                         NORMAL    RECORD    YEAR
 MAXIMUM TEMPERATURE (F)   60        80      1952
 MINIMUM TEMPERATURE (F)   37        21      1972


SUNRISE AND SUNSET
JANUARY 16 2017.......SUNRISE   656 AM CST   SUNSET   518 PM CST
JANUARY 17 2017.......SUNRISE   656 AM CST   SUNSET   519 PM CST


-  INDICATES NEGATIVE NUMBERS.
R  INDICATES RECORD WAS SET OR TIED.
MM INDICATES DATA IS MISSING.
T  INDICATES TRACE AMOUNT.




$$
