000
CDUS44 KJAN 220643
CLIHBG


CLIMATE REPORT
NATIONAL WEATHER SERVICE JACKSON MS
140 AM CDT MON SEP 22 2014


...................................

...THE HATTIESBURG CLIMATE SUMMARY FOR SEPTEMBER 21 2014...

CLIMATE NORMAL PERIOD 1981 TO 2010
CLIMATE RECORD PERIOD 1948 TO 2014


WEATHER ITEM   OBSERVED TIME   RECORD YEAR NORMAL DEPARTURE LAST
                VALUE   (LST)  VALUE       VALUE  FROM      YEAR
                                                  NORMAL
..................................................................
TEMPERATURE (F)
 YESTERDAY
  MAXIMUM         91    333 PM 102    1997  86      5       79
  MINIMUM         64    605 AM  48    1962  64      0       70
  AVERAGE         78                        75      3       75

PRECIPITATION (IN)
  YESTERDAY        0.00          1.82 1979   0.12  -0.12     1.57
  MONTH TO DATE    5.42                      2.97   2.45     3.91
  SINCE SEP 1      5.42                      2.97   2.45     3.91
  SINCE JAN 1     42.70                     45.13  -2.43    56.08

SNOWFALL (IN)
  YESTERDAY        0.0

DEGREE DAYS
 HEATING
  YESTERDAY        0                         0      0        0
  MONTH TO DATE    0                         0      0        0
  SINCE SEP 1      0                         0      0        0
  SINCE JUL 1      0                         0      0        0

 COOLING
  YESTERDAY       13                        10      3       10
  MONTH TO DATE  344                       275     69      339
  SINCE SEP 1    344                       275     69      339
  SINCE JAN 1   2223                      2146     77     2118
..................................................................


WIND (MPH)
  HIGHEST WIND SPEED     9   HIGHEST WIND DIRECTION     E (80)
  HIGHEST GUST SPEED    13   HIGHEST GUST DIRECTION    SW (210)
  AVERAGE WIND SPEED     1.8


SKY COVER
  POSSIBLE SUNSHINE  MM
  AVERAGE SKY COVER 0.1


WEATHER CONDITIONS
 THE FOLLOWING WEATHER WAS RECORDED YESTERDAY.
  FOG


RELATIVE HUMIDITY (PERCENT)
 HIGHEST   100           300 AM
 LOWEST     44           400 PM
 AVERAGE    72

..........................................................


THE HATTIESBURG CLIMATE NORMALS FOR TODAY
                         NORMAL    RECORD    YEAR
 MAXIMUM TEMPERATURE (F)   86        98      1972
                                             1970
 MINIMUM TEMPERATURE (F)   64        45      1983


SUNRISE AND SUNSET
SEPTEMBER 22 2014.....SUNRISE   645 AM CDT   SUNSET   654 PM CDT
SEPTEMBER 23 2014.....SUNRISE   646 AM CDT   SUNSET   652 PM CDT


-  INDICATES NEGATIVE NUMBERS.
R  INDICATES RECORD WAS SET OR TIED.
MM INDICATES DATA IS MISSING.
T  INDICATES TRACE AMOUNT.




$$
