000
CDUS44 KJAN 252214
CLIHBG


CLIMATE REPORT
NATIONAL WEATHER SERVICE JACKSON MS
514 PM CDT THU MAY 25 2017


...................................

...THE HATTIESBURG CLIMATE SUMMARY FOR MAY 25 2017...
VALID AS OF 0500 PM LOCAL TIME.

CLIMATE NORMAL PERIOD 1981 TO 2010
CLIMATE RECORD PERIOD 1948 TO 2017


WEATHER ITEM   OBSERVED TIME   RECORD YEAR NORMAL DEPARTURE LAST
                VALUE   (LST)  VALUE       VALUE  FROM      YEAR
                                                  NORMAL
..................................................................
TEMPERATURE (F)
 TODAY
  MAXIMUM         81    351 PM  96    1953  87     -6       89
  MINIMUM         52R   520 AM  52    1983  64    -12       61
                                      1979
  AVERAGE         67                        76     -9       75

PRECIPITATION (IN)
  TODAY            T             1.77 1997   0.17  -0.17     0.00
  MONTH TO DATE    5.80                      4.00   1.80     2.46
  SINCE MAR 1     17.82                     14.43   3.39    21.78
  SINCE JAN 1     29.42                     25.56   3.86    31.15

SNOWFALL (IN)
  TODAY            0.0

DEGREE DAYS
 HEATING
  TODAY            0                         0      0        0
  MONTH TO DATE   14                         5      9        4
  SINCE MAR 1    190                       305   -115      145
  SINCE JUL 1   1157                      1983   -826     1383

 COOLING
  TODAY            2                        11     -9       10
  MONTH TO DATE  159                       206    -47      172
  SINCE MAR 1    385                       331     54      352
  SINCE JAN 1    454                       346    108      377
..................................................................


WIND (MPH)
  HIGHEST WIND SPEED    16   HIGHEST WIND DIRECTION    NW (300)
  HIGHEST GUST SPEED    21   HIGHEST GUST DIRECTION    NW (310)
  AVERAGE WIND SPEED     5.8


SKY COVER
  POSSIBLE SUNSHINE  MM
  AVERAGE SKY COVER 0.0


WEATHER CONDITIONS
 THE FOLLOWING WEATHER WAS RECORDED TODAY.
  NO SIGNIFICANT WEATHER WAS OBSERVED.


RELATIVE HUMIDITY (PERCENT)
 HIGHEST    93           400 AM
 LOWEST     36           100 PM
 AVERAGE    65

..........................................................


THE HATTIESBURG CLIMATE NORMALS FOR TOMORROW
                         NORMAL    RECORD    YEAR
 MAXIMUM TEMPERATURE (F)   88        96      1996
 MINIMUM TEMPERATURE (F)   64        44      1979


SUNRISE AND SUNSET
MAY 25 2017...........SUNRISE   556 AM CDT   SUNSET   753 PM CDT
MAY 26 2017...........SUNRISE   555 AM CDT   SUNSET   753 PM CDT


-  INDICATES NEGATIVE NUMBERS.
R  INDICATES RECORD WAS SET OR TIED.
MM INDICATES DATA IS MISSING.
T  INDICATES TRACE AMOUNT.




$$
