866
CDUS44 KJAN 030642
CLIHBG


CLIMATE REPORT
NATIONAL WEATHER SERVICE JACKSON MS
1241 AM CST SAT DEC 3 2016


...................................

...THE HATTIESBURG CLIMATE SUMMARY FOR DECEMBER 2 2016...

CLIMATE NORMAL PERIOD 1981 TO 2010
CLIMATE RECORD PERIOD 1948 TO 2016


WEATHER ITEM   OBSERVED TIME   RECORD YEAR NORMAL DEPARTURE LAST
                VALUE   (LST)  VALUE       VALUE  FROM      YEAR
                                                  NORMAL
..................................................................
TEMPERATURE (F)
 YESTERDAY
  MAXIMUM         66    246 PM  84    2007  64      2       60
  MINIMUM         35    427 AM  22    1960  41     -6       46
  AVERAGE         51                        53     -2       53

PRECIPITATION (IN)
  YESTERDAY        T             1.50 1955   0.16  -0.16     0.20
  MONTH TO DATE    T                         0.31  -0.31     0.72
  SINCE DEC 1      T                         0.31  -0.31     0.72
  SINCE JAN 1     56.85                     54.57   2.28    52.23

SNOWFALL (IN)
  YESTERDAY        0.0

DEGREE DAYS
 HEATING
  YESTERDAY       14                        13      1       12
  MONTH TO DATE   30                        25      5       12
  SINCE DEC 1     30                        25      5       12
  SINCE JUL 1    226                       353   -127      190

 COOLING
  YESTERDAY        0                         1     -1        0
  MONTH TO DATE    0                         2     -2        3
  SINCE DEC 1      0                         2     -2        3
  SINCE JAN 1   2810                      2392    418     2857
..................................................................


WIND (MPH)
  HIGHEST WIND SPEED    13   HIGHEST WIND DIRECTION    NE (40)
  HIGHEST GUST SPEED    18   HIGHEST GUST DIRECTION     E (80)
  AVERAGE WIND SPEED     3.4


SKY COVER
  POSSIBLE SUNSHINE  MM
  AVERAGE SKY COVER 0.2


WEATHER CONDITIONS
 THE FOLLOWING WEATHER WAS RECORDED YESTERDAY.
  LIGHT RAIN


RELATIVE HUMIDITY (PERCENT)
 HIGHEST   100           100 AM
 LOWEST     24          1200 PM
 AVERAGE    62

..........................................................


THE HATTIESBURG CLIMATE NORMALS FOR TODAY
                         NORMAL    RECORD    YEAR
 MAXIMUM TEMPERATURE (F)   64        81      1991
 MINIMUM TEMPERATURE (F)   41        21      1960


SUNRISE AND SUNSET
DECEMBER  3 2016......SUNRISE   640 AM CST   SUNSET   454 PM CST
DECEMBER  4 2016......SUNRISE   641 AM CST   SUNSET   454 PM CST


-  INDICATES NEGATIVE NUMBERS.
R  INDICATES RECORD WAS SET OR TIED.
MM INDICATES DATA IS MISSING.
T  INDICATES TRACE AMOUNT.




$$
