000
CDUS41 KLWX 232125
CLIHGR


CLIMATE REPORT
NATIONAL WEATHER SERVICE BALTIMORE MD/WASHINGTON DC
525 PM EDT WED APR 23 2014


...................................

...THE HAGERSTOWN MD CLIMATE SUMMARY FOR APRIL 23 2014...
VALID TODAY AS OF 0500 PM LOCAL TIME.

CLIMATE NORMAL PERIOD 1981 TO 2010
CLIMATE RECORD PERIOD 9999 TO 9999


WEATHER ITEM   OBSERVED TIME   RECORD YEAR NORMAL DEPARTURE LAST
                VALUE   (LST)  VALUE       VALUE  FROM      YEAR
                                                  NORMAL
..................................................................
TEMPERATURE (F)
 TODAY
  MAXIMUM         53    330 PM  MM      MM  66    -13       59
  MINIMUM         43    211 AM  MM      MM  45     -2       35
  AVERAGE         48                        55     -7       47

PRECIPITATION (IN)
  TODAY            0.00         MM      MM   0.11  -0.11     0.00
  MONTH TO DATE    1.22                      2.80  -1.58     1.66
  SINCE MAR 1      2.89                      6.18  -3.29     3.24
  SINCE JAN 1      6.67                     11.41  -4.74     7.47

DEGREE DAYS
 HEATING
  TODAY           17                        10      7       18
  MONTH TO DATE  303                       317    -14      274
  SINCE MAR 1   1162                      1046    116     1079
  SINCE JUL 1   5177                      4949    228     4717

 COOLING
  TODAY            0                         1     -1        0
  MONTH TO DATE   10                         5      5       26
  SINCE MAR 1     10                         6      4       26
  SINCE JAN 1     10                         6      4       26
..................................................................


WIND (MPH)
  HIGHEST WIND SPEED    31   HIGHEST WIND DIRECTION    NW (300)
  HIGHEST GUST SPEED    38   HIGHEST GUST DIRECTION     W (290)
  AVERAGE WIND SPEED    16.9


SKY COVER
  POSSIBLE SUNSHINE  MM
  AVERAGE SKY COVER 0.7


WEATHER CONDITIONS
 THE FOLLOWING WEATHER WAS RECORDED TODAY.
  NO SIGNIFICANT WEATHER WAS OBSERVED.


RELATIVE HUMIDITY (PERCENT)
 HIGHEST    65           100 AM
 LOWEST     52           100 PM
 AVERAGE    59

..........................................................


THE HAGERSTOWN MD CLIMATE NORMALS FOR TOMORROW
                         NORMAL    RECORD    YEAR
 MAXIMUM TEMPERATURE (F)   66        MM        MM
 MINIMUM TEMPERATURE (F)   45        MM        MM


SUNRISE AND SUNSET
APRIL 23 2014.........SUNRISE   622 AM EDT   SUNSET   757 PM EDT
APRIL 24 2014.........SUNRISE   621 AM EDT   SUNSET   758 PM EDT


-  INDICATES NEGATIVE NUMBERS.
R  INDICATES RECORD WAS SET OR TIED.
MM INDICATES DATA IS MISSING.
T  INDICATES TRACE AMOUNT.




$$
