000
CDUS41 KLWX 092207
CLIHGR


CLIMATE REPORT
NATIONAL WEATHER SERVICE BALTIMORE MD/WASHINGTON DC
557 PM EDT WED JUL 9 2014


...................................

...THE HAGERSTOWN MD CLIMATE SUMMARY FOR JULY 9 2014...
VALID TODAY AS OF 0500 PM LOCAL TIME.

CLIMATE NORMAL PERIOD 1981 TO 2010
CLIMATE RECORD PERIOD 9999 TO 9999


WEATHER ITEM   OBSERVED TIME   RECORD YEAR NORMAL DEPARTURE LAST
                VALUE   (LST)  VALUE       VALUE  FROM      YEAR
                                                  NORMAL
..................................................................
TEMPERATURE (F)
 TODAY
  MAXIMUM         88    345 PM  MM      MM  85      3       83
  MINIMUM         68    333 AM  MM      MM  66      2       72
  AVERAGE         78                        76      2       78

PRECIPITATION (IN)
  TODAY            0.00         MM      MM   0.10  -0.10     0.12
  MONTH TO DATE    1.75                      0.83   0.92     1.09
  SINCE JUN 1      6.61                      4.71   1.90     5.02
  SINCE JAN 1     19.09                     20.91  -1.82    14.88

DEGREE DAYS
 HEATING
  TODAY            0                         0      0        0
  MONTH TO DATE    0                         0      0        0
  SINCE JUN 1      0                        18    -18        3
  SINCE JUL 1      0                         0      0        0

 COOLING
  TODAY           13                        11      2       13
  MONTH TO DATE  108                        92     16      130
  SINCE JUN 1    353                       301     52      370
  SINCE JAN 1    435                       377     58      487
..................................................................


WIND (MPH)
  HIGHEST WIND SPEED    16   HIGHEST WIND DIRECTION     W (280)
  HIGHEST GUST SPEED    21   HIGHEST GUST DIRECTION     W (290)
  AVERAGE WIND SPEED     6.9


SKY COVER
  POSSIBLE SUNSHINE  MM
  AVERAGE SKY COVER 0.2


WEATHER CONDITIONS
 THE FOLLOWING WEATHER WAS RECORDED TODAY.
  NO SIGNIFICANT WEATHER WAS OBSERVED.


RELATIVE HUMIDITY (PERCENT)
 HIGHEST    90           500 AM
 LOWEST     36           400 PM
 AVERAGE    63

..........................................................


THE HAGERSTOWN MD CLIMATE NORMALS FOR TOMORROW
                         NORMAL    RECORD    YEAR
 MAXIMUM TEMPERATURE (F)   86        MM        MM
 MINIMUM TEMPERATURE (F)   66        MM        MM


SUNRISE AND SUNSET
JULY  9 2014..........SUNRISE   551 AM EDT   SUNSET   841 PM EDT
JULY 10 2014..........SUNRISE   552 AM EDT   SUNSET   840 PM EDT


-  INDICATES NEGATIVE NUMBERS.
R  INDICATES RECORD WAS SET OR TIED.
MM INDICATES DATA IS MISSING.
T  INDICATES TRACE AMOUNT.




$$
