000
CDUS41 KLWX 250523
CLIHGR


CLIMATE REPORT
NATIONAL WEATHER SERVICE BALTIMORE MD/WASHINGTON DC
123 AM EDT SAT MAR 25 2017


...................................

...THE HAGERSTOWN MD CLIMATE SUMMARY FOR MARCH 24 2017...

CLIMATE NORMAL PERIOD 1981 TO 2010
CLIMATE RECORD PERIOD 9999 TO 9999


WEATHER ITEM   OBSERVED TIME   RECORD YEAR NORMAL DEPARTURE LAST
                VALUE   (LST)  VALUE       VALUE  FROM      YEAR
                                                  NORMAL
..................................................................
TEMPERATURE (F)
 YESTERDAY
  MAXIMUM         62    439 PM  MM      MM  54      8       78
  MINIMUM         36    827 AM  MM      MM  35      1       45
  AVERAGE         49                        44      5       62

PRECIPITATION (IN)
  YESTERDAY        0.11         MM      MM   0.12  -0.01     0.00
  MONTH TO DATE    1.62                      2.43  -0.81     1.16
  SINCE MAR 1      1.62                      2.43  -0.81     1.16
  SINCE JAN 1      5.72                      7.66  -1.94     6.53

DEGREE DAYS
 HEATING
  YESTERDAY       16                        21     -5        3
  MONTH TO DATE  621                       594     27      357
  SINCE MAR 1    621                       594     27      357
  SINCE JUL 1   3628                      4497   -869     3594

 COOLING
  YESTERDAY        0                         0      0        0
  MONTH TO DATE    0                         0      0        4
  SINCE MAR 1      0                         0      0        4
  SINCE JAN 1      1                         0      1        4
..................................................................


WIND (MPH)
  HIGHEST WIND SPEED    16   HIGHEST WIND DIRECTION     S (180)
  HIGHEST GUST SPEED    20   HIGHEST GUST DIRECTION    SW (230)
  AVERAGE WIND SPEED    10.3


SKY COVER
  POSSIBLE SUNSHINE  MM
  AVERAGE SKY COVER 0.2


WEATHER CONDITIONS
 THE FOLLOWING WEATHER WAS RECORDED YESTERDAY.
  LIGHT RAIN


RELATIVE HUMIDITY (PERCENT)
 HIGHEST    82           900 AM
 LOWEST     34          1200 AM
 AVERAGE    58

..........................................................


THE HAGERSTOWN MD CLIMATE NORMALS FOR TODAY
                         NORMAL    RECORD    YEAR
 MAXIMUM TEMPERATURE (F)   54        MM        MM
 MINIMUM TEMPERATURE (F)   35        MM        MM


SUNRISE AND SUNSET
MARCH 25 2017.........SUNRISE   706 AM EDT   SUNSET   728 PM EDT
MARCH 26 2017.........SUNRISE   704 AM EDT   SUNSET   729 PM EDT


-  INDICATES NEGATIVE NUMBERS.
R  INDICATES RECORD WAS SET OR TIED.
MM INDICATES DATA IS MISSING.
T  INDICATES TRACE AMOUNT.




$$
