000
CDUS41 KLWX 300527
CLIHGR


CLIMATE REPORT
NATIONAL WEATHER SERVICE BALTIMORE MD/WASHINGTON DC
125 AM EDT SUN APR 30 2017


...................................

...THE HAGERSTOWN MD CLIMATE SUMMARY FOR APRIL 29 2017...

CLIMATE NORMAL PERIOD 1981 TO 2010
CLIMATE RECORD PERIOD 9999 TO 9999


WEATHER ITEM   OBSERVED TIME   RECORD YEAR NORMAL DEPARTURE LAST
                VALUE   (LST)  VALUE       VALUE  FROM      YEAR
                                                  NORMAL
..................................................................
TEMPERATURE (F)
 YESTERDAY
  MAXIMUM         86    433 PM  MM      MM  68     18       53
  MINIMUM         65    457 AM  MM      MM  47     18       45
  AVERAGE         76                        57     19       49

PRECIPITATION (IN)
  YESTERDAY        0.13         MM      MM   0.10   0.03     0.03
  MONTH TO DATE    2.37                      3.45  -1.08     1.86
  SINCE MAR 1      5.20                      6.83  -1.63     3.48
  SINCE JAN 1      9.30                     12.06  -2.76     8.85

DEGREE DAYS
 HEATING
  YESTERDAY        0                         9     -9       16
  MONTH TO DATE  180                       373   -193      344
  SINCE MAR 1    877                      1102   -225      796
  SINCE JUL 1   3884                      5005  -1121     4033

 COOLING
  YESTERDAY       11                         1     10        0
  MONTH TO DATE   49                        11     38       12
  SINCE MAR 1     50                        12     38       16
  SINCE JAN 1     51                        12     39       16
..................................................................


WIND (MPH)
  HIGHEST WIND SPEED    21   HIGHEST WIND DIRECTION    NW (300)
  HIGHEST GUST SPEED    27   HIGHEST GUST DIRECTION    NW (300)
  AVERAGE WIND SPEED     7.2


SKY COVER
  POSSIBLE SUNSHINE  MM
  AVERAGE SKY COVER 0.3


WEATHER CONDITIONS
 THE FOLLOWING WEATHER WAS RECORDED YESTERDAY.
  THUNDERSTORM
  LIGHT RAIN
  FOG


RELATIVE HUMIDITY (PERCENT)
 HIGHEST   100           500 AM
 LOWEST     44           600 PM
 AVERAGE    72

..........................................................


THE HAGERSTOWN MD CLIMATE NORMALS FOR TODAY
                         NORMAL    RECORD    YEAR
 MAXIMUM TEMPERATURE (F)   68        MM        MM
 MINIMUM TEMPERATURE (F)   47        MM        MM


SUNRISE AND SUNSET
APRIL 30 2017.........SUNRISE   612 AM EDT   SUNSET   804 PM EDT
MAY  1 2017...........SUNRISE   611 AM EDT   SUNSET   805 PM EDT


-  INDICATES NEGATIVE NUMBERS.
R  INDICATES RECORD WAS SET OR TIED.
MM INDICATES DATA IS MISSING.
T  INDICATES TRACE AMOUNT.




$$
