000
CDUS41 KLWX 252125
CLIHGR


CLIMATE REPORT
NATIONAL WEATHER SERVICE BALTIMORE MD/WASHINGTON DC
425 PM EST THU DEC 25 2014


...................................

...THE HAGERSTOWN MD CLIMATE SUMMARY FOR DECEMBER 25 2014...
VALID TODAY AS OF 0400 PM LOCAL TIME.

CLIMATE NORMAL PERIOD 1981 TO 2010
CLIMATE RECORD PERIOD 9999 TO 9999


WEATHER ITEM   OBSERVED TIME   RECORD YEAR NORMAL DEPARTURE LAST
                VALUE   (LST)  VALUE       VALUE  FROM      YEAR
                                                  NORMAL
..................................................................
TEMPERATURE (F)
 TODAY
  MAXIMUM         52    110 AM  MM      MM  39     13       28
  MINIMUM         44    820 AM  MM      MM  24     20       15
  AVERAGE         48                        32     16       22

PRECIPITATION (IN)
  TODAY            0.08         MM      MM   0.09  -0.01     0.00
  MONTH TO DATE    2.99                      2.45   0.54     3.12
  SINCE DEC 1      2.99                      2.45   0.54     3.12
  SINCE JAN 1     36.33                     38.85  -2.52    33.05

DEGREE DAYS
 HEATING
  TODAY           17                        33    -16       43
  MONTH TO DATE  664                       757    -93      714
  SINCE DEC 1    664                       757    -93      714
  SINCE JUL 1   1617                      1762   -145     1776

 COOLING
  TODAY            0                         0      0        0
  MONTH TO DATE    0                         0      0        0
  SINCE DEC 1      0                         0      0        0
  SINCE JAN 1    941                       969    -28     1133
..................................................................


WIND (MPH)
  HIGHEST WIND SPEED    29   HIGHEST WIND DIRECTION     W (270)
  HIGHEST GUST SPEED    38   HIGHEST GUST DIRECTION     W (280)
  AVERAGE WIND SPEED    14.6


SKY COVER
  POSSIBLE SUNSHINE  MM
  AVERAGE SKY COVER 0.8


WEATHER CONDITIONS
 THE FOLLOWING WEATHER WAS RECORDED TODAY.
  LIGHT RAIN


RELATIVE HUMIDITY (PERCENT)
 HIGHEST    93          1200 AM
 LOWEST     46           100 PM
 AVERAGE    70

..........................................................


THE HAGERSTOWN MD CLIMATE NORMALS FOR TOMORROW
                         NORMAL    RECORD    YEAR
 MAXIMUM TEMPERATURE (F)   39        MM        MM
 MINIMUM TEMPERATURE (F)   24        MM        MM


SUNRISE AND SUNSET
DECEMBER 25 2014......SUNRISE   730 AM EST   SUNSET   452 PM EST
DECEMBER 26 2014......SUNRISE   730 AM EST   SUNSET   453 PM EST


-  INDICATES NEGATIVE NUMBERS.
R  INDICATES RECORD WAS SET OR TIED.
MM INDICATES DATA IS MISSING.
T  INDICATES TRACE AMOUNT.




$$
