241
CDUS41 KLWX 290529
CLIHGR


CLIMATE REPORT
NATIONAL WEATHER SERVICE BALTIMORE MD/WASHINGTON DC
128 AM EDT FRI APR 29 2016


...................................

...THE HAGERSTOWN MD CLIMATE SUMMARY FOR APRIL 28 2016...

CLIMATE NORMAL PERIOD 1981 TO 2010
CLIMATE RECORD PERIOD 9999 TO 9999


WEATHER ITEM   OBSERVED TIME   RECORD YEAR NORMAL DEPARTURE LAST
                VALUE   (LST)  VALUE       VALUE  FROM      YEAR
                                                  NORMAL
..................................................................
TEMPERATURE (F)
 YESTERDAY
  MAXIMUM         54    850 AM  MM      MM  67    -13       69
  MINIMUM         46   1159 PM  MM      MM  47     -1       44
  AVERAGE         50                        57     -7       57

PRECIPITATION (IN)
  YESTERDAY        0.20         MM      MM   0.11   0.09     0.00
  MONTH TO DATE    1.83                      3.35  -1.52     2.89
  SINCE MAR 1      3.45                      6.73  -3.28     5.19
  SINCE JAN 1      8.82                     11.96  -3.14     7.47

DEGREE DAYS
 HEATING
  YESTERDAY       15                         9      6        8
  MONTH TO DATE  328                       364    -36      280
  SINCE MAR 1    780                      1093   -313     1061
  SINCE JUL 1   4017                      4996   -979     5067

 COOLING
  YESTERDAY        0                         1     -1        0
  MONTH TO DATE   12                        10      2        2
  SINCE MAR 1     16                        11      5        2
  SINCE JAN 1     16                        11      5        2
..................................................................


WIND (MPH)
  HIGHEST WIND SPEED    13   HIGHEST WIND DIRECTION     E (70)
  HIGHEST GUST SPEED    17   HIGHEST GUST DIRECTION    SE (120)
  AVERAGE WIND SPEED     7.1


SKY COVER
  POSSIBLE SUNSHINE  MM
  AVERAGE SKY COVER 1.0


WEATHER CONDITIONS
 THE FOLLOWING WEATHER WAS RECORDED YESTERDAY.
  RAIN
  LIGHT RAIN
  FOG
  HAZE


RELATIVE HUMIDITY (PERCENT)
 HIGHEST    93           700 PM
 LOWEST     77           200 PM
 AVERAGE    85

..........................................................


THE HAGERSTOWN MD CLIMATE NORMALS FOR TODAY
                         NORMAL    RECORD    YEAR
 MAXIMUM TEMPERATURE (F)   68        MM        MM
 MINIMUM TEMPERATURE (F)   47        MM        MM


SUNRISE AND SUNSET
APRIL 29 2016.........SUNRISE   613 AM EDT   SUNSET   803 PM EDT
APRIL 30 2016.........SUNRISE   612 AM EDT   SUNSET   804 PM EDT


-  INDICATES NEGATIVE NUMBERS.
R  INDICATES RECORD WAS SET OR TIED.
MM INDICATES DATA IS MISSING.
T  INDICATES TRACE AMOUNT.




$$
