000
CDUS46 KPQR 281141
CLIHIO


CLIMATE REPORT
NATIONAL WEATHER SERVICE PORTLAND OREGON
441 AM PDT MON JUL 28 2014


...................................

...THE HILLSBORO OR CLIMATE SUMMARY FOR JULY 27 2014...

CLIMATE NORMAL PERIOD 1981 TO 2010
CLIMATE RECORD PERIOD 1929 TO 2014


WEATHER ITEM   OBSERVED TIME   RECORD YEAR NORMAL DEPARTURE LAST
                VALUE   (LST)  VALUE       VALUE  FROM      YEAR
                                                  NORMAL
..................................................................
TEMPERATURE (F)
 YESTERDAY
  MAXIMUM         90    436 PM 105    1998  82      8       81
  MINIMUM         51    520 AM  37    1930  52     -1       48
  AVERAGE         71                        67      4       65

PRECIPITATION (IN)
  YESTERDAY        0.00          0.23 1947   0.01  -0.01
  MONTH TO DATE    0.52                      0.49   0.03
  SINCE OCT 1     24.78                     37.77 -12.99
  SINCE JAN 1     20.10                     21.38  -1.28

SNOWFALL (IN)
  YESTERDAY        0.0
  MONTH TO DATE    0.0
  SINCE JUN 1      0.0
  SINCE JUL 1      0.0
  SNOW DEPTH       0

DEGREE DAYS
 HEATING
  YESTERDAY        0                         1     -1
  MONTH TO DATE    6                        50    -44
  SINCE JUL 1      6                        50    -44

 COOLING
  YESTERDAY        6                         3      3
  MONTH TO DATE  133                        63     70
  SINCE JAN 1    145                        89     56
..................................................................


WIND (MPH)
  HIGHEST WIND SPEED    12   HIGHEST WIND DIRECTION     W (290)
  HIGHEST GUST SPEED    14   HIGHEST GUST DIRECTION    NW (330)
  AVERAGE WIND SPEED     5.2


SKY COVER
  POSSIBLE SUNSHINE  MM
  AVERAGE SKY COVER 0.0


WEATHER CONDITIONS
 THE FOLLOWING WEATHER WAS RECORDED YESTERDAY.
  NO SIGNIFICANT WEATHER WAS OBSERVED.


RELATIVE HUMIDITY (PERCENT)
 HIGHEST    89           500 AM
 LOWEST     29           500 PM
 AVERAGE    59

..........................................................


THE HILLSBORO OR CLIMATE NORMALS FOR TODAY
                         NORMAL    RECORD    YEAR
 MAXIMUM TEMPERATURE (F)   82       105      2009
 MINIMUM TEMPERATURE (F)   52        42      1933


SUNRISE AND SUNSET
JULY 28 2014..........SUNRISE   551 AM PDT   SUNSET   845 PM PDT
JULY 29 2014..........SUNRISE   552 AM PDT   SUNSET   844 PM PDT


-  INDICATES NEGATIVE NUMBERS.
R  INDICATES RECORD WAS SET OR TIED.
MM INDICATES DATA IS MISSING.
T  INDICATES TRACE AMOUNT.




$$
