000
CDUS46 KPQR 212321
CLIHIO


CLIMATE REPORT
NATIONAL WEATHER SERVICE PORTLAND OREGON
421 PM PDT SAT OCT 21 2017


...................................

...THE HILLSBORO OR CLIMATE SUMMARY FOR OCTOBER 21 2017...
VALID TODAY AS OF 0400 PM LOCAL TIME.

CLIMATE NORMAL PERIOD 1981 TO 2010
CLIMATE RECORD PERIOD 1929 TO 2017


WEATHER ITEM   OBSERVED TIME   RECORD YEAR NORMAL DEPARTURE LAST
                VALUE   (LST)  VALUE       VALUE  FROM      YEAR
                                                  NORMAL
..................................................................
TEMPERATURE (F)
 TODAY
  MAXIMUM         48   1200 AM  80    2003  61    -13       61
  MINIMUM         48    200 AM  28    1949  39      9       46
  AVERAGE         48                        50     -2       54

PRECIPITATION (IN)
  TODAY            0.03                      0.13  -0.10     0.30
  MONTH TO DATE    1.65                      1.89  -0.24     7.13
  SINCE OCT 1      1.65                      1.89  -0.24     7.13
  SINCE JAN 1     30.73                     25.40   5.33    29.45

DEGREE DAYS
 HEATING
  TODAY           17                                        11
  MONTH TO DATE  288                                       214
  SINCE SEP 1    392                                       360
  SINCE JUL 1    408                                       404

 COOLING
  TODAY            0                                         0
  MONTH TO DATE    0                                         0
  SINCE SEP 1    102                                        10
  SINCE JAN 1    496                                       336
..................................................................


WIND (MPH)
  HIGHEST WIND SPEED    13   HIGHEST WIND DIRECTION     S (160)
  HIGHEST GUST SPEED    23   HIGHEST GUST DIRECTION     S (170)
  AVERAGE WIND SPEED    11.5


SKY COVER
  POSSIBLE SUNSHINE  MM
  AVERAGE SKY COVER 0.7


WEATHER CONDITIONS
 THE FOLLOWING WEATHER WAS RECORDED TODAY.
  LIGHT RAIN
  FOG


RELATIVE HUMIDITY (PERCENT)
 HIGHEST    86           100 AM
 LOWEST     86           100 AM
 AVERAGE    86

..........................................................


THE HILLSBORO OR CLIMATE NORMALS FOR TOMORROW
                         NORMAL    RECORD    YEAR
 MAXIMUM TEMPERATURE (F)   60        78      2013
 MINIMUM TEMPERATURE (F)   39        30      2008
                                             1980


SUNRISE AND SUNSET
OCTOBER 21 2017.......SUNRISE   737 AM PDT   SUNSET   615 PM PDT
OCTOBER 22 2017.......SUNRISE   738 AM PDT   SUNSET   614 PM PDT


-  INDICATES NEGATIVE NUMBERS.
R  INDICATES RECORD WAS SET OR TIED.
MM INDICATES DATA IS MISSING.
T  INDICATES TRACE AMOUNT.




$$
