000
CDUS46 KPQR 221141
CLIHIO


CLIMATE REPORT
NATIONAL WEATHER SERVICE PORTLAND OREGON
440 AM PDT MON SEP 22 2014


...................................

...THE HILLSBORO OR CLIMATE SUMMARY FOR SEPTEMBER 21 2014...

CLIMATE NORMAL PERIOD 1981 TO 2010
CLIMATE RECORD PERIOD 1929 TO 2014


WEATHER ITEM   OBSERVED TIME   RECORD YEAR NORMAL DEPARTURE LAST
                VALUE   (LST)  VALUE       VALUE  FROM      YEAR
                                                  NORMAL
..................................................................
TEMPERATURE (F)
 YESTERDAY
  MAXIMUM         86    410 PM  95    1994  73     13       66
  MINIMUM         53    621 AM  35    1955  45      8       53
  AVERAGE         70                        59     11       60

PRECIPITATION (IN)
  YESTERDAY        0.00          1.16 1972   0.05  -0.05
  MONTH TO DATE    0.01                      0.77  -0.76
  SINCE OCT 1     24.93                     39.23 -14.30
  SINCE JAN 1     20.25                     22.84  -2.59

SNOWFALL (IN)
  YESTERDAY        0.0
  MONTH TO DATE    0.0
  SINCE SEP 1      0.0
  SINCE JUL 1      0.0
  SNOW DEPTH       0

DEGREE DAYS
 HEATING
  YESTERDAY        0                         6     -6
  MONTH TO DATE   14                        86    -72
  SINCE JUL 1     23                       193   -170

 COOLING
  YESTERDAY        5                         0      5
  MONTH TO DATE   44                        16     28
  SINCE JAN 1    394                       194    200
..................................................................


WIND (MPH)
  HIGHEST WIND SPEED    15   HIGHEST WIND DIRECTION     W (290)
  HIGHEST GUST SPEED    19   HIGHEST GUST DIRECTION     W (290)
  AVERAGE WIND SPEED     3.4


SKY COVER
  POSSIBLE SUNSHINE  MM
  AVERAGE SKY COVER 0.0


WEATHER CONDITIONS
 THE FOLLOWING WEATHER WAS RECORDED YESTERDAY.
  HAZE


RELATIVE HUMIDITY (PERCENT)
 HIGHEST    86           600 AM
 LOWEST     32           400 PM
 AVERAGE    59

..........................................................


THE HILLSBORO OR CLIMATE NORMALS FOR TODAY
                         NORMAL    RECORD    YEAR
 MAXIMUM TEMPERATURE (F)   73        97      1952
 MINIMUM TEMPERATURE (F)   45        34      1961


SUNRISE AND SUNSET
SEPTEMBER 22 2014.....SUNRISE   659 AM PDT   SUNSET   709 PM PDT
SEPTEMBER 23 2014.....SUNRISE   700 AM PDT   SUNSET   707 PM PDT


-  INDICATES NEGATIVE NUMBERS.
R  INDICATES RECORD WAS SET OR TIED.
MM INDICATES DATA IS MISSING.
T  INDICATES TRACE AMOUNT.




$$
