000
CDUS46 KPQR 181141
CLIHIO


CLIMATE REPORT
NATIONAL WEATHER SERVICE PORTLAND OREGON
440 AM PDT FRI APR 18 2014


...................................

...THE HILLSBORO OR CLIMATE SUMMARY FOR APRIL 17 2014...

CLIMATE NORMAL PERIOD 1981 TO 2010
CLIMATE RECORD PERIOD 1929 TO 2014


WEATHER ITEM   OBSERVED TIME   RECORD YEAR NORMAL DEPARTURE LAST
                VALUE   (LST)  VALUE       VALUE  FROM      YEAR
                                                  NORMAL
..................................................................
TEMPERATURE (F)
 YESTERDAY
  MAXIMUM         55    602 PM  82    1939  61     -6       58
  MINIMUM         39   1131 PM  25    1964  39      0       32
  AVERAGE         47                        50     -3       45

PRECIPITATION (IN)
  YESTERDAY        0.37          0.58 1958   0.09   0.28
  MONTH TO DATE    1.28                      1.81  -0.53
  SINCE OCT 1     19.50                     32.40 -12.90
  SINCE JAN 1     14.82                     16.01  -1.19

SNOWFALL (IN)
  YESTERDAY       MM
  MONTH TO DATE    0.0
  SINCE MAR 1      0.0
  SINCE JUL 1      0.0
  SNOW DEPTH       0

DEGREE DAYS
 HEATING
  YESTERDAY       18                        15      3
  MONTH TO DATE  231                       271    -40
  SINCE JUL 1   4475                      4385     90

 COOLING
  YESTERDAY        0                         0      0
  MONTH TO DATE    0                         0      0
  SINCE JAN 1      0                         0      0
..................................................................


WIND (MPH)
  HIGHEST WIND SPEED    18   HIGHEST WIND DIRECTION     S (180)
  HIGHEST GUST SPEED    25   HIGHEST GUST DIRECTION     S (180)
  AVERAGE WIND SPEED     5.7


SKY COVER
  POSSIBLE SUNSHINE  MM
  AVERAGE SKY COVER 0.8


WEATHER CONDITIONS
 THE FOLLOWING WEATHER WAS RECORDED YESTERDAY.
  RAIN
  LIGHT RAIN
  FOG


RELATIVE HUMIDITY (PERCENT)
 HIGHEST    96          1000 AM
 LOWEST     77           500 PM
 AVERAGE    87

..........................................................


THE HILLSBORO OR CLIMATE NORMALS FOR TODAY
                         NORMAL    RECORD    YEAR
 MAXIMUM TEMPERATURE (F)   61        84      1934
 MINIMUM TEMPERATURE (F)   39        29      2011
                                             1964


SUNRISE AND SUNSET
APRIL 18 2014.........SUNRISE   621 AM PDT   SUNSET   802 PM PDT
APRIL 19 2014.........SUNRISE   619 AM PDT   SUNSET   803 PM PDT


-  INDICATES NEGATIVE NUMBERS.
R  INDICATES RECORD WAS SET OR TIED.
MM INDICATES DATA IS MISSING.
T  INDICATES TRACE AMOUNT.




$$
