000
CDUS46 KHNX 270823
CLIHJO


CLIMATE REPORT
NATIONAL WEATHER SERVICE SAN JOAQUIN VALLEY, CA
122 AM PDT MON MAR 27 2017


...................................

...THE HANFORD CA CLIMATE SUMMARY FOR MARCH 26 2017...

CLIMATE NORMAL PERIOD 1981 TO 2010
CLIMATE RECORD PERIOD 1998 TO 2017


WEATHER ITEM   OBSERVED TIME   RECORD YEAR NORMAL DEPARTURE
                VALUE   (LST)  VALUE       VALUE  FROM
                                                  NORMAL
...............................................................
TEMPERATURE (F)
 YESTERDAY
  MAXIMUM         68    359 PM  90    2015  70     -2
  MINIMUM         43    616 AM  39    2010  44     -1
                                      2005
  AVERAGE         56                        57     -1

PRECIPITATION (IN)
  YESTERDAY        0.00          0.10 2004   0.04  -0.04
  MONTH TO DATE    0.48                      1.43  -0.95
  SINCE OCT 1      9.58                      8.33   1.25
  SINCE JAN 1      6.71                      5.20   1.51

SNOWFALL (IN)
  YESTERDAY        0.0
  MONTH TO DATE    0.0
  SINCE MAR 1      0.0
  SINCE JUL 1      0.0
  SNOW DEPTH       0

DEGREE DAYS
 HEATING
  YESTERDAY        9
  MONTH TO DATE  208
  SINCE MAR 1    208
  SINCE JUL 1   1935

 COOLING
  YESTERDAY        0
  MONTH TO DATE    8
  SINCE MAR 1      8
  SINCE JAN 1      8
...............................................................


WIND (MPH)
  HIGHEST WIND SPEED    13   HIGHEST WIND DIRECTION    NW (320)
  HIGHEST GUST SPEED    16   HIGHEST GUST DIRECTION    NW (310)
  AVERAGE WIND SPEED     4.0




RELATIVE HUMIDITY (PERCENT)
 HIGHEST   100
 LOWEST     48
 AVERAGE    74

..........................................................


THE HANFORD CA CLIMATE NORMALS FOR TODAY
                         NORMAL    RECORD    YEAR
 MAXIMUM TEMPERATURE (F)   70        94      2015
 MINIMUM TEMPERATURE (F)   44        34      2010


SUNRISE AND SUNSET
MARCH 27 2017.........SUNRISE   651 AM PDT   SUNSET   717 PM PDT
MARCH 28 2017.........SUNRISE   650 AM PDT   SUNSET   717 PM PDT


-  INDICATES NEGATIVE NUMBERS.
R  INDICATES RECORD WAS SET OR TIED.
MM INDICATES DATA IS MISSING.
T  INDICATES TRACE AMOUNT.




$$
