000
CDUS46 KHNX 030822
CLIHJO


CLIMATE REPORT
NATIONAL WEATHER SERVICE SAN JOAQUIN VALLEY, CA
122 AM PDT TUE MAY 3 2016


...................................

...THE HANFORD CA CLIMATE SUMMARY FOR MAY 2 2016...

CLIMATE NORMAL PERIOD 1981 TO 2010
CLIMATE RECORD PERIOD 1998 TO 2016


WEATHER ITEM   OBSERVED TIME   RECORD YEAR NORMAL DEPARTURE
                VALUE   (LST)  VALUE       VALUE  FROM
                                                  NORMAL
...............................................................
TEMPERATURE (F)
 YESTERDAY
  MAXIMUM         89    330 PM  95    2014  80      9
                                      2004
  MINIMUM         54    523 AM  42    2008  51      3
  AVERAGE         72                        65      7

PRECIPITATION (IN)
  YESTERDAY        0.00          0.20 1998   0.02  -0.02
  MONTH TO DATE    T                         0.04  -0.04
  SINCE OCT 1      8.05                      9.36  -1.31
  SINCE JAN 1      5.45                      6.23  -0.78

SNOWFALL (IN)
  YESTERDAY        0.0
  MONTH TO DATE    0.0
  SINCE MAR 1      0.0
  SINCE JUL 1      0.0
  SNOW DEPTH       0

DEGREE DAYS
 HEATING
  YESTERDAY        0
  MONTH TO DATE    0
  SINCE MAR 1    266
  SINCE JUL 1   2156

 COOLING
  YESTERDAY        7
  MONTH TO DATE   10
  SINCE MAR 1     51
  SINCE JAN 1     51
...............................................................


WIND (MPH)
  HIGHEST WIND SPEED    14   HIGHEST WIND DIRECTION    NW (300)
  HIGHEST GUST SPEED    17   HIGHEST GUST DIRECTION    NW (310)
  AVERAGE WIND SPEED     4.7




RELATIVE HUMIDITY (PERCENT)
 HIGHEST    72
 LOWEST     18
 AVERAGE    45

..........................................................


THE HANFORD CA CLIMATE NORMALS FOR TODAY
                         NORMAL    RECORD    YEAR
 MAXIMUM TEMPERATURE (F)   80        99      2004
 MINIMUM TEMPERATURE (F)   51        47      2007


SUNRISE AND SUNSET
MAY  3 2016...........SUNRISE   603 AM PDT   SUNSET   749 PM PDT
MAY  4 2016...........SUNRISE   602 AM PDT   SUNSET   749 PM PDT


-  INDICATES NEGATIVE NUMBERS.
R  INDICATES RECORD WAS SET OR TIED.
MM INDICATES DATA IS MISSING.
T  INDICATES TRACE AMOUNT.




$$
