000
CDUS46 KHNX 260827
CLIHJO


CLIMATE REPORT
NATIONAL WEATHER SERVICE SAN JOAQUIN VALLEY, CA
125 AM PDT THU MAY 26 2016


...................................

...THE HANFORD CA CLIMATE SUMMARY FOR MAY 25 2016...

CLIMATE NORMAL PERIOD 1981 TO 2010
CLIMATE RECORD PERIOD 1998 TO 2016


WEATHER ITEM   OBSERVED TIME   RECORD YEAR NORMAL DEPARTURE
                VALUE   (LST)  VALUE       VALUE  FROM
                                                  NORMAL
...............................................................
TEMPERATURE (F)
 YESTERDAY
  MAXIMUM         80    419 PM  98    2001  86     -6
  MINIMUM         56    544 AM  45    2010  55      1
  AVERAGE         68                        71     -3

PRECIPITATION (IN)
  YESTERDAY        0.00          0.08 2008   0.01  -0.01
  MONTH TO DATE    0.17                      0.36  -0.19
  SINCE OCT 1      8.22                      9.68  -1.46
  SINCE JAN 1      5.62                      6.55  -0.93

SNOWFALL (IN)
  YESTERDAY        0.0
  MONTH TO DATE    0.0
  SINCE MAR 1      0.0
  SINCE JUL 1      0.0
  SNOW DEPTH       0

DEGREE DAYS
 HEATING
  YESTERDAY        0
  MONTH TO DATE   10
  SINCE MAR 1    276
  SINCE JUL 1   2166

 COOLING
  YESTERDAY        3
  MONTH TO DATE  127
  SINCE MAR 1    168
  SINCE JAN 1    168
...............................................................


WIND (MPH)
  HIGHEST WIND SPEED    17   HIGHEST WIND DIRECTION    NW (320)
  HIGHEST GUST SPEED    23   HIGHEST GUST DIRECTION    NE (60)
  AVERAGE WIND SPEED     8.0




RELATIVE HUMIDITY (PERCENT)
 HIGHEST    72
 LOWEST     28
 AVERAGE    50

..........................................................


THE HANFORD CA CLIMATE NORMALS FOR TODAY
                         NORMAL    RECORD    YEAR
 MAXIMUM TEMPERATURE (F)   87        97      2014
 MINIMUM TEMPERATURE (F)   55        44      2012


SUNRISE AND SUNSET
MAY 26 2016...........SUNRISE   545 AM PDT   SUNSET   807 PM PDT
MAY 27 2016...........SUNRISE   544 AM PDT   SUNSET   808 PM PDT


-  INDICATES NEGATIVE NUMBERS.
R  INDICATES RECORD WAS SET OR TIED.
MM INDICATES DATA IS MISSING.
T  INDICATES TRACE AMOUNT.




$$
