000
CDUS46 KHNX 170823
CLIHJO


CLIMATE REPORT
NATIONAL WEATHER SERVICE SAN JOAQUIN VALLEY, CA
123 AM PDT TUE OCT 17 2017


...................................

...THE HANFORD CA CLIMATE SUMMARY FOR OCTOBER 16 2017...

CLIMATE NORMAL PERIOD 1981 TO 2010
CLIMATE RECORD PERIOD 1998 TO 2017


WEATHER ITEM   OBSERVED TIME   RECORD YEAR NORMAL DEPARTURE
                VALUE   (LST)  VALUE       VALUE  FROM
                                                  NORMAL
...............................................................
TEMPERATURE (F)
 YESTERDAY
  MAXIMUM         85    305 PM  90    2001  79      6
  MINIMUM         42    629 AM  40    2008  48     -6
  AVERAGE         64                        64      0

PRECIPITATION (IN)
  YESTERDAY        0.00          0.04 2007   0.02  -0.02
  MONTH TO DATE    0.00                      0.15  -0.15
  SINCE OCT 1      0.00                      0.15  -0.15
  SINCE JAN 1      8.34                      7.12   1.22

SNOWFALL (IN)
  YESTERDAY        0.0
  MONTH TO DATE    0.0
  SINCE SEP 1      0.0
  SINCE JUL 1      0.0
  SNOW DEPTH       0

DEGREE DAYS
 HEATING
  YESTERDAY        1
  MONTH TO DATE   42
  SINCE SEP 1     49
  SINCE JUL 1     49

 COOLING
  YESTERDAY        0
  MONTH TO DATE    8
  SINCE SEP 1    332
  SINCE JAN 1   2149
...............................................................


WIND (MPH)
  HIGHEST WIND SPEED     7   HIGHEST WIND DIRECTION    NW (300)
  HIGHEST GUST SPEED     9   HIGHEST GUST DIRECTION     W (280)
  AVERAGE WIND SPEED     1.2




RELATIVE HUMIDITY (PERCENT)
 HIGHEST    96
 LOWEST     22
 AVERAGE    59

..........................................................


THE HANFORD CA CLIMATE NORMALS FOR TODAY
                         NORMAL    RECORD    YEAR
 MAXIMUM TEMPERATURE (F)   79        92      2008
 MINIMUM TEMPERATURE (F)   48        42      1998


SUNRISE AND SUNSET
OCTOBER 17 2017.......SUNRISE   708 AM PDT   SUNSET   619 PM PDT
OCTOBER 18 2017.......SUNRISE   709 AM PDT   SUNSET   618 PM PDT


-  INDICATES NEGATIVE NUMBERS.
R  INDICATES RECORD WAS SET OR TIED.
MM INDICATES DATA IS MISSING.
T  INDICATES TRACE AMOUNT.




$$
