781
CDUS46 KHNX 220821
CLIHJO


CLIMATE REPORT
NATIONAL WEATHER SERVICE SAN JOAQUIN VALLEY, CA
121 AM PDT FRI MAY 22 2015


...................................

...THE HANFORD CA CLIMATE SUMMARY FOR MAY 21 2015...

CLIMATE NORMAL PERIOD 1981 TO 2010
CLIMATE RECORD PERIOD 1998 TO 2015


WEATHER ITEM   OBSERVED TIME   RECORD YEAR NORMAL DEPARTURE
                VALUE   (LST)  VALUE       VALUE  FROM
                                                  NORMAL
...............................................................
TEMPERATURE (F)
 YESTERDAY
  MAXIMUM         72    225 PM 101    2001  85    -13
  MINIMUM         56    516 AM  47    2002  55      1
  AVERAGE         64                        70     -6

PRECIPITATION (IN)
  YESTERDAY        0.00          0.52 2006   0.01  -0.01
  MONTH TO DATE    0.07                      0.32  -0.25
  SINCE OCT 1      5.04                      9.64  -4.60
  SINCE JAN 1      1.92                      6.51  -4.59

SNOWFALL (IN)
  YESTERDAY        0.0
  MONTH TO DATE    0.0
  SINCE MAR 1      0.0
  SINCE JUL 1      0.0
  SNOW DEPTH       0

DEGREE DAYS
 HEATING
  YESTERDAY        1
  MONTH TO DATE   19
  SINCE MAR 1    169
  SINCE JUL 1   1711

 COOLING
  YESTERDAY        0
  MONTH TO DATE   64
  SINCE MAR 1    217
  SINCE JAN 1    217
...............................................................


WIND (MPH)
  HIGHEST WIND SPEED    15   HIGHEST WIND DIRECTION    NW (320)
  HIGHEST GUST SPEED    19   HIGHEST GUST DIRECTION    NW (330)
  AVERAGE WIND SPEED     6.1




RELATIVE HUMIDITY (PERCENT)
 HIGHEST    72
 LOWEST     44
 AVERAGE    58

..........................................................


THE HANFORD CA CLIMATE NORMALS FOR TODAY
                         NORMAL    RECORD    YEAR
 MAXIMUM TEMPERATURE (F)   86       102      2001
 MINIMUM TEMPERATURE (F)   55        47      2010


SUNRISE AND SUNSET
MAY 22 2015...........SUNRISE   547 AM PDT   SUNSET   804 PM PDT
MAY 23 2015...........SUNRISE   547 AM PDT   SUNSET   804 PM PDT


-  INDICATES NEGATIVE NUMBERS.
R  INDICATES RECORD WAS SET OR TIED.
MM INDICATES DATA IS MISSING.
T  INDICATES TRACE AMOUNT.




$$
