000
CDUS46 KHNX 010823
CLIHJO


CLIMATE REPORT
NATIONAL WEATHER SERVICE SAN JOAQUIN VALLEY, CA
122 AM PDT WED OCT 1 2014


...................................

...THE HANFORD CA CLIMATE SUMMARY FOR SEPTEMBER 30 2014...

CLIMATE NORMAL PERIOD 1981 TO 2010
CLIMATE RECORD PERIOD 1998 TO 2014


WEATHER ITEM   OBSERVED TIME   RECORD YEAR NORMAL DEPARTURE
                VALUE   (LST)  VALUE       VALUE  FROM
                                                  NORMAL
...............................................................
TEMPERATURE (F)
 YESTERDAY
  MAXIMUM         86    312 PM  99    2010  86      0
  MINIMUM         54    623 AM  41    2009  53      1
  AVERAGE         70                        69      1

PRECIPITATION (IN)
  YESTERDAY        0.00          0.00   MM   0.01  -0.01
  MONTH TO DATE    0.01                      0.17  -0.16
  SINCE JUL 1      0.01                      0.21  -0.20
  SINCE JAN 1      2.44                      6.97  -4.53

SNOWFALL (IN)
  YESTERDAY        0.0
  MONTH TO DATE    0.0
  SINCE SEP 1      0.0
  SINCE JUL 1      0.0
  SNOW DEPTH       0

DEGREE DAYS
 HEATING
  YESTERDAY        0
  MONTH TO DATE    0
  SINCE SEP 1      0
  SINCE JUL 1      0

 COOLING
  YESTERDAY        5
  MONTH TO DATE  389
  SINCE SEP 1    389
  SINCE JAN 1   2146
...............................................................


WIND (MPH)
  HIGHEST WIND SPEED    15   HIGHEST WIND DIRECTION    NW (310)
  HIGHEST GUST SPEED    20   HIGHEST GUST DIRECTION    NW (310)
  AVERAGE WIND SPEED     4.6




RELATIVE HUMIDITY (PERCENT)
 HIGHEST    83
 LOWEST     31
 AVERAGE    57

..........................................................


THE HANFORD CA CLIMATE NORMALS FOR TODAY
                         NORMAL    RECORD    YEAR
 MAXIMUM TEMPERATURE (F)   86        98      2012
 MINIMUM TEMPERATURE (F)   52        41      2009


SUNRISE AND SUNSET
OCTOBER  1 2014.......SUNRISE   654 AM PDT   SUNSET   642 PM PDT
OCTOBER  2 2014.......SUNRISE   655 AM PDT   SUNSET   640 PM PDT


-  INDICATES NEGATIVE NUMBERS.
R  INDICATES RECORD WAS SET OR TIED.
MM INDICATES DATA IS MISSING.
T  INDICATES TRACE AMOUNT.




$$
