000
CDUS46 KHNX 250821
CLIHJO


CLIMATE REPORT
NATIONAL WEATHER SERVICE SAN JOAQUIN VALLEY, CA
1221 AM PST SUN JAN 25 2015


...................................

...THE HANFORD CA CLIMATE SUMMARY FOR JANUARY 24 2015...

CLIMATE NORMAL PERIOD 1981 TO 2010
CLIMATE RECORD PERIOD 1998 TO 2015


WEATHER ITEM   OBSERVED TIME   RECORD YEAR NORMAL DEPARTURE
                VALUE   (LST)  VALUE       VALUE  FROM
                                                  NORMAL
...............................................................
TEMPERATURE (F)
 YESTERDAY
  MAXIMUM         46    446 PM  77    2014  56    -10
  MINIMUM         42   1157 PM  27    2007  37      5
  AVERAGE         44                        46     -2

PRECIPITATION (IN)
  YESTERDAY        0.00          0.87 1999   0.04  -0.04
  MONTH TO DATE    0.00                      1.81  -1.81
  SINCE OCT 1      3.12                      4.94  -1.82
  SINCE JAN 1      0.00                      1.81  -1.81

SNOWFALL (IN)
  YESTERDAY        0.0
  MONTH TO DATE    0.0
  SINCE DEC 1      0.0
  SINCE JUL 1      0.0
  SNOW DEPTH       0

DEGREE DAYS
 HEATING
  YESTERDAY       21
  MONTH TO DATE  434
  SINCE DEC 1    871
  SINCE JUL 1   1182

 COOLING
  YESTERDAY        0
  MONTH TO DATE    0
  SINCE DEC 1      0
  SINCE JAN 1      0
...............................................................


WIND (MPH)
  HIGHEST WIND SPEED     9   HIGHEST WIND DIRECTION    NE (50)
  HIGHEST GUST SPEED    12   HIGHEST GUST DIRECTION    NE (50)
  AVERAGE WIND SPEED     2.2




RELATIVE HUMIDITY (PERCENT)
 HIGHEST   100
 LOWEST     86
 AVERAGE    93

..........................................................


THE HANFORD CA CLIMATE NORMALS FOR TODAY
                         NORMAL    RECORD    YEAR
 MAXIMUM TEMPERATURE (F)   56        74      2014
 MINIMUM TEMPERATURE (F)   37        29      2007


SUNRISE AND SUNSET
JANUARY 25 2015.......SUNRISE   705 AM PST   SUNSET   517 PM PST
JANUARY 26 2015.......SUNRISE   704 AM PST   SUNSET   518 PM PST


-  INDICATES NEGATIVE NUMBERS.
R  INDICATES RECORD WAS SET OR TIED.
MM INDICATES DATA IS MISSING.
T  INDICATES TRACE AMOUNT.




$$
