000
CDUS43 KGLD 250748 RRA
CLIHLC

CLIMATE REPORT
NATIONAL WEATHER SERVICE GOODLAND
1243 AM MST SUN JAN 25 2015


...................................

...THE HILL CITY KS CLIMATE SUMMARY FOR JANUARY 24 2015...

CLIMATE NORMAL PERIOD 1981 TO 2010
CLIMATE RECORD PERIOD 1896 TO 2015


WEATHER ITEM   OBSERVED TIME   RECORD YEAR NORMAL DEPARTURE LAST
                VALUE   (LST)  VALUE       VALUE  FROM      YEAR
                                                  NORMAL
..................................................................
TEMPERATURE (F)
 YESTERDAY
  MAXIMUM         62    256 PM  72    1981  42     20       60
  MINIMUM         29    735 AM  -6    1957  17     12       11
  AVERAGE         46                        30     16       36

PRECIPITATION (IN)
  YESTERDAY        0.01                      0.02  -0.01     0.00
  MONTH TO DATE    0.02                      0.29  -0.27     0.03
  SINCE DEC 1      0.54                      0.98  -0.44     0.09
  SINCE JAN 1      0.02                      0.29  -0.27     0.03

..................................................................







THE HILL CITY KS CLIMATE NORMALS FOR TODAY
                         NORMAL    RECORD    YEAR
 MAXIMUM TEMPERATURE (F)   42        73      1968
 MINIMUM TEMPERATURE (F)   17        -9      1957



-  INDICATES NEGATIVE NUMBERS.
R  INDICATES RECORD WAS SET OR TIED.
MM INDICATES DATA IS MISSING.
T  INDICATES TRACE AMOUNT.




$$
