000
CDUS43 KGLD 230052 RRA
CLIHLC

CLIMATE REPORT
NATIONAL WEATHER SERVICE GOODLAND
548 PM MST THU FEB 22 2018


...................................

...THE HILL CITY KS CLIMATE SUMMARY FOR FEBRUARY 22 2018...
VALID TODAY AS OF 0500 PM LOCAL TIME.

CLIMATE NORMAL PERIOD 1981 TO 2010
CLIMATE RECORD PERIOD 1896 TO 2018


WEATHER ITEM   OBSERVED TIME   RECORD YEAR NORMAL DEPARTURE LAST
                VALUE   (LST)  VALUE       VALUE  FROM      YEAR
                                                  NORMAL
..................................................................
TEMPERATURE (F)
 TODAY
  MAXIMUM         27    357 PM  82    1982  48    -21       74
  MINIMUM         20    735 AM   4    2015  21     -1       37
  AVERAGE         24                        35    -11       56

PRECIPITATION (IN)
  TODAY            T                         0.02  -0.02     0.00
  MONTH TO DATE    0.06                      0.40  -0.34     0.01
  SINCE DEC 1      0.47                      1.54  -1.07     1.49
  SINCE JAN 1      0.44                      0.85  -0.41     1.07

..................................................................


THE HILL CITY KS CLIMATE NORMALS FOR TOMORROW
                         NORMAL    RECORD    YEAR
 MAXIMUM TEMPERATURE (F)   49        81      1918
 MINIMUM TEMPERATURE (F)   22        -5      2003


-  INDICATES NEGATIVE NUMBERS.
R  INDICATES RECORD WAS SET OR TIED.
MM INDICATES DATA IS MISSING.
T  INDICATES TRACE AMOUNT.

$$
