000
CDUS43 KGLD 260745
CLIHLC

CLIMATE REPORT
NATIONAL WEATHER SERVICE GOODLAND
1239 AM MST WED NOV 26 2014

...................................

...THE HILL CITY KS CLIMATE SUMMARY FOR NOVEMBER 25 2014...

CLIMATE NORMAL PERIOD 1981 TO 2010
CLIMATE RECORD PERIOD 1896 TO 2014


WEATHER ITEM   OBSERVED TIME   RECORD YEAR NORMAL DEPARTURE LAST
                VALUE   (LST)  VALUE       VALUE  FROM      YEAR
                                                  NORMAL
..................................................................
TEMPERATURE (F)
 YESTERDAY
  MAXIMUM         51    408 PM  78    1960  49      2       43
  MINIMUM         22    755 AM   5    1975  24     -2       26
  AVERAGE         37                        36      1       35

PRECIPITATION (IN)
  YESTERDAY        0.00                      0.03  -0.03     0.00
  MONTH TO DATE    0.02                      0.85  -0.83     0.69
  SINCE SEP 1      1.63                      4.25  -2.62     4.62
  SINCE JAN 1     21.45                     22.13  -0.68    17.56

..................................................................


THE HILL CITY KS CLIMATE NORMALS FOR TODAY
                         NORMAL    RECORD    YEAR
 MAXIMUM TEMPERATURE (F)   48        79      1914
 MINIMUM TEMPERATURE (F)   23        -1      1975
                                             1952



-  INDICATES NEGATIVE NUMBERS.
R  INDICATES RECORD WAS SET OR TIED.
MM INDICATES DATA IS MISSING.
T  INDICATES TRACE AMOUNT.

$$
