000
CDUS41 KPBZ 132229
CLIHLG


CLIMATE REPORT
NATIONAL WEATHER SERVICE PITTSBURGH PA
527 PM EST WED DEC 13 2017


...................................

...THE WHEELING CLIMATE SUMMARY FOR DECEMBER 13 2017...
VALID TODAY AS OF 0500 PM LOCAL TIME.

CLIMATE NORMAL PERIOD 1981 TO 2010
CLIMATE RECORD PERIOD 1878 TO 2017


WEATHER ITEM   OBSERVED TIME   RECORD YEAR NORMAL DEPARTURE LAST
                VALUE   (LST)  VALUE       VALUE  FROM      YEAR
                                                  NORMAL
..................................................................
TEMPERATURE (F)
 TODAY
  MAXIMUM         24   1246 PM  66    2015  40    -16       31
                                      1901
  MINIMUM         14    425 AM  -2    1937  27    -13       24
  AVERAGE         19                        33    -14       28

PRECIPITATION (IN)
  TODAY            0.02          1.15 1919   0.06  -0.04     0.21
  MONTH TO DATE    0.42                      1.00  -0.58     1.22
  SINCE JAN 1     44.34                     36.55   7.79    34.92

DEGREE DAYS
 HEATING
  TODAY           46                        32     14       37
  MONTH TO DATE  419                       385     34      422
  SINCE DEC 1    419                       385     34      422
  SINCE JUL 1   1411                      1513   -102     1221

 COOLING
  TODAY            0                         0      0        0
  MONTH TO DATE    0                         0      0        0
  SINCE DEC 1      0                         0      0        0
  SINCE JAN 1    757                       689     68     1209
..................................................................


WIND (MPH)
  HIGHEST WIND SPEED    18   HIGHEST WIND DIRECTION     W (270)
  HIGHEST GUST SPEED    27   HIGHEST GUST DIRECTION    SW (220)
  AVERAGE WIND SPEED    12.5


SKY COVER
  POSSIBLE SUNSHINE  MM
  AVERAGE SKY COVER 0.8


WEATHER CONDITIONS
 THE FOLLOWING WEATHER WAS RECORDED TODAY.
  SNOW
  LIGHT SNOW
  FOG


RELATIVE HUMIDITY (PERCENT)
 HIGHEST    84           400 PM
 LOWEST     53          1200 AM
 AVERAGE    69

..........................................................


THE WHEELING CLIMATE NORMALS FOR TOMORROW
                         NORMAL    RECORD    YEAR
 MAXIMUM TEMPERATURE (F)   40        67      2015
 MINIMUM TEMPERATURE (F)   26         2      1942


SUNRISE AND SUNSET
DECEMBER 13 2017......SUNRISE   737 AM EST   SUNSET   457 PM EST
DECEMBER 14 2017......SUNRISE   737 AM EST   SUNSET   457 PM EST


-  INDICATES NEGATIVE NUMBERS.
R  INDICATES RECORD WAS SET OR TIED.
MM INDICATES DATA IS MISSING.
T  INDICATES TRACE AMOUNT.




$$
