000
CDUS45 KTFX 250949
CLIHLN


CLIMATE REPORT
NATIONAL WEATHER SERVICE GREAT FALLS MT
348 AM MDT MON JUL 25 2016


...................................

...THE HELENA MT CLIMATE SUMMARY FOR JULY 24 2016...

CLIMATE NORMAL PERIOD 1981 TO 2010
CLIMATE RECORD PERIOD 1866 TO 2016


WEATHER ITEM   OBSERVED TIME   RECORD YEAR NORMAL DEPARTURE LAST
                VALUE   (LST)  VALUE       VALUE  FROM      YEAR
                                                  NORMAL
..................................................................
TEMPERATURE (F)
 YESTERDAY
  MAXIMUM         91    330 PM 100    1929  88      3       88
  MINIMUM         55    544 AM  40    1918  55      0       51
  AVERAGE         73                        72      1       70

PRECIPITATION (IN)
  YESTERDAY        0.00          0.56 1941   0.03  -0.03      T
  MONTH TO DATE    0.63                      0.95  -0.32     0.49
  SINCE OCT 1      6.83                      8.68  -1.85     7.33
  SINCE JAN 1      5.13                      7.11  -1.98     5.05

SNOWFALL (IN)
  YESTERDAY        0.0           0.0  1999   0.0    0.0      0.0
                                      1995
  MONTH TO DATE    0.0                       0.0    0.0      0.0
  SINCE JUN 1      T                         T      0.0      0.0
  SINCE JUL 1      0.0                       0.0    0.0      0.0
  SNOW DEPTH       0

DEGREE DAYS
 HEATING
  YESTERDAY        0                         0      0        0
  MONTH TO DATE   18                        26     -8        7
  SINCE JUN 1     72                       162    -90       39
  SINCE JUL 1     18                        26     -8        7

 COOLING
  YESTERDAY        8                         7      1        5
  MONTH TO DATE  134                       136     -2      150
  SINCE JUN 1    240                       185     55      327
  SINCE JAN 1    240                       193     47      327
..................................................................


WIND (MPH)
  HIGHEST WIND SPEED    16   HIGHEST WIND DIRECTION     E (80)
  HIGHEST GUST SPEED    21   HIGHEST GUST DIRECTION     E (80)
  AVERAGE WIND SPEED     3.9


SKY COVER
  AVERAGE SKY COVER 0.0


WEATHER CONDITIONS
 THE FOLLOWING WEATHER WAS RECORDED YESTERDAY.
  NO SIGNIFICANT WEATHER WAS OBSERVED.


RELATIVE HUMIDITY (PERCENT)
 HIGHEST    51           400 AM
 LOWEST     14           300 PM
 AVERAGE    33

..........................................................


THE HELENA MT CLIMATE NORMALS FOR TODAY
                         NORMAL    RECORD    YEAR
 MAXIMUM TEMPERATURE (F)   88        99      1933
 MINIMUM TEMPERATURE (F)   55        44      1918


SUNRISE AND SUNSET
JULY 25 2016..........SUNRISE   601 AM MDT   SUNSET   907 PM MDT
JULY 26 2016..........SUNRISE   602 AM MDT   SUNSET   906 PM MDT


-  INDICATES NEGATIVE NUMBERS.
R  INDICATES RECORD WAS SET OR TIED.
MM INDICATES DATA IS MISSING.
T  INDICATES TRACE AMOUNT.




$$
