000
CDHW40 PHFO 300250
CLIHNL


CLIMATE REPORT
NATIONAL WEATHER SERVICE HONOLULU HI
440 PM HST MON JUN 29 2015


...................................

...THE HONOLULU HI CLIMATE SUMMARY FOR JUNE 29 2015...
VALID TODAY AS OF 0400 PM LOCAL TIME.

CLIMATE NORMAL PERIOD 1981 TO 2010
CLIMATE RECORD PERIOD 1946 TO 2015


WEATHER ITEM   OBSERVED TIME   RECORD YEAR NORMAL DEPARTURE LAST
                VALUE   (LST)  VALUE       VALUE  FROM      YEAR
                                                  NORMAL
..................................................................
TEMPERATURE (F)
 TODAY
  MAXIMUM         87    316 PM  90    2005  88     -1       89
                                      1996
                                      1995
  MINIMUM         73    555 AM  68    1974  74     -1       74
                                      1951
  AVERAGE         80                        81     -1       82

PRECIPITATION (IN)
  TODAY            0.00          0.74 1974   0.01  -0.01     0.01
  MONTH TO DATE    0.23                      0.25  -0.02     0.58
  SINCE JUN 1      0.23                      0.25  -0.02     0.58
  SINCE JAN 1      3.22                      7.82  -4.60    10.55

SNOWFALL (IN)
  TODAY            0.0
  MONTH TO DATE    0.0
  SINCE JUN 1      0.0
  SINCE JUL 1      0.0
  SNOW DEPTH       0

DEGREE DAYS
 HEATING
  TODAY            0                         0      0        0
  MONTH TO DATE    0                         0      0        0
  SINCE JUN 1      0                         0      0        0
  SINCE JUL 1      0                         0      0        0

 COOLING
  TODAY           15                        16     -1       17
  MONTH TO DATE  465                       442     23      447
  SINCE JUN 1    465                       442     23      447
  SINCE JAN 1   1940                      1944     -4     2056
..................................................................


WIND (MPH)
  HIGHEST WIND SPEED    13   HIGHEST WIND DIRECTION    SW (210)
  HIGHEST GUST SPEED    17   HIGHEST GUST DIRECTION    SE (140)
  AVERAGE WIND SPEED     6.1


SKY COVER
  POSSIBLE SUNSHINE  MM
  AVERAGE SKY COVER 0.5


WEATHER CONDITIONS
 THE FOLLOWING WEATHER WAS RECORDED TODAY.
  NO SIGNIFICANT WEATHER WAS OBSERVED.


RELATIVE HUMIDITY (PERCENT)
 HIGHEST    94          1200 AM
 LOWEST     61          1000 AM
 AVERAGE    78

..........................................................


THE HONOLULU HI CLIMATE NORMALS FOR TOMORROW
                         NORMAL    RECORD    YEAR
 MAXIMUM TEMPERATURE (F)   88        90      1995
                                             1992
                                             1988
 MINIMUM TEMPERATURE (F)   74        68      1950
                                             1979
                                             1971


SUNRISE AND SUNSET
JUNE 29 2015..........SUNRISE   553 AM HST   SUNSET   718 PM HST
JUNE 30 2015..........SUNRISE   553 AM HST   SUNSET   718 PM HST


-  INDICATES NEGATIVE NUMBERS.
R  INDICATES RECORD WAS SET OR TIED.
MM INDICATES DATA IS MISSING.
T  INDICATES TRACE AMOUNT.




$$
