000
CDHW40 PHFO 221245
CLIHNL


CLIMATE REPORT
NATIONAL WEATHER SERVICE HONOLULU HI
245 AM HST MON MAY 22 2017


...................................

...THE HONOLULU HI CLIMATE SUMMARY FOR MAY 21 2017...

CLIMATE NORMAL PERIOD 1981 TO 2010
CLIMATE RECORD PERIOD 1946 TO 2017


WEATHER ITEM   OBSERVED TIME   RECORD YEAR NORMAL DEPARTURE LAST
                VALUE   (LST)  VALUE       VALUE  FROM      YEAR
                                                  NORMAL
..................................................................
TEMPERATURE (F)
 YESTERDAY
  MAXIMUM         86    334 PM  89    2004  85      1       86
  MINIMUM         67    605 AM  64    1997  71     -4       74
                                      1985
  AVERAGE         77                        78     -1       80

PRECIPITATION (IN)
  YESTERDAY        0.00          0.72 1978   0.02  -0.02      T
  MONTH TO DATE    0.09                      0.46  -0.37     0.05
  SINCE MAR 1      5.89                      3.11   2.78     0.49
  SINCE JAN 1     13.22                      7.41   5.81     0.92

SNOWFALL (IN)
  YESTERDAY        0.0
  MONTH TO DATE    0.0
  SINCE MAR 1      0.0
  SINCE JUL 1      0.0
  SNOW DEPTH      MM

DEGREE DAYS
 HEATING
  YESTERDAY        0                         0      0        0
  MONTH TO DATE    0                         0      0        0
  SINCE MAR 1      0                         0      0        0
  SINCE JUL 1      0                         0      0        0

 COOLING
  YESTERDAY       12                        13     -1       15
  MONTH TO DATE  294                       259     35      300
  SINCE MAR 1   1044                       884    160      998
  SINCE JAN 1   1571                      1366    205     1580
..................................................................


WIND (MPH)
  HIGHEST WIND SPEED    21   HIGHEST WIND DIRECTION    NE (60)
  HIGHEST GUST SPEED    25   HIGHEST GUST DIRECTION    NE (40)
  AVERAGE WIND SPEED     8.5


SKY COVER
  POSSIBLE SUNSHINE  MM
  AVERAGE SKY COVER  MM


WEATHER CONDITIONS
 THE FOLLOWING WEATHER WAS RECORDED YESTERDAY.
  NO SIGNIFICANT WEATHER WAS OBSERVED.


RELATIVE HUMIDITY (PERCENT)
 HIGHEST    MM
 LOWEST     MM
 AVERAGE    MM

..........................................................


THE HONOLULU HI CLIMATE NORMALS FOR TODAY
                         NORMAL    RECORD    YEAR
 MAXIMUM TEMPERATURE (F)   85        91      1996
 MINIMUM TEMPERATURE (F)   71        64      1983


SUNRISE AND SUNSET
MAY 22 2017...........SUNRISE   551 AM HST   SUNSET   706 PM HST
MAY 23 2017...........SUNRISE   551 AM HST   SUNSET   707 PM HST


-  INDICATES NEGATIVE NUMBERS.
R  INDICATES RECORD WAS SET OR TIED.
MM INDICATES DATA IS MISSING.
T  INDICATES TRACE AMOUNT.




$$
