000
CDHW40 PHFO 301245
CLIHNL


CLIMATE REPORT
NATIONAL WEATHER SERVICE HONOLULU HI
245 AM HST FRI SEP 30 2016


...................................

...THE HONOLULU HI CLIMATE SUMMARY FOR SEPTEMBER 29 2016...

CLIMATE NORMAL PERIOD 1981 TO 2010
CLIMATE RECORD PERIOD 1946 TO 2016


WEATHER ITEM   OBSERVED TIME   RECORD YEAR NORMAL DEPARTURE LAST
                VALUE   (LST)  VALUE       VALUE  FROM      YEAR
                                                  NORMAL
..................................................................
TEMPERATURE (F)
 YESTERDAY
  MAXIMUM         84    248 PM  93    1993  88     -4       87
  MINIMUM         74    459 AM  66    1975  74      0       77
  AVERAGE         79                        81     -2       82

PRECIPITATION (IN)
  YESTERDAY        T             0.46 1960   0.03  -0.03     0.01
  MONTH TO DATE    2.92                      0.67   2.25     4.48
  SINCE SEP 1      2.92                      0.67   2.25     4.48
  SINCE JAN 1     11.44                      9.57   1.87    10.11

SNOWFALL (IN)
  YESTERDAY        0.0
  MONTH TO DATE    0.0
  SINCE SEP 1      0.0
  SINCE JUL 1      0.0
  SNOW DEPTH       0

DEGREE DAYS
 HEATING
  YESTERDAY        0                         0      0        0
  MONTH TO DATE    0                         0      0        0
  SINCE SEP 1      0                         0      0        0
  SINCE JUL 1      0                         0      0        0

 COOLING
  YESTERDAY       14                        16     -2       17
  MONTH TO DATE  457                       480    -23      538
  SINCE SEP 1    457                       480    -23      538
  SINCE JAN 1   3572                      3464    108     3439
..................................................................


WIND (MPH)
  HIGHEST WIND SPEED    23   HIGHEST WIND DIRECTION    NE (60)
  HIGHEST GUST SPEED    29   HIGHEST GUST DIRECTION    NE (60)
  AVERAGE WIND SPEED    12.8


SKY COVER
  POSSIBLE SUNSHINE  MM
  AVERAGE SKY COVER 0.6


WEATHER CONDITIONS
 THE FOLLOWING WEATHER WAS RECORDED YESTERDAY.
  NO SIGNIFICANT WEATHER WAS OBSERVED.


RELATIVE HUMIDITY (PERCENT)
 HIGHEST    87           100 AM
 LOWEST     58          1100 AM
 AVERAGE    73

..........................................................


THE HONOLULU HI CLIMATE NORMALS FOR TODAY
                         NORMAL    RECORD    YEAR
 MAXIMUM TEMPERATURE (F)   88        92      1988
 MINIMUM TEMPERATURE (F)   74        67      1981


SUNRISE AND SUNSET
SEPTEMBER 30 2016.....SUNRISE   623 AM HST   SUNSET   620 PM HST
OCTOBER  1 2016.......SUNRISE   623 AM HST   SUNSET   619 PM HST


-  INDICATES NEGATIVE NUMBERS.
R  INDICATES RECORD WAS SET OR TIED.
MM INDICATES DATA IS MISSING.
T  INDICATES TRACE AMOUNT.




$$
