000
CDHW40 PHFO 091245
CLIHNL


CLIMATE REPORT
NATIONAL WEATHER SERVICE HONOLULU HI
245 AM HST WED JUL 9 2014


...................................

...THE HONOLULU HI CLIMATE SUMMARY FOR JULY 8 2014...

CLIMATE NORMAL PERIOD 1981 TO 2010
CLIMATE RECORD PERIOD 1946 TO 2014


WEATHER ITEM   OBSERVED TIME   RECORD YEAR NORMAL DEPARTURE LAST
                VALUE   (LST)  VALUE       VALUE  FROM      YEAR
                                                  NORMAL
..................................................................
TEMPERATURE (F)
 YESTERDAY
  MAXIMUM         89    135 PM  91    1995  88      1       88
                                      1990
  MINIMUM         76    628 AM  69    1990  74      2       74
  AVERAGE         83                        81      2       81

PRECIPITATION (IN)
  YESTERDAY        T             0.46 1965   0.01  -0.01      T
  MONTH TO DATE    0.06                      0.09  -0.03     0.02
  SINCE JUN 1      0.64                      0.35   0.29     0.19
  SINCE JAN 1     10.61                      7.92   2.69     8.65

SNOWFALL (IN)
  YESTERDAY        0.0
  MONTH TO DATE    0.0
  SINCE JUN 1      0.0
  SINCE JUL 1      0.0
  SNOW DEPTH       0

DEGREE DAYS
 HEATING
  YESTERDAY        0                         0      0        0
  MONTH TO DATE    0                         0      0        0
  SINCE JUN 1      0                         0      0        0
  SINCE JUL 1      0                         0      0        0

 COOLING
  YESTERDAY       18                        16      2       16
  MONTH TO DATE  135                       128      7      111
  SINCE JUN 1    598                       584     14      520
  SINCE JAN 1   2207                      2086    121     1980
..................................................................


WIND (MPH)
  HIGHEST WIND SPEED    20   HIGHEST WIND DIRECTION    NE (60)
  HIGHEST GUST SPEED    28   HIGHEST GUST DIRECTION    NE (30)
  AVERAGE WIND SPEED    11.8


SKY COVER
  POSSIBLE SUNSHINE  MM
  AVERAGE SKY COVER 0.4


WEATHER CONDITIONS
 THE FOLLOWING WEATHER WAS RECORDED YESTERDAY.
  HAZE


RELATIVE HUMIDITY (PERCENT)
 HIGHEST    74          1000 PM
 LOWEST     43           100 PM
 AVERAGE    59

..........................................................


THE HONOLULU HI CLIMATE NORMALS FOR TODAY
                         NORMAL    RECORD    YEAR
 MAXIMUM TEMPERATURE (F)   88        91      1996
                                             1995
                                             1989
 MINIMUM TEMPERATURE (F)   74        68      1956


SUNRISE AND SUNSET
JULY  9 2014..........SUNRISE   556 AM HST   SUNSET   718 PM HST
JULY 10 2014..........SUNRISE   557 AM HST   SUNSET   718 PM HST


-  INDICATES NEGATIVE NUMBERS.
R  INDICATES RECORD WAS SET OR TIED.
MM INDICATES DATA IS MISSING.
T  INDICATES TRACE AMOUNT.




$$
