475
CDHW40 PHFO 111245
CLIHNL


CLIMATE REPORT
NATIONAL WEATHER SERVICE HONOLULU HI
245 AM HST THU FEB 11 2016


...................................

...THE HONOLULU HI CLIMATE SUMMARY FOR FEBRUARY 10 2016...

CLIMATE NORMAL PERIOD 1981 TO 2010
CLIMATE RECORD PERIOD 1946 TO 2016


WEATHER ITEM   OBSERVED TIME   RECORD YEAR NORMAL DEPARTURE LAST
                VALUE   (LST)  VALUE       VALUE  FROM      YEAR
                                                  NORMAL
..................................................................
TEMPERATURE (F)
 YESTERDAY
  MAXIMUM         79    359 PM  85    1958  80     -1       82
  MINIMUM         63    722 AM  59    1981  66     -3       71
                                      1948
  AVERAGE         71                        73     -2       77

PRECIPITATION (IN)
  YESTERDAY        0.00          0.88 1956   0.06  -0.06     0.06
  MONTH TO DATE    0.08                      0.63  -0.55     0.21
  SINCE DEC 1      0.38                      6.18  -5.80     2.22
  SINCE JAN 1      0.11                      2.94  -2.83     1.15

SNOWFALL (IN)
  YESTERDAY        0.0
  MONTH TO DATE    0.0
  SINCE DEC 1      0.0
  SINCE JUL 1      0.0
  SNOW DEPTH       0

DEGREE DAYS
 HEATING
  YESTERDAY        0                         0      0        0
  MONTH TO DATE    0                         0      0        0
  SINCE DEC 1      0                         0      0        0
  SINCE JUL 1      0                         0      0        0

 COOLING
  YESTERDAY        6                         8     -2       12
  MONTH TO DATE   91                        80     11      104
  SINCE DEC 1    790                       636    154      617
  SINCE JAN 1    384                       334     50      333
..................................................................


WIND (MPH)
  HIGHEST WIND SPEED    13   HIGHEST WIND DIRECTION    SE (140)
  HIGHEST GUST SPEED    15   HIGHEST GUST DIRECTION    SW (210)
  AVERAGE WIND SPEED     5.5


SKY COVER
  POSSIBLE SUNSHINE  MM
  AVERAGE SKY COVER 0.3


WEATHER CONDITIONS
 THE FOLLOWING WEATHER WAS RECORDED YESTERDAY.
  NO SIGNIFICANT WEATHER WAS OBSERVED.


RELATIVE HUMIDITY (PERCENT)
 HIGHEST    87           400 AM
 LOWEST     50          1100 AM
 AVERAGE    69

..........................................................


THE HONOLULU HI CLIMATE NORMALS FOR TODAY
                         NORMAL    RECORD    YEAR
 MAXIMUM TEMPERATURE (F)   80        88      1984
 MINIMUM TEMPERATURE (F)   66        56      1983


SUNRISE AND SUNSET
FEBRUARY 11 2016......SUNRISE   705 AM HST   SUNSET   627 PM HST
FEBRUARY 12 2016......SUNRISE   704 AM HST   SUNSET   628 PM HST


-  INDICATES NEGATIVE NUMBERS.
R  INDICATES RECORD WAS SET OR TIED.
MM INDICATES DATA IS MISSING.
T  INDICATES TRACE AMOUNT.




$$
