000
CDHW40 PHFO 281245
CLIHNL


CLIMATE REPORT
NATIONAL WEATHER SERVICE HONOLULU HI
245 AM HST THU MAY 28 2015


...................................

...THE HONOLULU HI CLIMATE SUMMARY FOR MAY 27 2015...

CLIMATE NORMAL PERIOD 1981 TO 2010
CLIMATE RECORD PERIOD 1946 TO 2015


WEATHER ITEM   OBSERVED TIME   RECORD YEAR NORMAL DEPARTURE LAST
                VALUE   (LST)  VALUE       VALUE  FROM      YEAR
                                                  NORMAL
..................................................................
TEMPERATURE (F)
 YESTERDAY
  MAXIMUM         83    241 PM  89    2005  86     -3       86
                                      1996
                                      1995
  MINIMUM         69    601 AM  65    1973  72     -3       73
  AVERAGE         76                        79     -3       80

PRECIPITATION (IN)
  YESTERDAY        0.00          0.41 1955   0.01  -0.01      T
  MONTH TO DATE    0.15                      0.56  -0.41     3.34
  SINCE MAR 1      1.14                      3.21  -2.07     6.28
  SINCE JAN 1      2.94                      7.51  -4.57     9.96

SNOWFALL (IN)
  YESTERDAY        0.0
  MONTH TO DATE    0.0
  SINCE MAR 1      0.0
  SINCE JUL 1      0.0
  SNOW DEPTH       0

DEGREE DAYS
 HEATING
  YESTERDAY        0                         0      0        0
  MONTH TO DATE    0                         0      0        0
  SINCE MAR 1      0                         0      0        0
  SINCE JUL 1      0                         0      0        0

 COOLING
  YESTERDAY       11                        14     -3       15
  MONTH TO DATE  296                       340    -44      353
  SINCE MAR 1    912                       965    -53     1028
  SINCE JAN 1   1422                      1447    -25     1547
..................................................................


WIND (MPH)
  HIGHEST WIND SPEED    15   HIGHEST WIND DIRECTION    SW (230)
  HIGHEST GUST SPEED    21   HIGHEST GUST DIRECTION    NE (30)
  AVERAGE WIND SPEED     6.2


SKY COVER
  POSSIBLE SUNSHINE  MM
  AVERAGE SKY COVER 0.5


WEATHER CONDITIONS
 THE FOLLOWING WEATHER WAS RECORDED YESTERDAY.
  NO SIGNIFICANT WEATHER WAS OBSERVED.


RELATIVE HUMIDITY (PERCENT)
 HIGHEST    78           500 AM
 LOWEST     54           900 AM
 AVERAGE    66

..........................................................


THE HONOLULU HI CLIMATE NORMALS FOR TODAY
                         NORMAL    RECORD    YEAR
 MAXIMUM TEMPERATURE (F)   86        90      2005
 MINIMUM TEMPERATURE (F)   72        65      1964


SUNRISE AND SUNSET
MAY 28 2015...........SUNRISE   550 AM HST   SUNSET   708 PM HST
MAY 29 2015...........SUNRISE   550 AM HST   SUNSET   709 PM HST


-  INDICATES NEGATIVE NUMBERS.
R  INDICATES RECORD WAS SET OR TIED.
MM INDICATES DATA IS MISSING.
T  INDICATES TRACE AMOUNT.




$$
