000
CDUS43 KFSD 022227
CLIHON


CLIMATE REPORT
NATIONAL WEATHER SERVICE SIOUX FALLS SD
526 PM CDT TUE SEP 2 2014


...................................

...THE HURON SD CLIMATE SUMMARY FOR SEPTEMBER 2 2014...
VALID TODAY AS OF 0500 PM LOCAL TIME.

CLIMATE NORMAL PERIOD 1981 TO 2010
CLIMATE RECORD PERIOD 1881 TO 2014


WEATHER ITEM   OBSERVED TIME   RECORD YEAR NORMAL DEPARTURE LAST
                VALUE   (LST)  VALUE       VALUE  FROM      YEAR
                                                  NORMAL
..................................................................
TEMPERATURE (F)
 TODAY
  MAXIMUM         80    359 PM 104    1983  80      0       81
                                      1929
  MINIMUM         50    622 AM  37    1893  55     -5       45
  AVERAGE         65                        68     -3       63

PRECIPITATION (IN)
  TODAY            0.00          1.12 1962   0.08  -0.08     0.00
  MONTH TO DATE    0.05                      0.16  -0.11     0.00
  SINCE SEP 1      0.05                      0.16  -0.11     0.00
  SINCE JAN 1     13.61                     17.42  -3.81    17.20

SNOWFALL (IN)
  TODAY            0.0           0.0    MM   0.0    0.0      0.0
  MONTH TO DATE    0.0                       0.0    0.0      0.0
  SINCE SEP 1      0.0                       0.0    0.0      0.0
  SINCE JUL 1      0.0                       0.0    0.0      0.0
  SNOW DEPTH       0

DEGREE DAYS
 HEATING
  TODAY            0                         2     -2        2
  MONTH TO DATE    0                         4     -4        2
  SINCE SEP 1      0                         4     -4        2
  SINCE JUL 1     33                        33      0       24

 COOLING
  TODAY            0                         5     -5        0
  MONTH TO DATE    2                        10     -8        0
  SINCE SEP 1      2                        10     -8        0
  SINCE JAN 1    525                       679   -154      688
..................................................................


WIND (MPH)
  HIGHEST WIND SPEED    15   HIGHEST WIND DIRECTION     S (200)
  HIGHEST GUST SPEED    21   HIGHEST GUST DIRECTION    SW (210)
  AVERAGE WIND SPEED     6.4


SKY COVER
  POSSIBLE SUNSHINE  MM
  AVERAGE SKY COVER 0.0


WEATHER CONDITIONS
 THE FOLLOWING WEATHER WAS RECORDED TODAY.
  FOG


RELATIVE HUMIDITY (PERCENT)
 HIGHEST   100           500 AM
 LOWEST     37           100 PM
 AVERAGE    69

..........................................................


THE HURON SD CLIMATE NORMALS FOR TOMORROW
                         NORMAL    RECORD    YEAR
 MAXIMUM TEMPERATURE (F)   80       102      1893
 MINIMUM TEMPERATURE (F)   55        31      1974


SUNRISE AND SUNSET
SEPTEMBER  2 2014.....SUNRISE   657 AM CDT   SUNSET   807 PM CDT
SEPTEMBER  3 2014.....SUNRISE   658 AM CDT   SUNSET   806 PM CDT


-  INDICATES NEGATIVE NUMBERS.
R  INDICATES RECORD WAS SET OR TIED.
MM INDICATES DATA IS MISSING.
T  INDICATES TRACE AMOUNT.




$$
