000
CDUS43 KFSD 012232
CLIHON


CLIMATE REPORT
NATIONAL WEATHER SERVICE SIOUX FALLS SD
432 PM CST SUN MAR 1 2015


...................................

...THE HURON SD CLIMATE SUMMARY FOR MARCH 1 2015...
VALID TODAY AS OF 0400 PM LOCAL TIME.

CLIMATE NORMAL PERIOD 1981 TO 2010
CLIMATE RECORD PERIOD 1881 TO 2015


WEATHER ITEM   OBSERVED TIME   RECORD YEAR NORMAL DEPARTURE LAST
                VALUE   (LST)  VALUE       VALUE  FROM      YEAR
                                                  NORMAL
..................................................................
TEMPERATURE (F)
 TODAY
  MAXIMUM         31    244 PM  74    1992  37     -6        5
  MINIMUM          1    451 AM -20    2009  17    -16      -12
  AVERAGE         16                        27    -11       -3

PRECIPITATION (IN)
  TODAY            0.00          0.30 1958   0.03  -0.03     0.03
  MONTH TO DATE    0.00                      0.03  -0.03     0.03
  SINCE MAR 1      0.00                      0.03  -0.03     0.03
  SINCE JAN 1      0.61                      1.13  -0.52     0.59

SNOWFALL (IN)
  TODAY            0.0           4.9  1958   0.3   -0.3      1.0
  MONTH TO DATE    0.0                       0.3   -0.3      1.0
  SINCE MAR 1      0.0                       0.3   -0.3      1.0
  SINCE JUL 1     21.6                      31.3   -9.7     22.7
  SNOW DEPTH       2

DEGREE DAYS
 HEATING
  TODAY           49                        38     11       68
  MONTH TO DATE   49                        38     11       68
  SINCE MAR 1     49                        38     11       68
  SINCE JUL 1   5986                      5870    116     6388

 COOLING
  TODAY            0                         0      0        0
  MONTH TO DATE    0                         0      0        0
  SINCE MAR 1      0                         0      0        0
  SINCE JAN 1      0                         0      0        0
..................................................................


WIND (MPH)
  HIGHEST WIND SPEED    24   HIGHEST WIND DIRECTION    NW (300)
  HIGHEST GUST SPEED    30   HIGHEST GUST DIRECTION     W (290)
  AVERAGE WIND SPEED     9.9


SKY COVER
  POSSIBLE SUNSHINE  MM
  AVERAGE SKY COVER 0.2


WEATHER CONDITIONS
 THE FOLLOWING WEATHER WAS RECORDED TODAY.
  NO SIGNIFICANT WEATHER WAS OBSERVED.


RELATIVE HUMIDITY (PERCENT)
 HIGHEST    95           200 AM
 LOWEST     57          1100 AM
 AVERAGE    76

..........................................................


THE HURON SD CLIMATE NORMALS FOR TOMORROW
                         NORMAL    RECORD    YEAR
 MAXIMUM TEMPERATURE (F)   37        73      1974
 MINIMUM TEMPERATURE (F)   17       -20      1913


SUNRISE AND SUNSET
MARCH  1 2015.........SUNRISE   710 AM CST   SUNSET   621 PM CST
MARCH  2 2015.........SUNRISE   709 AM CST   SUNSET   622 PM CST


-  INDICATES NEGATIVE NUMBERS.
R  INDICATES RECORD WAS SET OR TIED.
MM INDICATES DATA IS MISSING.
T  INDICATES TRACE AMOUNT.




$$
