000
CDUS43 KFSD 030633
CLIHON


CLIMATE REPORT
NATIONAL WEATHER SERVICE SIOUX FALLS SD
132 AM CDT WED JUN 3 2015


...................................

...THE HURON SD CLIMATE SUMMARY FOR JUNE 2 2015...

CLIMATE NORMAL PERIOD 1981 TO 2010
CLIMATE RECORD PERIOD 1881 TO 2015


WEATHER ITEM   OBSERVED TIME   RECORD YEAR NORMAL DEPARTURE LAST
                VALUE   (LST)  VALUE       VALUE  FROM      YEAR
                                                  NORMAL
..................................................................
TEMPERATURE (F)
 YESTERDAY
  MAXIMUM         85    516 PM 100    1940  75     10       74
  MINIMUM         61    528 AM  32    1964  52      9       53
                                      1946
  AVERAGE         73                        63     10       64

PRECIPITATION (IN)
  YESTERDAY        0.00          1.13 2007   0.15  -0.15     0.00
  MONTH TO DATE    0.00                      0.28  -0.28     0.19
  SINCE JUN 1      0.00                      0.28  -0.28     0.19
  SINCE JAN 1      5.94                      8.26  -2.32     4.68

SNOWFALL (IN)
  YESTERDAY        0.0           0.0    MM   0.0    0.0      0.0
  MONTH TO DATE    0.0                       0.0    0.0      0.0
  SINCE JUN 1      0.0                       0.0    0.0      0.0
  SINCE JUL 1     22.8                      43.9  -21.1     28.6
  SNOW DEPTH       0

DEGREE DAYS
 HEATING
  YESTERDAY        0                         4     -4        1
  MONTH TO DATE    0                         8     -8        1
  SINCE JUN 1      0                         8     -8        1
  SINCE JUL 1   7494                      7629   -135     8288

 COOLING
  YESTERDAY        8                         2      6        0
  MONTH TO DATE   11                         4      7        5
  SINCE JUN 1     11                         4      7        5
  SINCE JAN 1     31                        37     -6       67
..................................................................


WIND (MPH)
  HIGHEST WIND SPEED    26   HIGHEST WIND DIRECTION     S (180)
  HIGHEST GUST SPEED    35   HIGHEST GUST DIRECTION     S (180)
  AVERAGE WIND SPEED    16.6


SKY COVER
  POSSIBLE SUNSHINE  MM
  AVERAGE SKY COVER 0.0


WEATHER CONDITIONS
 THE FOLLOWING WEATHER WAS RECORDED YESTERDAY.
  THUNDERSTORM


RELATIVE HUMIDITY (PERCENT)
 HIGHEST    73           700 AM
 LOWEST     44           300 PM
 AVERAGE    59

..........................................................


THE HURON SD CLIMATE NORMALS FOR TODAY
                         NORMAL    RECORD    YEAR
 MAXIMUM TEMPERATURE (F)   75        99      1933
 MINIMUM TEMPERATURE (F)   52        34      1883


SUNRISE AND SUNSET
JUNE  3 2015..........SUNRISE   551 AM CDT   SUNSET   912 PM CDT
JUNE  4 2015..........SUNRISE   550 AM CDT   SUNSET   912 PM CDT


-  INDICATES NEGATIVE NUMBERS.
R  INDICATES RECORD WAS SET OR TIED.
MM INDICATES DATA IS MISSING.
T  INDICATES TRACE AMOUNT.




$$
