000
CDUS43 KFSD 170646
CLIHON


CLIMATE REPORT
NATIONAL WEATHER SERVICE SIOUX FALLS SD
1245 AM CST WED DEC 17 2014


...................................

...THE HURON SD CLIMATE SUMMARY FOR DECEMBER 16 2014...

CLIMATE NORMAL PERIOD 1981 TO 2010
CLIMATE RECORD PERIOD 1881 TO 2014


WEATHER ITEM   OBSERVED TIME   RECORD YEAR NORMAL DEPARTURE LAST
                VALUE   (LST)  VALUE       VALUE  FROM      YEAR
                                                  NORMAL
..................................................................
TEMPERATURE (F)
 YESTERDAY
  MAXIMUM         21    220 AM  62    1939  28     -7       38
  MINIMUM          1   1026 PM -22    1951   9     -8        5
  AVERAGE         11                        19     -8       22

PRECIPITATION (IN)
  YESTERDAY        T             0.30 1908   0.01  -0.01     0.00
  MONTH TO DATE    0.30                      0.27   0.03     0.49
  SINCE DEC 1      0.30                      0.27   0.03     0.49
  SINCE JAN 1     15.98                     22.65  -6.67    24.67

SNOWFALL (IN)
  YESTERDAY        T             3.5  1985   0.2   -0.2      0.0
  MONTH TO DATE    1.4                       4.1   -2.7      5.5
  SINCE DEC 1      1.4                       4.1   -2.7      5.5
  SINCE JUL 1      9.3                      12.4   -3.1      8.0
  SNOW DEPTH       1

DEGREE DAYS
 HEATING
  YESTERDAY       54                        46      8       43
  MONTH TO DATE  595                       703   -108      867
  SINCE DEC 1    595                       703   -108      867
  SINCE JUL 1   2452                      2405     47     2504

 COOLING
  YESTERDAY        0                         0      0        0
  MONTH TO DATE    0                         0      0        0
  SINCE DEC 1      0                         0      0        0
  SINCE JAN 1    597                       742   -145      848
..................................................................


WIND (MPH)
  HIGHEST WIND SPEED    26   HIGHEST WIND DIRECTION     N (350)
  HIGHEST GUST SPEED    33   HIGHEST GUST DIRECTION     N (360)
  AVERAGE WIND SPEED    10.8


SKY COVER
  POSSIBLE SUNSHINE  MM
  AVERAGE SKY COVER 0.3


WEATHER CONDITIONS
 THE FOLLOWING WEATHER WAS RECORDED YESTERDAY.
  LIGHT SNOW
  FOG


RELATIVE HUMIDITY (PERCENT)
 HIGHEST    91           700 PM
 LOWEST     67           100 PM
 AVERAGE    79

..........................................................


THE HURON SD CLIMATE NORMALS FOR TODAY
                         NORMAL    RECORD    YEAR
 MAXIMUM TEMPERATURE (F)   28        55      1962
 MINIMUM TEMPERATURE (F)    9       -25      1985


SUNRISE AND SUNSET
DECEMBER 17 2014......SUNRISE   803 AM CST   SUNSET   455 PM CST
DECEMBER 18 2014......SUNRISE   804 AM CST   SUNSET   455 PM CST


-  INDICATES NEGATIVE NUMBERS.
R  INDICATES RECORD WAS SET OR TIED.
MM INDICATES DATA IS MISSING.
T  INDICATES TRACE AMOUNT.




$$
