000
CDUS44 KHGX 060826
CLIHOU


CLIMATE REPORT
NATIONAL WEATHER SERVICE HOUSTON/GALVESTON TX
225 AM CST FRI MAR 6 2015


...................................

...THE HOUSTON INTERCONTINENTAL CLIMATE SUMMARY FOR MARCH 5 2015...

CLIMATE NORMAL PERIOD 1981 TO 2010
CLIMATE RECORD PERIOD 1892 TO 2015


WEATHER ITEM   OBSERVED TIME   RECORD YEAR NORMAL DEPARTURE LAST
                VALUE   (LST)  VALUE       VALUE  FROM      YEAR
                                                  NORMAL
..................................................................
TEMPERATURE (F)
 YESTERDAY
  MAXIMUM         51    443 PM  84    1998  70    -19       53
                                      1991
                                      1907
  MINIMUM         36   1159 PM  25    1989  50    -14       37
  AVERAGE         44                        60    -16       45

PRECIPITATION (IN)
  YESTERDAY        0.15          2.20 1933   0.12   0.03     0.02
  MONTH TO DATE    0.38                      0.58  -0.20     1.11
  SINCE MAR 1      0.38                      0.58  -0.20     1.11
  SINCE JAN 1      4.21                      7.16  -2.95     4.46

SNOWFALL (IN)
  YESTERDAY       MM            MM      MM
  MONTH TO DATE    0.0
  SINCE MAR 1      0.0
  SINCE JUL 1      0.0

DEGREE DAYS
 HEATING
  YESTERDAY       21                         6     15       20
  MONTH TO DATE   45                        34     11       89
  SINCE MAR 1     45                        34     11       89
  SINCE JUL 1   1364                      1222    142     1569

 COOLING
  YESTERDAY        0                         2     -2        0
  MONTH TO DATE    3                         8     -5        9
  SINCE MAR 1      3                         8     -5        9
  SINCE JAN 1     13                        46    -33       43
..................................................................


WIND (MPH)
  HIGHEST WIND SPEED    29   HIGHEST WIND DIRECTION     N (10)
  HIGHEST GUST SPEED    37   HIGHEST GUST DIRECTION     N (10)




RELATIVE HUMIDITY (PERCENT)
 HIGHEST    92
 LOWEST     44
 AVERAGE    68

..........................................................


THE HOUSTON INTERCONTINENTAL CLIMATE NORMALS FOR TODAY
                         NORMAL    RECORD    YEAR
 MAXIMUM TEMPERATURE (F)   71        86      1991
 MINIMUM TEMPERATURE (F)   51        25      1989


SUNRISE AND SUNSET
MARCH  6 2015.........SUNRISE   642 AM CST   SUNSET   624 PM CST
MARCH  7 2015.........SUNRISE   641 AM CST   SUNSET   624 PM CST


-  INDICATES NEGATIVE NUMBERS.
R  INDICATES RECORD WAS SET OR TIED.
MM INDICATES DATA IS MISSING.
T  INDICATES TRACE AMOUNT.




...................................

...THE HOUSTON/HOBBY AIRPORT CLIMATE SUMMARY FOR MARCH 5 2015...

CLIMATE NORMAL PERIOD 1981 TO 2010
CLIMATE RECORD PERIOD 1930 TO 2015


WEATHER ITEM   OBSERVED TIME   RECORD YEAR NORMAL DEPARTURE LAST
                VALUE   (LST)  VALUE       VALUE  FROM      YEAR
                                                  NORMAL
..................................................................
TEMPERATURE (F)
 YESTERDAY
  MAXIMUM         50    515 PM  86    1967  70    -20       57
  MINIMUM         39   1159 PM  27    1989  52    -13       39
  AVERAGE         45                        61    -16       48

PRECIPITATION (IN)
  YESTERDAY        0.71          1.06 1937   0.12   0.59     0.03
  MONTH TO DATE    1.00                      0.56   0.44     1.02
  SINCE MAR 1      1.00                      0.56   0.44     1.02
  SINCE JAN 1      6.88                      7.64  -0.76     3.64

SNOWFALL (IN)
  YESTERDAY       MM             T    1989
  MONTH TO DATE    0.0
  SINCE MAR 1      0.0
  SINCE JUL 1      0.0

DEGREE DAYS
 HEATING
  YESTERDAY       20                         6     14       17
  MONTH TO DATE   34                        30      4       82
  SINCE MAR 1     34                        30      4       82
  SINCE JUL 1   1219                      1100    119     1409

 COOLING
  YESTERDAY        0                         2     -2        0
  MONTH TO DATE    4                         7     -3        8
  SINCE MAR 1      4                         7     -3        8
  SINCE JAN 1     14                        45    -31       47
..................................................................


WIND (MPH)
  HIGHEST WIND SPEED    31   HIGHEST WIND DIRECTION     N (350)
  HIGHEST GUST SPEED    38   HIGHEST GUST DIRECTION     N (350)




RELATIVE HUMIDITY (PERCENT)
 HIGHEST    92
 LOWEST     39
 AVERAGE    66

..........................................................


THE HOUSTON/HOBBY AIRPORT CLIMATE NORMALS FOR TODAY
                         NORMAL    RECORD    YEAR
 MAXIMUM TEMPERATURE (F)   70        85      1949
 MINIMUM TEMPERATURE (F)   52        26      1989


SUNRISE AND SUNSET
MARCH  6 2015.........SUNRISE   642 AM CST   SUNSET   624 PM CST
MARCH  7 2015.........SUNRISE   640 AM CST   SUNSET   624 PM CST


-  INDICATES NEGATIVE NUMBERS.
R  INDICATES RECORD WAS SET OR TIED.
MM INDICATES DATA IS MISSING.
T  INDICATES TRACE AMOUNT.




$$
