506
CDUS44 KHGX 231313
CLIHOU

CLIMATE REPORT
NATIONAL WEATHER SERVICE HOUSTON/GALVESTON TX
815 AM CDT SAT JUL 23 2016

...MORNING CLIMATE DATA...

                            MORNING LOW    PRECIP SINCE MIDNIGHT
HOUSTON INTERCONTINENTAL         77                0.00
GALVESTON SCHOLES FIELD          83                0.00
BRYAN/COLLEGE STATION            77                0.00
HOUSTON HOBBY                    79                0.00
...................................

...THE HOUSTON INTERCONTINENTAL CLIMATE SUMMARY FOR JULY 22 2016...

CLIMATE NORMAL PERIOD 1981 TO 2010
CLIMATE RECORD PERIOD 1892 TO 2016


WEATHER ITEM   OBSERVED TIME   RECORD YEAR NORMAL DEPARTURE LAST
                VALUE   (LST)  VALUE       VALUE  FROM      YEAR
                                                  NORMAL
..................................................................
TEMPERATURE (F)
 YESTERDAY
  MAXIMUM         99    329 PM 101    2000  94      5       96
  MINIMUM         76    531 AM  67    1988  75      1       78
  AVERAGE         88                        85      3       87

PRECIPITATION (IN)
  YESTERDAY        0.00          2.78 1933   0.10  -0.10      T
  MONTH TO DATE    0.75                      2.89  -2.14     0.44
  SINCE JUN 1     13.87                      8.82   5.05    11.83
  SINCE JAN 1     42.82                     27.21  15.61    42.27

DEGREE DAYS
 COOLING
  YESTERDAY       23                        20      3       22
  MONTH TO DATE  504                       422     82      450
  SINCE JUN 1   1024                       942     82      973
  SINCE JAN 1   1605                      1594     11     1665
..................................................................


WIND (MPH)
  HIGHEST WIND SPEED    15   HIGHEST WIND DIRECTION    SE (150)
  HIGHEST GUST SPEED    18   HIGHEST GUST DIRECTION    SE (150)




RELATIVE HUMIDITY (PERCENT)
 HIGHEST    94
 LOWEST     38
 AVERAGE    66

..........................................................


THE HOUSTON INTERCONTINENTAL CLIMATE NORMALS FOR TODAY
                         NORMAL    RECORD    YEAR
 MAXIMUM TEMPERATURE (F)   94       101      1980
 MINIMUM TEMPERATURE (F)   75        64      1970


SUNRISE AND SUNSET
JULY 23 2016..........SUNRISE   635 AM CDT   SUNSET   820 PM CDT
JULY 24 2016..........SUNRISE   636 AM CDT   SUNSET   819 PM CDT


-  INDICATES NEGATIVE NUMBERS.
R  INDICATES RECORD WAS SET OR TIED.
MM INDICATES DATA IS MISSING.
T  INDICATES TRACE AMOUNT.


&&

...................................

...THE HOUSTON/HOBBY AIRPORT CLIMATE SUMMARY FOR JULY 22 2016...

CLIMATE NORMAL PERIOD 1981 TO 2010
CLIMATE RECORD PERIOD 1930 TO 2016


WEATHER ITEM   OBSERVED TIME   RECORD YEAR NORMAL DEPARTURE LAST
                VALUE   (LST)  VALUE       VALUE  FROM      YEAR
                                                  NORMAL
..................................................................
TEMPERATURE (F)
 YESTERDAY
  MAXIMUM         99R   149 PM  99    2016  93      6       96
                                      1958
  MINIMUM         78    531 AM  70    1970  76      2       78
                                      1944
                                      1938
  AVERAGE         89                        84      5       87

PRECIPITATION (IN)
  YESTERDAY        0.00          1.02 1938   0.12  -0.12     0.00
  MONTH TO DATE    0.19                      3.55  -3.36     2.57
  SINCE JUN 1      9.02                     10.65  -1.63     7.44
  SINCE JAN 1     33.87                     28.93   4.94    42.30

DEGREE DAYS
 COOLING
  YESTERDAY       24                        19      5       22
  MONTH TO DATE  495                       412     83      447
  SINCE JUN 1   1045                       922    123      986
  SINCE JAN 1   1816                      1576    240     1725
..................................................................


WIND (MPH)
  HIGHEST WIND SPEED    13   HIGHEST WIND DIRECTION     S (170)
  HIGHEST GUST SPEED    17   HIGHEST GUST DIRECTION    SE (150)




RELATIVE HUMIDITY (PERCENT)
 HIGHEST    91
 LOWEST     42
 AVERAGE    67

..........................................................


THE HOUSTON/HOBBY AIRPORT CLIMATE NORMALS FOR TODAY
                         NORMAL    RECORD    YEAR
 MAXIMUM TEMPERATURE (F)   93        99      2000
                                             1954
 MINIMUM TEMPERATURE (F)   76        69      1947


SUNRISE AND SUNSET
JULY 23 2016..........SUNRISE   636 AM CDT   SUNSET   819 PM CDT
JULY 24 2016..........SUNRISE   636 AM CDT   SUNSET   819 PM CDT


-  INDICATES NEGATIVE NUMBERS.
R  INDICATES RECORD WAS SET OR TIED.
MM INDICATES DATA IS MISSING.
T  INDICATES TRACE AMOUNT.


...MISCELLANEOUS CLIMATE DATA FOR YESTERDAY...

LOCATION                        HIGH    LOW     PRECIP
PEARLAND                         99      78      0.00
SUGAR LAND                       97      73      0.00
TOMBALL                          98      75      0.00
CONROE                           99      72      0.00
HUNTSVILLE                       99      75       T
ANGLETON/LAKE JACKSON            98      77      0.00
PALACIOS                         94      77      0.00
LEAGUE CITY (NWS)                94      79      0.00


THIS PRODUCT...ALONG WITH OTHER WEATHER...HYDROLOGIC...AND CLIMATE
PRODUCTS...IS AVAILABLE ON THE WEB AT HTTP://WWW.SRH.NOAA.GOV/HGX
OR AT HTTP://WEATHER.GOV


$$
