000
CDUS44 KHGX 291312
CLIHOU

CLIMATE REPORT
NATIONAL WEATHER SERVICE HOUSTON/GALVESTON TX
810 AM CDT SUN MAY 29 2016


...MORNING CLIMATE DATA...

                            MORNING LOW    PRECIP SINCE MIDNIGHT
HOUSTON INTERCONTINENTAL         70                0.00
GALVESTON SCHOLES FIELD          76                0.00
BRYAN/COLLEGE STATION            73                0.00
HOUSTON HOBBY                    73                0.00
...................................

...THE HOUSTON INTERCONTINENTAL CLIMATE SUMMARY FOR MAY 28 2016...

CLIMATE NORMAL PERIOD 1981 TO 2010
CLIMATE RECORD PERIOD 1892 TO 2016


WEATHER ITEM   OBSERVED TIME   RECORD YEAR NORMAL DEPARTURE LAST
                VALUE   (LST)  VALUE       VALUE  FROM      YEAR
                                                  NORMAL
..................................................................
TEMPERATURE (F)
 YESTERDAY
  MAXIMUM         89    413 PM  98    1906  89      0       90
  MINIMUM         64    522 AM  54    1901  70     -6       70
  AVERAGE         77                        80     -3       80

PRECIPITATION (IN)
  YESTERDAY        0.00          2.83 1914   0.17  -0.17     0.00
  MONTH TO DATE    7.20                      4.58   2.62    13.59
  SINCE MAR 1     24.84                     11.30  13.54    26.03
  SINCE JAN 1     28.95                     17.88  11.07    29.86

DEGREE DAYS
 COOLING
  YESTERDAY       12                        15     -3       15
  MONTH TO DATE  263                       326    -63      335
  SINCE MAR 1    505                       569    -64      639
  SINCE JAN 1    542                       607    -65      649
..................................................................


WIND (MPH)
  HIGHEST WIND SPEED    18   HIGHEST WIND DIRECTION    SE (130)
  HIGHEST GUST SPEED    22   HIGHEST GUST DIRECTION    SE (130)




RELATIVE HUMIDITY (PERCENT)
 HIGHEST   100
 LOWEST     52
 AVERAGE    76

..........................................................


THE HOUSTON INTERCONTINENTAL CLIMATE NORMALS FOR TODAY
                         NORMAL    RECORD    YEAR
 MAXIMUM TEMPERATURE (F)   89        99      1996
 MINIMUM TEMPERATURE (F)   71        58      1984
                                             1973
                                             1901


SUNRISE AND SUNSET
MAY 29 2016...........SUNRISE   621 AM CDT   SUNSET   817 PM CDT
MAY 30 2016...........SUNRISE   621 AM CDT   SUNSET   817 PM CDT


-  INDICATES NEGATIVE NUMBERS.
R  INDICATES RECORD WAS SET OR TIED.
MM INDICATES DATA IS MISSING.
T  INDICATES TRACE AMOUNT.


&&

...................................

...THE HOUSTON/HOBBY AIRPORT CLIMATE SUMMARY FOR MAY 28 2016...

CLIMATE NORMAL PERIOD 1981 TO 2010
CLIMATE RECORD PERIOD 1930 TO 2016


WEATHER ITEM   OBSERVED TIME   RECORD YEAR NORMAL DEPARTURE LAST
                VALUE   (LST)  VALUE       VALUE  FROM      YEAR
                                                  NORMAL
..................................................................
TEMPERATURE (F)
 YESTERDAY
  MAXIMUM         90    236 PM  97    2010  88      2       89
  MINIMUM         67    532 AM  55    1934  71     -4       73
  AVERAGE         79                        80     -1       81

PRECIPITATION (IN)
  YESTERDAY        0.00          3.36 2007   0.18  -0.18     0.00
  MONTH TO DATE    7.59                      4.23   3.36    12.82
  SINCE MAR 1     20.68                     10.68  10.00    27.40
  SINCE JAN 1     24.85                     17.76   7.09    33.28

DEGREE DAYS
 COOLING
  YESTERDAY       14                        15     -1       16
  MONTH TO DATE  336                       329      7      363
  SINCE MAR 1    687                       571    116      686
  SINCE JAN 1    725                       609    116      696
..................................................................


WIND (MPH)
  HIGHEST WIND SPEED    15   HIGHEST WIND DIRECTION     S (180)
  HIGHEST GUST SPEED    22   HIGHEST GUST DIRECTION     W (270)




RELATIVE HUMIDITY (PERCENT)
 HIGHEST   100
 LOWEST     52
 AVERAGE    76

..........................................................


THE HOUSTON/HOBBY AIRPORT CLIMATE NORMALS FOR TODAY
                         NORMAL    RECORD    YEAR
 MAXIMUM TEMPERATURE (F)   88        97      1998
 MINIMUM TEMPERATURE (F)   72        56      1934


SUNRISE AND SUNSET
MAY 29 2016...........SUNRISE   622 AM CDT   SUNSET   816 PM CDT
MAY 30 2016...........SUNRISE   622 AM CDT   SUNSET   816 PM CDT


-  INDICATES NEGATIVE NUMBERS.
R  INDICATES RECORD WAS SET OR TIED.
MM INDICATES DATA IS MISSING.
T  INDICATES TRACE AMOUNT.

...MISCELLANEOUS CLIMATE DATA FOR YESTERDAY...

LOCATION                        HIGH    LOW     PRECIP
PEARLAND                         90      69      0.00
SUGAR LAND                       89      66      0.00
TOMBALL                          91      64      0.00
CONROE                           90      61      0.00
HUNTSVILLE                       90      60      0.00
ANGLETON/LAKE JACKSON            88      70      0.00
PALACIOS                         88      71      0.00
LEAGUE CITY (NWS)                87      69      0.00


THIS PRODUCT...ALONG WITH OTHER WEATHER...HYDROLOGIC...AND CLIMATE
PRODUCTS...IS AVAILABLE ON THE WEB AT HTTP://WWW.SRH.NOAA.GOV/HGX
OR AT HTTP://WEATHER.GOV

$$
