000
CDUS44 KHGX 181408
CLIHOU

CLIMATE REPORT
NATIONAL WEATHER SERVICE HOUSTON/GALVESTON TX
218 AM CDT FRI APR 18 2014


...MORNING CLIMATE DATA...

                            MORNING LOW    PRECIP SINCE MIDNIGHT
HOUSTON INTERCONTINENTAL         58                0.00
GALVESTON SCHOLES FIELD          58                0.00
BRYAN/COLLEGE STATION            59                0.00
HOUSTON HOBBY                    58                0.00

...................................


...THE HOUSTON INTERCONTINENTAL CLIMATE SUMMARY FOR APRIL 17 2014...

CLIMATE NORMAL PERIOD 1981 TO 2010
CLIMATE RECORD PERIOD 1892 TO 2014


WEATHER ITEM   OBSERVED TIME   RECORD YEAR NORMAL DEPARTURE LAST
                VALUE   (LST)  VALUE       VALUE  FROM      YEAR
                                                  NORMAL
..................................................................
TEMPERATURE (F)
 YESTERDAY
  MAXIMUM         73    258 PM  92    2006  80     -7       77
                                      1987
  MINIMUM         53    232 AM  38    1999  60     -7       73
  AVERAGE         63                        70     -7       75

PRECIPITATION (IN)
  YESTERDAY        0.00          1.90 2009   0.11  -0.11      T
  MONTH TO DATE    1.56                      1.74  -0.18     2.57
  SINCE MAR 1      4.01                      5.15  -1.14     3.46
  SINCE JAN 1      7.36                     11.73  -4.37     7.99

SNOWFALL (IN)
  YESTERDAY        0.0          MM      MM
  MONTH TO DATE    0.0
  SINCE MAR 1      0.0
  SINCE JUL 1      T

DEGREE DAYS
 HEATING
  YESTERDAY        2                         1      1        0
  MONTH TO DATE   41                        29     12       40
  SINCE MAR 1    255                       170     85      216
  SINCE JUL 1   1735                      1358    377     1146

 COOLING
  YESTERDAY        0                         6     -6       10
  MONTH TO DATE   67                        81    -14       71
  SINCE MAR 1     99                       152    -53      136
  SINCE JAN 1    133                       190    -57      176
..................................................................


WIND (MPH)
  HIGHEST WIND SPEED    20   HIGHEST WIND DIRECTION     E (100)
  HIGHEST GUST SPEED    22   HIGHEST GUST DIRECTION    NE (50)


RELATIVE HUMIDITY (PERCENT)
 HIGHEST    93
 LOWEST     53
 AVERAGE    73

..........................................................


THE HOUSTON INTERCONTINENTAL CLIMATE NORMALS FOR TODAY
                         NORMAL    RECORD    YEAR
 MAXIMUM TEMPERATURE (F)   80        94      1987
 MINIMUM TEMPERATURE (F)   60        42      1999


SUNRISE AND SUNSET
APRIL 18 2014.........SUNRISE   651 AM CDT   SUNSET   751 PM CDT
APRIL 19 2014.........SUNRISE   650 AM CDT   SUNSET   751 PM CDT


-  INDICATES NEGATIVE NUMBERS.
R  INDICATES RECORD WAS SET OR TIED.
MM INDICATES DATA IS MISSING.
T  INDICATES TRACE AMOUNT.




...................................

...THE HOUSTON/HOBBY AIRPORT CLIMATE SUMMARY FOR APRIL 17 2014...

CLIMATE NORMAL PERIOD 1981 TO 2010
CLIMATE RECORD PERIOD 1930 TO 2014


WEATHER ITEM   OBSERVED TIME   RECORD YEAR NORMAL DEPARTURE LAST
                VALUE   (LST)  VALUE       VALUE  FROM      YEAR
                                                  NORMAL
..................................................................
TEMPERATURE (F)
 YESTERDAY
  MAXIMUM         70   1244 PM  90    2006  79     -9       77
                                      1987
  MINIMUM         59    741 AM  43    1983  61     -2       72
  AVERAGE         65                        70     -5       75

PRECIPITATION (IN)
  YESTERDAY        0.19          4.50 1973   0.11   0.08      T
  MONTH TO DATE    1.30                      1.72  -0.42     3.06
  SINCE MAR 1      3.84                      4.92  -1.08     4.24
  SINCE JAN 1      6.46                     12.00  -5.54     9.00

SNOWFALL (IN)
  YESTERDAY        0.0          MM      MM
  MONTH TO DATE    0.0
  SINCE MAR 1      0.0
  SINCE JUL 1      T

DEGREE DAYS
 HEATING
  YESTERDAY        0                         1     -1        0
  MONTH TO DATE   31                        24      7       31
  SINCE MAR 1    218                       145     73      174
  SINCE JUL 1   1545                      1215    330      942

 COOLING
  YESTERDAY        0                         6     -6       10
  MONTH TO DATE   61                        81    -20       67
  SINCE MAR 1     99                       150    -51      138
  SINCE JAN 1    138                       188    -50      184
..................................................................


WIND (MPH)
  HIGHEST WIND SPEED    17   HIGHEST WIND DIRECTION     E (110)
  HIGHEST GUST SPEED    24   HIGHEST GUST DIRECTION     E (110)


RELATIVE HUMIDITY (PERCENT)
 HIGHEST    90
 LOWEST     63
 AVERAGE    77

..........................................................


THE HOUSTON/HOBBY AIRPORT CLIMATE NORMALS FOR TODAY
                         NORMAL    RECORD    YEAR
 MAXIMUM TEMPERATURE (F)   79        91      1987
 MINIMUM TEMPERATURE (F)   62        46      1940


SUNRISE AND SUNSET
APRIL 18 2014.........SUNRISE   651 AM CDT   SUNSET   750 PM CDT
APRIL 19 2014.........SUNRISE   650 AM CDT   SUNSET   751 PM CDT


-  INDICATES NEGATIVE NUMBERS.
R  INDICATES RECORD WAS SET OR TIED.
MM INDICATES DATA IS MISSING.
T  INDICATES TRACE AMOUNT.

...........................................................

...MISCELLANEOUS CLIMATE DATA FOR YESTERDAY...

LOCATION                        HIGH    LOW     PRECIP

SUGAR LAND                       70      59      0.03
TOMBALL                          74      54      0.00
CONROE                           74      50      0.00
HUNTSVILLE                       74      52      0.00
ANGLETON/LAKE JACKSON            70      61      0.09
PALACIOS                         73      63      0.00
LEAGUE CITY (NWS)                68      59      0.03


THIS PRODUCT...ALONG WITH OTHER WEATHER...HYDROLOGIC...AND CLIMATE
PRODUCTS...IS AVAILABLE ON THE WEB AT HTTP://WWW.SRH.NOAA.GOV/HGX
OR AT HTTP://WEATHER.GOV

$$
