000
CDUS44 KHGX 281321
CLIHOU

CLIMATE REPORT
NATIONAL WEATHER SERVICE HOUSTON/GALVESTON TX
810 AM CDT TUE JUL 28 2015


...MORNING CLIMATE DATA...

                            MORNING LOW    PRECIP SINCE MIDNIGHT
HOUSTON INTERCONTINENTAL         76                0.00
GALVESTON SCHOLES FIELD          83                0.00
BRYAN/COLLEGE STATION            76                0.00
HOUSTON HOBBY                    78                0.00
...................................

...THE HOUSTON INTERCONTINENTAL CLIMATE SUMMARY FOR JULY 27 2015...

CLIMATE NORMAL PERIOD 1981 TO 2010
CLIMATE RECORD PERIOD 1892 TO 2015


WEATHER ITEM   OBSERVED TIME   RECORD YEAR NORMAL DEPARTURE LAST
                VALUE   (LST)  VALUE       VALUE  FROM      YEAR
                                                  NORMAL
..................................................................
TEMPERATURE (F)
 YESTERDAY
  MAXIMUM         98    240 PM 101    1995  95      3       97
  MINIMUM         80    623 AM  66    1902  75      5       77
  AVERAGE         89                        85      4       87

PRECIPITATION (IN)
  YESTERDAY        0.00          5.22 1943   0.10  -0.10     0.00
  MONTH TO DATE    0.44                      3.41  -2.97     1.46
  SINCE JUN 1     11.83                      9.34   2.49     3.64
  SINCE JAN 1     42.27                     27.73  14.54    22.71

DEGREE DAYS
 COOLING
  YESTERDAY       24                        20      4       22
  MONTH TO DATE  565                       522     43      510
  SINCE JUN 1   1088                      1042     46     1043
  SINCE JAN 1   1780                      1694     86     1584
..................................................................


WIND (MPH)
  HIGHEST WIND SPEED    18   HIGHEST WIND DIRECTION    SE (140)
  HIGHEST GUST SPEED    22   HIGHEST GUST DIRECTION    SE (150)




RELATIVE HUMIDITY (PERCENT)
 HIGHEST    91
 LOWEST     42
 AVERAGE    67

..........................................................


THE HOUSTON INTERCONTINENTAL CLIMATE NORMALS FOR TODAY
                         NORMAL    RECORD    YEAR
 MAXIMUM TEMPERATURE (F)   95       103      1995
 MINIMUM TEMPERATURE (F)   75        66      1891


SUNRISE AND SUNSET
JULY 28 2015..........SUNRISE   638 AM CDT   SUNSET   817 PM CDT
JULY 29 2015..........SUNRISE   639 AM CDT   SUNSET   817 PM CDT


-  INDICATES NEGATIVE NUMBERS.
R  INDICATES RECORD WAS SET OR TIED.
MM INDICATES DATA IS MISSING.
T  INDICATES TRACE AMOUNT.




...................................

...THE HOUSTON/HOBBY AIRPORT CLIMATE SUMMARY FOR JULY 27 2015...

CLIMATE NORMAL PERIOD 1981 TO 2010
CLIMATE RECORD PERIOD 1930 TO 2015


WEATHER ITEM   OBSERVED TIME   RECORD YEAR NORMAL DEPARTURE LAST
                VALUE   (LST)  VALUE       VALUE  FROM      YEAR
                                                  NORMAL
..................................................................
TEMPERATURE (F)
 YESTERDAY
  MAXIMUM         96    421 PM  99    1965  93      3       95
  MINIMUM         79    611 AM  68    1931  76      3       77
  AVERAGE         88                        84      4       86

PRECIPITATION (IN)
  YESTERDAY        0.00          5.45 1943   0.13  -0.13     0.00
  MONTH TO DATE    2.57                      4.18  -1.61     1.12
  SINCE JUN 1      7.44                     11.28  -3.84     4.10
  SINCE JAN 1     42.30                     29.56  12.74    20.94

DEGREE DAYS
 COOLING
  YESTERDAY       23                        19      4       21
  MONTH TO DATE  559                       507     52      512
  SINCE JUN 1   1098                      1017     81     1041
  SINCE JAN 1   1837                      1671    166     1592
..................................................................


WIND (MPH)
  HIGHEST WIND SPEED    15   HIGHEST WIND DIRECTION     S (160)
  HIGHEST GUST SPEED    22   HIGHEST GUST DIRECTION     S (190)




RELATIVE HUMIDITY (PERCENT)
 HIGHEST    97
 LOWEST     45
 AVERAGE    71

..........................................................


THE HOUSTON/HOBBY AIRPORT CLIMATE NORMALS FOR TODAY
                         NORMAL    RECORD    YEAR
 MAXIMUM TEMPERATURE (F)   93       101      1999
 MINIMUM TEMPERATURE (F)   76        71      1994
                                             1980
                                             1942


SUNRISE AND SUNSET
JULY 28 2015..........SUNRISE   638 AM CDT   SUNSET   817 PM CDT
JULY 29 2015..........SUNRISE   639 AM CDT   SUNSET   816 PM CDT


-  INDICATES NEGATIVE NUMBERS.
R  INDICATES RECORD WAS SET OR TIED.
MM INDICATES DATA IS MISSING.
T  INDICATES TRACE AMOUNT.

...MISCELLANEOUS CLIMATE DATA FOR YESTERDAY...

LOCATION                        HIGH    LOW     PRECIP
PEARLAND                         97      78      0.00
SUGAR LAND                       97      75      0.00
TOMBALL                          97      79      0.00
CONROE                           98      78      0.00
HUNTSVILLE                       98      79      0.00
ANGLETON/LAKE JACKSON            96      77      0.00
PALACIOS                         93      84      0.00
LEAGUE CITY (NWS)                94      79      0.00


THIS PRODUCT...ALONG WITH OTHER WEATHER...HYDROLOGIC...AND CLIMATE
PRODUCTS...IS AVAILABLE ON THE WEB AT HTTP://WWW.SRH.NOAA.GOV/HGX
OR AT HTTP://WEATHER.GOV

$$
