000
CDUS46 KSEW 010829
CLIHQM


CLIMATE REPORT
NATIONAL WEATHER SERVICE SEATTLE WA
129 AM PDT SAT AUG 1 2015


...................................

...THE HOQUIAM WA AIRPORT CLIMATE SUMMARY FOR JULY 31 2015...

CLIMATE NORMAL PERIOD 1981 TO 2010
CLIMATE RECORD PERIOD 1953 TO 2015


WEATHER ITEM   OBSERVED TIME   RECORD YEAR NORMAL DEPARTURE LAST
                VALUE   (LST)  VALUE       VALUE  FROM      YEAR
                                                  NORMAL
..................................................................
TEMPERATURE (F)
 YESTERDAY
  MAXIMUM         76    243 PM  90    1968  67      9       75
  MINIMUM         56    625 AM  46    1957  54      2       51
  AVERAGE         66                        61      5       63

PRECIPITATION (IN)
  YESTERDAY        0.00          0.43 1964   0.02  -0.02     0.00
  MONTH TO DATE    0.38                      1.14  -0.76     0.83
  SINCE OCT 1     58.29                     63.96  -5.67    53.77
  SINCE JAN 1     26.87                     36.30  -9.43    41.66

DEGREE DAYS
 HEATING
  YESTERDAY        0                         4     -4        2
  MONTH TO DATE   43                       157   -114      115
  SINCE JUN 1    203                       410   -207      319

 COOLING
  YESTERDAY        1                         0      1        0
  MONTH TO DATE   16                         6     10        8
  SINCE JUN 1     19                         8     11        8
  SINCE JAN 1     19                         9     10       23
..................................................................


WIND (MPH)
  RESULTANT WIND SPEED   7   RESULTANT WIND DIRECTION  SW (230)
  HIGHEST WIND SPEED    20   HIGHEST WIND DIRECTION    SW (240)
  HIGHEST GUST SPEED    22   HIGHEST GUST DIRECTION    SW (230)
  AVERAGE WIND SPEED     7.6


SKY COVER
  AVERAGE SKY COVER 0.2


WEATHER CONDITIONS
 THE FOLLOWING WEATHER WAS RECORDED YESTERDAY.
  FOG
  FOG W/VISIBILITY <= 1/4 MILE


RELATIVE HUMIDITY (PERCENT)
 HIGHEST   100           600 AM
 LOWEST     54           200 PM
 AVERAGE    77

..........................................................


THE HOQUIAM WA AIRPORT CLIMATE NORMALS FOR TODAY
                         NORMAL    RECORD    YEAR
 MAXIMUM TEMPERATURE (F)   67        78      1993
 MINIMUM TEMPERATURE (F)   54        44      1976


SUNRISE AND SUNSET
AUGUST  1 2015........SUNRISE   555 AM PDT   SUNSET   848 PM PDT
AUGUST  2 2015........SUNRISE   556 AM PDT   SUNSET   847 PM PDT


-  INDICATES NEGATIVE NUMBERS.
R  INDICATES RECORD WAS SET OR TIED.
MM INDICATES DATA IS MISSING.
T  INDICATES TRACE AMOUNT.




$$
