000
CDUS46 KSEW 220835
CLIHQM


CLIMATE REPORT
NATIONAL WEATHER SERVICE SEATTLE WA
134 AM PDT WED OCT 22 2014


...................................

...THE HOQUIAM WA AIRPORT CLIMATE SUMMARY FOR OCTOBER 21 2014...

CLIMATE NORMAL PERIOD 1981 TO 2010
CLIMATE RECORD PERIOD 1953 TO 2014


WEATHER ITEM   OBSERVED TIME   RECORD YEAR NORMAL DEPARTURE LAST
                VALUE   (LST)  VALUE       VALUE  FROM      YEAR
                                                  NORMAL
..................................................................
TEMPERATURE (F)
 YESTERDAY
  MAXIMUM         61    116 PM  75    1998  58      3       62
                                      1987
  MINIMUM         56   1159 PM  34    1961  45     11       47
  AVERAGE         59                        51      8       55

PRECIPITATION (IN)
  YESTERDAY        0.44          2.23 1966   0.24   0.20     0.00
  MONTH TO DATE    4.99                      3.73   1.26     1.72
  SINCE OCT 1      4.99                      3.73   1.26     1.72
  SINCE JAN 1     52.08                     43.62   8.46    43.59

DEGREE DAYS
 HEATING
  YESTERDAY        6                        14     -8       10
  MONTH TO DATE  110                       243   -133      271
  SINCE SEP 1    203                       439   -236      416

 COOLING
  YESTERDAY        0                         0      0        0
  MONTH TO DATE    0                         0      0        0
  SINCE SEP 1     18                         7     11        7
  SINCE JAN 1     48                        23     25       20
..................................................................


WIND (MPH)
  RESULTANT WIND SPEED  13   RESULTANT WIND DIRECTION  SE (130)
  HIGHEST WIND SPEED    29   HIGHEST WIND DIRECTION    SE (140)
  HIGHEST GUST SPEED    37   HIGHEST GUST DIRECTION    SE (150)
  AVERAGE WIND SPEED    15.3


SKY COVER
  AVERAGE SKY COVER 0.7


WEATHER CONDITIONS
 THE FOLLOWING WEATHER WAS RECORDED YESTERDAY.
  RAIN
  LIGHT RAIN
  FOG


RELATIVE HUMIDITY (PERCENT)
 HIGHEST   100           200 AM
 LOWEST     84          1200 PM
 AVERAGE    92

..........................................................


THE HOQUIAM WA AIRPORT CLIMATE NORMALS FOR TODAY
                         NORMAL    RECORD    YEAR
 MAXIMUM TEMPERATURE (F)   57        70      1964
 MINIMUM TEMPERATURE (F)   45        35      1953


SUNRISE AND SUNSET
OCTOBER 22 2014.......SUNRISE   744 AM PDT   SUNSET   616 PM PDT
OCTOBER 23 2014.......SUNRISE   745 AM PDT   SUNSET   614 PM PDT


-  INDICATES NEGATIVE NUMBERS.
R  INDICATES RECORD WAS SET OR TIED.
MM INDICATES DATA IS MISSING.
T  INDICATES TRACE AMOUNT.




$$
