000
CDUS46 KSEW 270831
CLIHQM


CLIMATE REPORT
NATIONAL WEATHER SERVICE SEATTLE WA
1230 AM PST MON FEB 27 2017


...................................

...THE HOQUIAM WA AIRPORT CLIMATE SUMMARY FOR FEBRUARY 26 2017...

CLIMATE NORMAL PERIOD 1981 TO 2010
CLIMATE RECORD PERIOD 1953 TO 2017


WEATHER ITEM   OBSERVED TIME   RECORD YEAR NORMAL DEPARTURE LAST
                VALUE   (LST)  VALUE       VALUE  FROM      YEAR
                                                  NORMAL
..................................................................
TEMPERATURE (F)
 YESTERDAY
  MAXIMUM         42    439 PM  72    1992  51     -9       51
  MINIMUM         34    550 AM  19    1962  38     -4       40
  AVERAGE         38                        44     -6       46

PRECIPITATION (IN)
  YESTERDAY        0.40          2.88 1980   0.24   0.16     0.34
  MONTH TO DATE    7.49                      6.73   0.76     7.24
  SINCE OCT 1     54.12                     44.72   9.40    54.96
  SINCE JAN 1     12.58                     17.06  -4.48    21.54

DEGREE DAYS
 HEATING
  YESTERDAY       27                        21      6       19
  MONTH TO DATE  599                       556     43      437
  SINCE DEC 1   2205                      1977    228     1746

 COOLING
  YESTERDAY        0                         0      0        0
  MONTH TO DATE    0                         0      0        0
  SINCE DEC 1      0                         0      0        0
  SINCE JAN 1      0                         0      0        0
..................................................................


WIND (MPH)
  RESULTANT WIND SPEED   3   RESULTANT WIND DIRECTION   E (80)
  HIGHEST WIND SPEED    17   HIGHEST WIND DIRECTION    SW (210)
  HIGHEST GUST SPEED    21   HIGHEST GUST DIRECTION    SW (210)
  AVERAGE WIND SPEED     6.6


SKY COVER
  AVERAGE SKY COVER 0.9


WEATHER CONDITIONS
 THE FOLLOWING WEATHER WAS RECORDED YESTERDAY.
  HEAVY RAIN
  LIGHT RAIN
  FOG


RELATIVE HUMIDITY (PERCENT)
 HIGHEST   100           300 AM
 LOWEST     85           700 PM
 AVERAGE    93

..........................................................


THE HOQUIAM WA AIRPORT CLIMATE NORMALS FOR TODAY
                         NORMAL    RECORD    YEAR
 MAXIMUM TEMPERATURE (F)   51        70      1968
 MINIMUM TEMPERATURE (F)   38        23      1962


SUNRISE AND SUNSET
FEBRUARY 27 2017......SUNRISE   659 AM PST   SUNSET   559 PM PST
FEBRUARY 28 2017......SUNRISE   657 AM PST   SUNSET   600 PM PST


-  INDICATES NEGATIVE NUMBERS.
R  INDICATES RECORD WAS SET OR TIED.
MM INDICATES DATA IS MISSING.
T  INDICATES TRACE AMOUNT.




$$
