000
CDUS46 KSEW 260834
CLIHQM


CLIMATE REPORT
NATIONAL WEATHER SERVICE SEATTLE WA
134 AM PDT WED APR 26 2017


...................................

...THE HOQUIAM WA AIRPORT CLIMATE SUMMARY FOR APRIL 25 2017...

CLIMATE NORMAL PERIOD 1981 TO 2010
CLIMATE RECORD PERIOD 1953 TO 2017


WEATHER ITEM   OBSERVED TIME   RECORD YEAR NORMAL DEPARTURE LAST
                VALUE   (LST)  VALUE       VALUE  FROM      YEAR
                                                  NORMAL
..................................................................
TEMPERATURE (F)
 YESTERDAY
  MAXIMUM         52    333 PM  72    2004  57     -5       62
                                      1992
  MINIMUM         46    257 AM  28    1955  43      3       41
  AVERAGE         49                        50     -1       52

PRECIPITATION (IN)
  YESTERDAY        0.16          0.99 2012   0.15   0.01     0.01
  MONTH TO DATE    7.32                      4.41   2.91     2.65
  SINCE OCT 1     77.59                     56.60  20.99    71.84
  SINCE JAN 1     36.05                     28.94   7.11    38.42

DEGREE DAYS
 HEATING
  YESTERDAY       16                        15      1       13
  MONTH TO DATE  389                       414    -25      268
  SINCE MAR 1    992                      1003    -11      796

 COOLING
  YESTERDAY        0                         0      0        0
  MONTH TO DATE    0                         0      0        4
  SINCE MAR 1      0                         0      0        4
  SINCE JAN 1      0                         0      0        4
..................................................................


WIND (MPH)
  RESULTANT WIND SPEED   7   RESULTANT WIND DIRECTION  SE (120)
  HIGHEST WIND SPEED    24   HIGHEST WIND DIRECTION    SW (220)
  HIGHEST GUST SPEED    29   HIGHEST GUST DIRECTION    SW (210)
  AVERAGE WIND SPEED    12.3


SKY COVER
  AVERAGE SKY COVER 1.0


WEATHER CONDITIONS
 THE FOLLOWING WEATHER WAS RECORDED YESTERDAY.
  LIGHT RAIN
  FOG


RELATIVE HUMIDITY (PERCENT)
 HIGHEST   100           400 AM
 LOWEST     77          1100 AM
 AVERAGE    89

..........................................................


THE HOQUIAM WA AIRPORT CLIMATE NORMALS FOR TODAY
                         NORMAL    RECORD    YEAR
 MAXIMUM TEMPERATURE (F)   57        83      1979
 MINIMUM TEMPERATURE (F)   43        33      1984
                                             1958


SUNRISE AND SUNSET
APRIL 26 2017.........SUNRISE   608 AM PDT   SUNSET   820 PM PDT
APRIL 27 2017.........SUNRISE   606 AM PDT   SUNSET   821 PM PDT


-  INDICATES NEGATIVE NUMBERS.
R  INDICATES RECORD WAS SET OR TIED.
MM INDICATES DATA IS MISSING.
T  INDICATES TRACE AMOUNT.




$$
