000
CDUS46 KSEW 230827
CLIHQM


CLIMATE REPORT
NATIONAL WEATHER SERVICE SEATTLE WA
127 AM PDT TUE SEP 23 2014


...................................

...THE HOQUIAM WA AIRPORT CLIMATE SUMMARY FOR SEPTEMBER 22 2014...

CLIMATE NORMAL PERIOD 1981 TO 2010
CLIMATE RECORD PERIOD 1953 TO 2014


WEATHER ITEM   OBSERVED TIME   RECORD YEAR NORMAL DEPARTURE LAST
                VALUE   (LST)  VALUE       VALUE  FROM      YEAR
                                                  NORMAL
..................................................................
TEMPERATURE (F)
 YESTERDAY
  MAXIMUM         66    219 PM  88    1989  66      0       65
  MINIMUM         56    906 PM  39    1955  50      6       55
  AVERAGE         61                        58      3       60

PRECIPITATION (IN)
  YESTERDAY        0.00          2.04 2013   0.08  -0.08     2.04
  MONTH TO DATE    0.57                      1.52  -0.95     3.26
  SINCE OCT 1     56.33                     66.79 -10.46    51.21
  SINCE JAN 1     44.22                     39.13   5.09    37.60

DEGREE DAYS
 HEATING
  YESTERDAY        4                         7     -3        5
  MONTH TO DATE   54                       124    -70       64
  SINCE SEP 1     54                       124    -70       64

 COOLING
  YESTERDAY        0                         0      0        0
  MONTH TO DATE   18                         0     18        7
  SINCE SEP 1     18                         0     18        7
  SINCE JAN 1     48                        16     32       20
..................................................................


WIND (MPH)
  RESULTANT WIND SPEED   5   RESULTANT WIND DIRECTION   S (170)
  HIGHEST WIND SPEED    13   HIGHEST WIND DIRECTION     S (170)
  HIGHEST GUST SPEED    16   HIGHEST GUST DIRECTION    SE (140)
  AVERAGE WIND SPEED     5.8


SKY COVER
  AVERAGE SKY COVER 0.9


WEATHER CONDITIONS
 THE FOLLOWING WEATHER WAS RECORDED YESTERDAY.
  FOG


RELATIVE HUMIDITY (PERCENT)
 HIGHEST   100          1100 PM
 LOWEST     78           100 PM
 AVERAGE    89

..........................................................


THE HOQUIAM WA AIRPORT CLIMATE NORMALS FOR TODAY
                         NORMAL    RECORD    YEAR
 MAXIMUM TEMPERATURE (F)   66        85      1974
 MINIMUM TEMPERATURE (F)   50        38      2008
                                             2005


SUNRISE AND SUNSET
SEPTEMBER 23 2014.....SUNRISE   704 AM PDT   SUNSET   711 PM PDT
SEPTEMBER 24 2014.....SUNRISE   705 AM PDT   SUNSET   709 PM PDT


-  INDICATES NEGATIVE NUMBERS.
R  INDICATES RECORD WAS SET OR TIED.
MM INDICATES DATA IS MISSING.
T  INDICATES TRACE AMOUNT.




$$
