000
CDUS46 KSEW 040832
CLIHQM


CLIMATE REPORT
NATIONAL WEATHER SERVICE SEATTLE WA
132 AM PDT WED MAY 4 2016


...................................

...THE HOQUIAM WA AIRPORT CLIMATE SUMMARY FOR MAY 3 2016...

CLIMATE NORMAL PERIOD 1981 TO 2010
CLIMATE RECORD PERIOD 1953 TO 2016


WEATHER ITEM   OBSERVED TIME   RECORD YEAR NORMAL DEPARTURE LAST
                VALUE   (LST)  VALUE       VALUE  FROM      YEAR
                                                  NORMAL
..................................................................
TEMPERATURE (F)
 YESTERDAY
  MAXIMUM         61    305 PM  83    1992  58      3       62
  MINIMUM         52   1159 PM  35    2006  44      8       39
  AVERAGE         57                        51      6       51

PRECIPITATION (IN)
  YESTERDAY        0.02          1.21 2014   0.12  -0.10     0.00
  MONTH TO DATE    0.02                      0.37  -0.35     0.00
  SINCE OCT 1     71.89                     57.66  14.23    57.25
  SINCE JAN 1     38.47                     30.00   8.47    25.83

DEGREE DAYS
 HEATING
  YESTERDAY        8                        14     -6       14
  MONTH TO DATE   12                        42    -30       40
  SINCE MAR 1    869                      1120   -251      975

 COOLING
  YESTERDAY        0                         0      0        0
  MONTH TO DATE    1                         0      1        0
  SINCE MAR 1      5                         0      5        0
  SINCE JAN 1      5                         0      5        0
..................................................................


WIND (MPH)
  RESULTANT WIND SPEED   8   RESULTANT WIND DIRECTION   W (260)
  HIGHEST WIND SPEED    17   HIGHEST WIND DIRECTION     W (270)
  HIGHEST GUST SPEED    26   HIGHEST GUST DIRECTION     W (290)
  AVERAGE WIND SPEED     9.0


SKY COVER
  AVERAGE SKY COVER 0.7


WEATHER CONDITIONS
 THE FOLLOWING WEATHER WAS RECORDED YESTERDAY.
  LIGHT RAIN
  FOG
  HAZE


RELATIVE HUMIDITY (PERCENT)
 HIGHEST   100           200 AM
 LOWEST     75           400 PM
 AVERAGE    88

..........................................................


THE HOQUIAM WA AIRPORT CLIMATE NORMALS FOR TODAY
                         NORMAL    RECORD    YEAR
 MAXIMUM TEMPERATURE (F)   58        83      2013
 MINIMUM TEMPERATURE (F)   44        35      1955


SUNRISE AND SUNSET
MAY  4 2016...........SUNRISE   555 AM PDT   SUNSET   831 PM PDT
MAY  5 2016...........SUNRISE   553 AM PDT   SUNSET   832 PM PDT


-  INDICATES NEGATIVE NUMBERS.
R  INDICATES RECORD WAS SET OR TIED.
MM INDICATES DATA IS MISSING.
T  INDICATES TRACE AMOUNT.




$$
