000
CDUS46 KSEW 210119
CLIHQM


CLIMATE REPORT
NATIONAL WEATHER SERVICE SEATTLE WA
518 PM PST THU NOV 20 2014


...................................

...THE HOQUIAM WA AIRPORT CLIMATE SUMMARY FOR NOVEMBER 20 2014...
VALID TODAY AS OF 0500 PM LOCAL TIME.

CLIMATE NORMAL PERIOD 1981 TO 2010
CLIMATE RECORD PERIOD 1953 TO 2014


WEATHER ITEM   OBSERVED TIME   RECORD YEAR NORMAL DEPARTURE LAST
                VALUE   (LST)  VALUE       VALUE  FROM      YEAR
                                                  NORMAL
..................................................................
TEMPERATURE (F)
 TODAY
  MAXIMUM         52    100 PM  61    2002  50      2       45
  MINIMUM         45   1258 AM  23    1977  40      5       26
  AVERAGE         49                        45      4       36

PRECIPITATION (IN)
  TODAY            0.27          3.26 1959   0.40  -0.13     0.00
  MONTH TO DATE    4.36                      7.41  -3.05     5.19
  SINCE OCT 1     14.91                     13.94   0.97     7.45
  SINCE JAN 1     62.00                     53.83   8.17    49.32

DEGREE DAYS
 HEATING
  TODAY           16                        20     -4       29
  MONTH TO DATE  376                       363     13      350
  SINCE SEP 1    690                       955   -265      910

 COOLING
  TODAY            0                         0      0        0
  MONTH TO DATE    0                         0      0        0
  SINCE SEP 1     18                         7     11        7
  SINCE JAN 1     48                        23     25       20
..................................................................


WIND (MPH)
  RESULTANT WIND SPEED   7   RESULTANT WIND DIRECTION  NE (60)
  HIGHEST WIND SPEED    10   HIGHEST WIND DIRECTION    NE (60)
  HIGHEST GUST SPEED    14   HIGHEST GUST DIRECTION     E (70)
  AVERAGE WIND SPEED     7.3


SKY COVER
  AVERAGE SKY COVER 1.0


WEATHER CONDITIONS
 THE FOLLOWING WEATHER WAS RECORDED TODAY.
  RAIN
  LIGHT RAIN
  FOG


RELATIVE HUMIDITY (PERCENT)
 HIGHEST   100           600 AM
 LOWEST     89           100 PM
 AVERAGE    95

..........................................................


THE HOQUIAM WA AIRPORT CLIMATE NORMALS FOR TOMORROW
                         NORMAL    RECORD    YEAR
 MAXIMUM TEMPERATURE (F)   50        61      1954
 MINIMUM TEMPERATURE (F)   39        25      1977


SUNRISE AND SUNSET
NOVEMBER 20 2014......SUNRISE   726 AM PST   SUNSET   436 PM PST
NOVEMBER 21 2014......SUNRISE   728 AM PST   SUNSET   435 PM PST


-  INDICATES NEGATIVE NUMBERS.
R  INDICATES RECORD WAS SET OR TIED.
MM INDICATES DATA IS MISSING.
T  INDICATES TRACE AMOUNT.




$$
