827
CDUS46 KSEW 060833
CLIHQM


CLIMATE REPORT
NATIONAL WEATHER SERVICE SEATTLE WA
1233 AM PST TUE DEC 6 2016


...................................

...THE HOQUIAM WA AIRPORT CLIMATE SUMMARY FOR DECEMBER 5 2016...

CLIMATE NORMAL PERIOD 1981 TO 2010
CLIMATE RECORD PERIOD 1953 TO 2016


WEATHER ITEM   OBSERVED TIME   RECORD YEAR NORMAL DEPARTURE LAST
                VALUE   (LST)  VALUE       VALUE  FROM      YEAR
                                                  NORMAL
..................................................................
TEMPERATURE (F)
 YESTERDAY
  MAXIMUM         41    156 PM  55    2007  47     -6       51
  MINIMUM         34   1159 PM  21    2013  37     -3       45
  AVERAGE         38                        42     -4       48

PRECIPITATION (IN)
  YESTERDAY        0.54          1.64 2003   0.34   0.20     1.02
  MONTH TO DATE    1.96                      1.72   0.24     3.12
  SINCE OCT 1     33.73                     19.42  14.31    20.35
  SINCE JAN 1     78.64                     59.31  19.33    51.75

DEGREE DAYS
 HEATING
  YESTERDAY       27                        23      4       17
  MONTH TO DATE  108                       113     -5       87
  SINCE DEC 1    108                       113     -5       87

 COOLING
  YESTERDAY        0                         0      0        0
  MONTH TO DATE    0                         0      0        0
  SINCE DEC 1      0                         0      0        0
  SINCE JAN 1     50                        23     27       35
..................................................................


WIND (MPH)
  RESULTANT WIND SPEED   5   RESULTANT WIND DIRECTION   E (80)
  HIGHEST WIND SPEED    22   HIGHEST WIND DIRECTION    SE (150)
  HIGHEST GUST SPEED    26   HIGHEST GUST DIRECTION    SE (140)
  AVERAGE WIND SPEED     8.5


SKY COVER
  AVERAGE SKY COVER 0.6


WEATHER CONDITIONS
 THE FOLLOWING WEATHER WAS RECORDED YESTERDAY.
  HEAVY RAIN
  RAIN
  LIGHT RAIN
  FOG


RELATIVE HUMIDITY (PERCENT)
 HIGHEST   100           500 AM
 LOWEST     85           300 PM
 AVERAGE    93

..........................................................


THE HOQUIAM WA AIRPORT CLIMATE NORMALS FOR TODAY
                         NORMAL    RECORD    YEAR
 MAXIMUM TEMPERATURE (F)   47        56      1965
 MINIMUM TEMPERATURE (F)   37        20      1972


SUNRISE AND SUNSET
DECEMBER  6 2016......SUNRISE   747 AM PST   SUNSET   427 PM PST
DECEMBER  7 2016......SUNRISE   748 AM PST   SUNSET   427 PM PST


-  INDICATES NEGATIVE NUMBERS.
R  INDICATES RECORD WAS SET OR TIED.
MM INDICATES DATA IS MISSING.
T  INDICATES TRACE AMOUNT.




$$
