000
CDUS46 KSEW 290832
CLIHQM


CLIMATE REPORT
NATIONAL WEATHER SERVICE SEATTLE WA
131 AM PDT FRI JUL 29 2016


...................................

...THE HOQUIAM WA AIRPORT CLIMATE SUMMARY FOR JULY 28 2016...

CLIMATE NORMAL PERIOD 1981 TO 2010
CLIMATE RECORD PERIOD 1953 TO 2016


WEATHER ITEM   OBSERVED TIME   RECORD YEAR NORMAL DEPARTURE LAST
                VALUE   (LST)  VALUE       VALUE  FROM      YEAR
                                                  NORMAL
..................................................................
TEMPERATURE (F)
 YESTERDAY
  MAXIMUM         69    335 PM  93    2009  67      2       76
  MINIMUM         54    629 AM  41    1954  54      0       50
  AVERAGE         62                        61      1       63

PRECIPITATION (IN)
  YESTERDAY        0.00          0.31 1955   0.03  -0.03     0.00
  MONTH TO DATE    0.37                      1.06  -0.69     0.38
  SINCE OCT 1     74.49                     63.88  10.61    58.29
  SINCE JAN 1     41.07                     36.22   4.85    26.87

DEGREE DAYS
 HEATING
  YESTERDAY        3                         4     -1        2
  MONTH TO DATE  102                       145    -43       43
  SINCE JUN 1    315                       391    -76      203

 COOLING
  YESTERDAY        0                         0      0        0
  MONTH TO DATE    0                         0      0        7
  SINCE JUN 1     13                         2     11       10
  SINCE JAN 1     18                         3     15       10
..................................................................


WIND (MPH)
  RESULTANT WIND SPEED   6   RESULTANT WIND DIRECTION  SW (240)
  HIGHEST WIND SPEED    18   HIGHEST WIND DIRECTION    SW (240)
  HIGHEST GUST SPEED    21   HIGHEST GUST DIRECTION    SW (230)
  AVERAGE WIND SPEED     7.0


SKY COVER
  AVERAGE SKY COVER 0.5


WEATHER CONDITIONS
 THE FOLLOWING WEATHER WAS RECORDED YESTERDAY.
  FOG


RELATIVE HUMIDITY (PERCENT)
 HIGHEST   100          1200 AM
 LOWEST     81           100 PM
 AVERAGE    91

..........................................................


THE HOQUIAM WA AIRPORT CLIMATE NORMALS FOR TODAY
                         NORMAL    RECORD    YEAR
 MAXIMUM TEMPERATURE (F)   67        84      2015
 MINIMUM TEMPERATURE (F)   54        45      1969
                                             1959


SUNRISE AND SUNSET
JULY 29 2016..........SUNRISE   552 AM PDT   SUNSET   851 PM PDT
JULY 30 2016..........SUNRISE   554 AM PDT   SUNSET   850 PM PDT


-  INDICATES NEGATIVE NUMBERS.
R  INDICATES RECORD WAS SET OR TIED.
MM INDICATES DATA IS MISSING.
T  INDICATES TRACE AMOUNT.




$$
