000
CDUS46 KSEW 280120
CLIHQM


CLIMATE REPORT
NATIONAL WEATHER SERVICE SEATTLE WA
619 PM PDT TUE JUN 27 2017


...................................

...THE HOQUIAM WA AIRPORT CLIMATE SUMMARY FOR JUNE 27 2017...
VALID TODAY AS OF 0600 PM LOCAL TIME.

CLIMATE NORMAL PERIOD 1981 TO 2010
CLIMATE RECORD PERIOD 1953 TO 2017


WEATHER ITEM   OBSERVED TIME   RECORD YEAR NORMAL DEPARTURE LAST
                VALUE   (LST)  VALUE       VALUE  FROM      YEAR
                                                  NORMAL
..................................................................
TEMPERATURE (F)
 TODAY
  MAXIMUM         65    131 PM  88    2000  65      0       65
  MINIMUM         57    649 AM  42    2009  52      5       52
                                      1976
  AVERAGE         61                        58      3       59

PRECIPITATION (IN)
  TODAY            0.00          0.71 1997   0.05  -0.05     0.00
  MONTH TO DATE    1.99                      2.08  -0.09     1.14
  SINCE OCT 1     84.05                     62.66  21.39    74.12
  SINCE JAN 1     42.51                     35.00   7.51    40.70

DEGREE DAYS
 HEATING
  TODAY            4                         7     -3        6
  MONTH TO DATE  188                       224    -36      194
  SINCE JUN 1    188                       224    -36      194

 COOLING
  TODAY            0                         0      0        0
  MONTH TO DATE   13                         0     13       13
  SINCE JUN 1     13                         0     13       13
  SINCE JAN 1     13                         1     12       18
..................................................................


WIND (MPH)
  RESULTANT WIND SPEED   9   RESULTANT WIND DIRECTION  SW (240)
  HIGHEST WIND SPEED    17   HIGHEST WIND DIRECTION    SW (240)
  HIGHEST GUST SPEED    20   HIGHEST GUST DIRECTION    SW (230)
  AVERAGE WIND SPEED     9.7


SKY COVER
  AVERAGE SKY COVER 0.7


WEATHER CONDITIONS
 THE FOLLOWING WEATHER WAS RECORDED TODAY.
  HAZE


RELATIVE HUMIDITY (PERCENT)
 HIGHEST    80           500 AM
 LOWEST     63          1200 PM
 AVERAGE    72

..........................................................


THE HOQUIAM WA AIRPORT CLIMATE NORMALS FOR TOMORROW
                         NORMAL    RECORD    YEAR
 MAXIMUM TEMPERATURE (F)   65        90      1995
 MINIMUM TEMPERATURE (F)   52        39      1971


SUNRISE AND SUNSET
JUNE 27 2017..........SUNRISE   523 AM PDT   SUNSET   915 PM PDT
JUNE 28 2017..........SUNRISE   523 AM PDT   SUNSET   915 PM PDT


-  INDICATES NEGATIVE NUMBERS.
R  INDICATES RECORD WAS SET OR TIED.
MM INDICATES DATA IS MISSING.
T  INDICATES TRACE AMOUNT.




$$
