000
CDUS46 KSEW 160128
CLIHQM


CLIMATE REPORT
NATIONAL WEATHER SERVICE SEATTLE WA
528 PM PST FRI DEC 15 2017


...................................

...THE HOQUIAM WA AIRPORT CLIMATE SUMMARY FOR DECEMBER 15 2017...
VALID TODAY AS OF 0500 PM LOCAL TIME.

CLIMATE NORMAL PERIOD 1981 TO 2010
CLIMATE RECORD PERIOD 1953 TO 2017


WEATHER ITEM   OBSERVED TIME   RECORD YEAR NORMAL DEPARTURE LAST
                VALUE   (LST)  VALUE       VALUE  FROM      YEAR
                                                  NORMAL
..................................................................
TEMPERATURE (F)
 TODAY
  MAXIMUM         50    249 PM  57    1976  46      4       40
  MINIMUM         35   1244 AM  25    2008  37     -2       30
                                      1967
  AVERAGE         43                        41      2       35

PRECIPITATION (IN)
  TODAY            0.03          2.44 1999   0.31  -0.28     0.00
  MONTH TO DATE    1.61                      4.87  -3.26     4.43
  SINCE OCT 1     25.38                     22.57   2.81    36.20
  SINCE JAN 1     70.88                     62.46   8.42    81.11

DEGREE DAYS
 HEATING
  TODAY           22                        24     -2       30
  MONTH TO DATE  344                       347     -3      379
  SINCE DEC 1    344                       347     -3      379

 COOLING
  TODAY            0                         0      0        0
  MONTH TO DATE    0                         0      0        0
  SINCE DEC 1      0                         0      0        0
  SINCE JAN 1     77                        23     54       50
..................................................................


WIND (MPH)
  RESULTANT WIND SPEED   3   RESULTANT WIND DIRECTION  NW (300)
  HIGHEST WIND SPEED    18   HIGHEST WIND DIRECTION     W (270)
  HIGHEST GUST SPEED    28   HIGHEST GUST DIRECTION     W (270)
  AVERAGE WIND SPEED     5.1


SKY COVER
  AVERAGE SKY COVER 0.7


WEATHER CONDITIONS
 THE FOLLOWING WEATHER WAS RECORDED TODAY.
  LIGHT RAIN
  FOG


RELATIVE HUMIDITY (PERCENT)
 HIGHEST   100           300 AM
 LOWEST     71           300 PM
 AVERAGE    86

..........................................................


THE HOQUIAM WA AIRPORT CLIMATE NORMALS FOR TOMORROW
                         NORMAL    RECORD    YEAR
 MAXIMUM TEMPERATURE (F)   46        56      1976
 MINIMUM TEMPERATURE (F)   37        16      1964


SUNRISE AND SUNSET
DECEMBER 15 2017......SUNRISE   755 AM PST   SUNSET   427 PM PST
DECEMBER 16 2017......SUNRISE   756 AM PST   SUNSET   427 PM PST


-  INDICATES NEGATIVE NUMBERS.
R  INDICATES RECORD WAS SET OR TIED.
MM INDICATES DATA IS MISSING.
T  INDICATES TRACE AMOUNT.




$$
