000
CDUS44 KBRO 192234
CLIHRL


CLIMATE REPORT
NATIONAL WEATHER SERVICE BROWNSVILLE TX
434 PM CST MON FEB 19 2018


...................................

...THE HARLINGEN CLIMATE SUMMARY FOR FEBRUARY 19 2018...
VALID TODAY AS OF 0400 PM LOCAL TIME.

CLIMATE NORMAL PERIOD 1981 TO 2010
CLIMATE RECORD PERIOD 1912 TO 2018


WEATHER ITEM   OBSERVED TIME   RECORD YEAR NORMAL DEPARTURE LAST
                VALUE   (LST)  VALUE       VALUE  FROM      YEAR
                                                  NORMAL
..................................................................
TEMPERATURE (F)
 TODAY
  MAXIMUM         85    216 PM  95    1986  75     10       90
  MINIMUM         70    715 AM  34    1978  53     17       75
  AVERAGE         78                        64     14       83

PRECIPITATION (IN)
  TODAY            0.00          0.50 1921   0.04  -0.04     0.00
  MONTH TO DATE    0.14                      1.08  -0.94     0.29
  SINCE DEC 1      3.59                      3.40   0.19     2.52
  SINCE JAN 1      2.58                      2.14   0.44     1.19

SNOWFALL (IN)
  TODAY            0.0
  MONTH TO DATE    0.0
  SINCE DEC 1      1.0
  SINCE JUL 1      1.0
  SNOW DEPTH       0

DEGREE DAYS
 HEATING
  TODAY            0                         4     -4        0
  MONTH TO DATE   68                        89    -21        9
  SINCE DEC 1    590                       480    110      215
  SINCE JUL 1    633                       537     96      230

 COOLING
  TODAY           13                         3     10       18
  MONTH TO DATE   95                        48     47      156
  SINCE DEC 1    203                       155     48      444
  SINCE JAN 1    118                        97     21      287
..................................................................


WIND (MPH)
  HIGHEST WIND SPEED    36   HIGHEST WIND DIRECTION     S (160)
  HIGHEST GUST SPEED    47   HIGHEST GUST DIRECTION     S (180)
  AVERAGE WIND SPEED    24.0



WEATHER CONDITIONS
 THE FOLLOWING WEATHER WAS RECORDED TODAY.
  NO SIGNIFICANT WEATHER WAS OBSERVED.


RELATIVE HUMIDITY (PERCENT)
 HIGHEST   100
 LOWEST     63
 AVERAGE    82

..........................................................


THE HARLINGEN CLIMATE NORMALS FOR TOMORROW
                         NORMAL    RECORD    YEAR
 MAXIMUM TEMPERATURE (F)   75        95      1912
 MINIMUM TEMPERATURE (F)   54        35      1942
                                             1978


SUNRISE AND SUNSET
FEBRUARY 19 2018......SUNRISE   703 AM CST   SUNSET   626 PM CST
FEBRUARY 20 2018......SUNRISE   702 AM CST   SUNSET   627 PM CST


-  INDICATES NEGATIVE NUMBERS.
R  INDICATES RECORD WAS SET OR TIED.
MM INDICATES DATA IS MISSING.
T  INDICATES TRACE AMOUNT.




$$
