000
CDUS44 KBRO 040730
CLIHRL


CLIMATE REPORT
NATIONAL WEATHER SERVICE BROWNSVILLE TX
127 AM CST SUN DEC 4 2016


...................................

...THE HARLINGEN CLIMATE SUMMARY FOR DECEMBER 3 2016...

CLIMATE NORMAL PERIOD 1981 TO 2010
CLIMATE RECORD PERIOD 1912 TO 2016


WEATHER ITEM   OBSERVED TIME   RECORD YEAR NORMAL DEPARTURE LAST
                VALUE   (LST)  VALUE       VALUE  FROM      YEAR
                                                  NORMAL
..................................................................
TEMPERATURE (F)
 YESTERDAY
  MAXIMUM         86    229 PM  93    1942  74     12       71
  MINIMUM         62   1159 PM  32    1927  52     10       47
  AVERAGE         74                        63     11       59

PRECIPITATION (IN)
  YESTERDAY        0.22          1.48 1979   0.05   0.17     0.00
  MONTH TO DATE    0.55                      0.15   0.40     0.02
  SINCE DEC 1      0.55                      0.15   0.40     0.02
  SINCE JAN 1     20.81                     24.07  -3.26    32.92

SNOWFALL (IN)
  YESTERDAY        0.0
  MONTH TO DATE    0.0
  SINCE DEC 1      0.0
  SINCE JUL 1      0.0

DEGREE DAYS
 HEATING
  YESTERDAY        0                         5     -5        6
  MONTH TO DATE    0                        14    -14       15
  SINCE DEC 1      0                        14    -14       15
  SINCE JUL 1     15                        71    -56       51

 COOLING
  YESTERDAY        9                         3      6        0
  MONTH TO DATE   20                         9     11        0
  SINCE DEC 1     20                         9     11        0
  SINCE JAN 1   4658                      3943    715     4244
..................................................................


WIND (MPH)
  HIGHEST WIND SPEED    26   HIGHEST WIND DIRECTION     S (180)
  HIGHEST GUST SPEED    31   HIGHEST GUST DIRECTION     S (180)
  AVERAGE WIND SPEED    13.7



WEATHER CONDITIONS
 THE FOLLOWING WEATHER WAS RECORDED YESTERDAY.
  RAIN
  LIGHT RAIN
  FOG
  HAZE


RELATIVE HUMIDITY (PERCENT)
 HIGHEST   100
 LOWEST     65
 AVERAGE    83

..........................................................


THE HARLINGEN CLIMATE NORMALS FOR TODAY
                         NORMAL    RECORD    YEAR
 MAXIMUM TEMPERATURE (F)   74        90      1978
 MINIMUM TEMPERATURE (F)   52        30      1929


SUNRISE AND SUNSET
DECEMBER  4 2016......SUNRISE   704 AM CST   SUNSET   538 PM CST
DECEMBER  5 2016......SUNRISE   704 AM CST   SUNSET   539 PM CST


-  INDICATES NEGATIVE NUMBERS.
R  INDICATES RECORD WAS SET OR TIED.
MM INDICATES DATA IS MISSING.
T  INDICATES TRACE AMOUNT.




$$
