602
CDUS44 KBRO 222227
CLIHRL


CLIMATE REPORT
NATIONAL WEATHER SERVICE BROWNSVILLE TX
427 PM CST WED NOV 22 2017


...................................

...THE HARLINGEN CLIMATE SUMMARY FOR NOVEMBER 22 2017...
VALID TODAY AS OF 0400 PM LOCAL TIME.

CLIMATE NORMAL PERIOD 1981 TO 2010
CLIMATE RECORD PERIOD 1912 TO 2017


WEATHER ITEM   OBSERVED TIME   RECORD YEAR NORMAL DEPARTURE LAST
                VALUE   (LST)  VALUE       VALUE  FROM      YEAR
                                                  NORMAL
..................................................................
TEMPERATURE (F)
 TODAY
  MAXIMUM         72    345 PM  91    2011  77     -5       85
  MINIMUM         62    700 AM  33    1969  55      7       65
  AVERAGE         67                        66      1       75

PRECIPITATION (IN)
  TODAY            0.00          4.75 2013   0.03  -0.03     0.00
  MONTH TO DATE    0.72                      1.22  -0.50     2.38
  SINCE SEP 1      6.16                      9.43  -3.27     5.34
  SINCE JAN 1     18.33                     23.64  -5.31    20.24

SNOWFALL (IN)
  TODAY            0.0
  MONTH TO DATE    0.0
  SINCE SEP 1      0.0
  SINCE JUL 1      0.0
  SNOW DEPTH       0

DEGREE DAYS
 HEATING
  TODAY            0                         3     -3        0
  MONTH TO DATE   17                        27    -10       15
  SINCE SEP 1     31                        30      1       15
  SINCE JUL 1     31                        30      1       15

 COOLING
  TODAY            2                         4     -2       10
  MONTH TO DATE  203                       131     72      182
  SINCE SEP 1   1117                       983    134     1240
  SINCE JAN 1   4622                      3907    715     4559
..................................................................


WIND (MPH)
  HIGHEST WIND SPEED    25   HIGHEST WIND DIRECTION     N (340)
  HIGHEST GUST SPEED    32   HIGHEST GUST DIRECTION     N (350)
  AVERAGE WIND SPEED    16.7



WEATHER CONDITIONS
 THE FOLLOWING WEATHER WAS RECORDED TODAY.
  NO SIGNIFICANT WEATHER WAS OBSERVED.


RELATIVE HUMIDITY (PERCENT)
 HIGHEST   100
 LOWEST     47
 AVERAGE    74

..........................................................


THE HARLINGEN CLIMATE NORMALS FOR TOMORROW
                         NORMAL    RECORD    YEAR
 MAXIMUM TEMPERATURE (F)   77        90      1947
 MINIMUM TEMPERATURE (F)   55        33      1925


SUNRISE AND SUNSET
NOVEMBER 22 2017......SUNRISE   655 AM CST   SUNSET   539 PM CST
NOVEMBER 23 2017......SUNRISE   655 AM CST   SUNSET   539 PM CST


-  INDICATES NEGATIVE NUMBERS.
R  INDICATES RECORD WAS SET OR TIED.
MM INDICATES DATA IS MISSING.
T  INDICATES TRACE AMOUNT.




$$
