000
CDUS44 KBRO 292125
CLIHRL


CLIMATE REPORT
NATIONAL WEATHER SERVICE BROWNSVILLE TX
425 PM CDT FRI MAY 29 2015


...................................

...THE HARLINGEN CLIMATE SUMMARY FOR MAY 29 2015...
VALID TODAY AS OF 0400 PM LOCAL TIME.

CLIMATE NORMAL PERIOD 1981 TO 2010
CLIMATE RECORD PERIOD 1912 TO 2015


WEATHER ITEM   OBSERVED TIME   RECORD YEAR NORMAL DEPARTURE LAST
                VALUE   (LST)  VALUE       VALUE  FROM      YEAR
                                                  NORMAL
..................................................................
TEMPERATURE (F)
 TODAY
  MAXIMUM         90    217 PM 101    1922  92     -2       95
  MINIMUM         70    754 AM  61    1992  73     -3       70
  AVERAGE         80                        82     -2       83

PRECIPITATION (IN)
  TODAY            0.04          5.10 1929   0.08  -0.04     0.00
  MONTH TO DATE    1.17                      2.32  -1.15     1.89
  SINCE MAR 1      7.96                      5.28   2.68     3.84
  SINCE JAN 1     10.88                      7.75   3.13     4.84

SNOWFALL (IN)
  TODAY            0.0
  MONTH TO DATE    0.0
  SINCE MAR 1      0.0
  SINCE JUL 1      0.0
  SNOW DEPTH       0

DEGREE DAYS
 HEATING
  TODAY            0                         0      0        0
  MONTH TO DATE    0                         0      0        0
  SINCE MAR 1     74                        54     20      119
  SINCE JUL 1    767                       622    145      930

 COOLING
  TODAY           15                        18     -3       18
  MONTH TO DATE  495                       451     44      378
  SINCE MAR 1    995                       940     55      789
  SINCE JAN 1   1054                      1065    -11      900
..................................................................


WIND (MPH)
  HIGHEST WIND SPEED    29   HIGHEST WIND DIRECTION     N (10)
  HIGHEST GUST SPEED    36   HIGHEST GUST DIRECTION     N (10)
  AVERAGE WIND SPEED     9.5



WEATHER CONDITIONS
 THE FOLLOWING WEATHER WAS RECORDED TODAY.
  THUNDERSTORM
  RAIN
  LIGHT RAIN
  FOG


RELATIVE HUMIDITY (PERCENT)
 HIGHEST    97
 LOWEST     56
 AVERAGE    77

..........................................................


THE HARLINGEN CLIMATE NORMALS FOR TOMORROW
                         NORMAL    RECORD    YEAR
 MAXIMUM TEMPERATURE (F)   93        98      2012
                                             2011
 MINIMUM TEMPERATURE (F)   73        55      1992


SUNRISE AND SUNSET
MAY 29 2015...........SUNRISE   639 AM CDT   SUNSET   817 PM CDT
MAY 30 2015...........SUNRISE   639 AM CDT   SUNSET   818 PM CDT


-  INDICATES NEGATIVE NUMBERS.
R  INDICATES RECORD WAS SET OR TIED.
MM INDICATES DATA IS MISSING.
T  INDICATES TRACE AMOUNT.




$$
