000
CDUS44 KBRO 270631
CLIHRL


CLIMATE REPORT
NATIONAL WEATHER SERVICE BROWNSVILLE TX
131 AM CDT TUE JUN 27 2017


...................................

...THE HARLINGEN CLIMATE SUMMARY FOR JUNE 26 2017...

CLIMATE NORMAL PERIOD 1981 TO 2010
CLIMATE RECORD PERIOD 1912 TO 2017


WEATHER ITEM   OBSERVED TIME   RECORD YEAR NORMAL DEPARTURE LAST
                VALUE   (LST)  VALUE       VALUE  FROM      YEAR
                                                  NORMAL
..................................................................
TEMPERATURE (F)
 YESTERDAY
  MAXIMUM         92    343 PM 106    2012  94     -2       95
  MINIMUM         75    507 AM  59    1974  75      0       77
  AVERAGE         84                        84      0       86

PRECIPITATION (IN)
  YESTERDAY        T             1.00 1940   0.10  -0.10     0.00
  MONTH TO DATE    1.12                      2.08  -0.96     5.12
  SINCE JUN 1      1.12                      2.08  -0.96     5.12
  SINCE JAN 1      7.71                     10.00  -2.29    12.01

SNOWFALL (IN)
  YESTERDAY        0.0
  MONTH TO DATE    0.0
  SINCE JUN 1      0.0
  SINCE JUL 1      0.0

DEGREE DAYS
 HEATING
  YESTERDAY        0                         0      0        0
  MONTH TO DATE    0                         0      0        0
  SINCE JUN 1      0                         0      0        0
  SINCE JUL 1    234                       622   -388      389

 COOLING
  YESTERDAY       19                        20     -1       21
  MONTH TO DATE  532                       488     44      501
  SINCE JUN 1    532                       488     44      501
  SINCE JAN 1   2067                      1589    478     1862
..................................................................


WIND (MPH)
  HIGHEST WIND SPEED    20   HIGHEST WIND DIRECTION     E (110)
  HIGHEST GUST SPEED    24   HIGHEST GUST DIRECTION     E (90)
  AVERAGE WIND SPEED     7.4



WEATHER CONDITIONS
 THE FOLLOWING WEATHER WAS RECORDED YESTERDAY.
  LIGHT RAIN


RELATIVE HUMIDITY (PERCENT)
 HIGHEST   100
 LOWEST     60
 AVERAGE    80

..........................................................


THE HARLINGEN CLIMATE NORMALS FOR TODAY
                         NORMAL    RECORD    YEAR
 MAXIMUM TEMPERATURE (F)   94       105      2012
 MINIMUM TEMPERATURE (F)   75        59      1974


SUNRISE AND SUNSET
JUNE 27 2017..........SUNRISE   641 AM CDT   SUNSET   827 PM CDT
JUNE 28 2017..........SUNRISE   641 AM CDT   SUNSET   827 PM CDT


-  INDICATES NEGATIVE NUMBERS.
R  INDICATES RECORD WAS SET OR TIED.
MM INDICATES DATA IS MISSING.
T  INDICATES TRACE AMOUNT.




$$
