000
CDUS44 KBRO 160625
CLIHRL


CLIMATE REPORT
NATIONAL WEATHER SERVICE BROWNSVILLE TX
125 AM CDT TUE SEP 16 2014


...................................

...THE HARLINGEN CLIMATE SUMMARY FOR SEPTEMBER 15 2014...

CLIMATE NORMAL PERIOD 1981 TO 2010
CLIMATE RECORD PERIOD 1912 TO 2014


WEATHER ITEM   OBSERVED TIME   RECORD YEAR NORMAL DEPARTURE LAST
                VALUE   (LST)  VALUE       VALUE  FROM      YEAR
                                                  NORMAL
..................................................................
TEMPERATURE (F)
 YESTERDAY
  MAXIMUM         87    313 PM 100    1950  91     -4       87
                                      1965
  MINIMUM         72    647 AM  62    1942  73     -1       77
  AVERAGE         80                        82     -2       82

PRECIPITATION (IN)
  YESTERDAY        0.07          3.35 1955   0.19  -0.12     0.81
  MONTH TO DATE    5.20                      2.70   2.50     5.42
  SINCE SEP 1      5.20                      2.70   2.50     5.42
  SINCE JAN 1     11.85                     16.91  -5.06    17.26

SNOWFALL (IN)
  YESTERDAY        0.0
  MONTH TO DATE    0.0
  SINCE SEP 1      0.0
  SINCE JUL 1      0.0

DEGREE DAYS
 HEATING
  YESTERDAY        0                         0      0        0
  MONTH TO DATE    0                         0      0        0
  SINCE SEP 1      0                         0      0        0
  SINCE JUL 1      0                         0      0        0

 COOLING
  YESTERDAY       15                        17     -2       17
  MONTH TO DATE  277                       273      4      251
  SINCE SEP 1    277                       273      4      251
  SINCE JAN 1   3174                      3197    -23     3268
..................................................................


WIND (MPH)
  HIGHEST WIND SPEED     6   HIGHEST WIND DIRECTION     W (290)
  HIGHEST GUST SPEED     7   HIGHEST GUST DIRECTION     W (280)
  AVERAGE WIND SPEED     7.9



WEATHER CONDITIONS
 THE FOLLOWING WEATHER WAS RECORDED YESTERDAY.
  LIGHT RAIN
  FOG


RELATIVE HUMIDITY (PERCENT)
 HIGHEST   100
 LOWEST     70
 AVERAGE    85

..........................................................


THE HARLINGEN CLIMATE NORMALS FOR TODAY
                         NORMAL    RECORD    YEAR
 MAXIMUM TEMPERATURE (F)   91       102      1959
                                             2000
 MINIMUM TEMPERATURE (F)   73        62      1979
                                             1993


SUNRISE AND SUNSET
SEPTEMBER 16 2014.....SUNRISE   717 AM CDT   SUNSET   734 PM CDT
SEPTEMBER 17 2014.....SUNRISE   717 AM CDT   SUNSET   733 PM CDT


-  INDICATES NEGATIVE NUMBERS.
R  INDICATES RECORD WAS SET OR TIED.
MM INDICATES DATA IS MISSING.
T  INDICATES TRACE AMOUNT.




$$
