000
CDUS44 KBRO 220626
CLIHRL


CLIMATE REPORT
NATIONAL WEATHER SERVICE BROWNSVILLE TX
125 AM CDT TUE AUG 22 2017


...................................

...THE HARLINGEN CLIMATE SUMMARY FOR AUGUST 21 2017...

CLIMATE NORMAL PERIOD 1981 TO 2010
CLIMATE RECORD PERIOD 1912 TO 2017


WEATHER ITEM   OBSERVED TIME   RECORD YEAR NORMAL DEPARTURE LAST
                VALUE   (LST)  VALUE       VALUE  FROM      YEAR
                                                  NORMAL
..................................................................
TEMPERATURE (F)
 YESTERDAY
  MAXIMUM         96    336 PM 104    1930  96      0       96
  MINIMUM         75    621 AM  66    1931  75      0       79
  AVERAGE         86                        85      1       88

PRECIPITATION (IN)
  YESTERDAY        T             1.21 1915   0.06  -0.06      T
  MONTH TO DATE    0.60                      0.82  -0.22     2.16
  SINCE JUN 1      5.14                      5.25  -0.11     7.40
  SINCE JAN 1     11.73                     13.17  -1.44    14.29

SNOWFALL (IN)
  YESTERDAY        0.0
  MONTH TO DATE    0.0
  SINCE JUN 1      0.0
  SINCE JUL 1      0.0

DEGREE DAYS
 HEATING
  YESTERDAY        0                         0      0        0
  MONTH TO DATE    0                         0      0        0
  SINCE JUN 1      0                         0      0        0
  SINCE JUL 1      0                         0      0        0

 COOLING
  YESTERDAY       21                        20      1       23
  MONTH TO DATE  480                       438     42      467
  SINCE JUN 1   1757                      1629    128     1747
  SINCE JAN 1   3292                      2730    562     3108
..................................................................


WIND (MPH)
  HIGHEST WIND SPEED    21   HIGHEST WIND DIRECTION     E (90)
  HIGHEST GUST SPEED    28   HIGHEST GUST DIRECTION     E (110)
  AVERAGE WIND SPEED     8.2



WEATHER CONDITIONS
 THE FOLLOWING WEATHER WAS RECORDED YESTERDAY.
  LIGHT RAIN


RELATIVE HUMIDITY (PERCENT)
 HIGHEST   100
 LOWEST     45
 AVERAGE    73

..........................................................


THE HARLINGEN CLIMATE NORMALS FOR TODAY
                         NORMAL    RECORD    YEAR
 MAXIMUM TEMPERATURE (F)   96       103      1958
 MINIMUM TEMPERATURE (F)   75        64      1946


SUNRISE AND SUNSET
AUGUST 22 2017........SUNRISE   706 AM CDT   SUNSET   800 PM CDT
AUGUST 23 2017........SUNRISE   707 AM CDT   SUNSET   759 PM CDT


-  INDICATES NEGATIVE NUMBERS.
R  INDICATES RECORD WAS SET OR TIED.
MM INDICATES DATA IS MISSING.
T  INDICATES TRACE AMOUNT.




$$
