000
CDUS44 KBRO 280633
CLIHRL


CLIMATE REPORT
NATIONAL WEATHER SERVICE BROWNSVILLE TX
131 AM CDT WED SEP 28 2016


...................................

...THE HARLINGEN CLIMATE SUMMARY FOR SEPTEMBER 27 2016...

CLIMATE NORMAL PERIOD 1981 TO 2010
CLIMATE RECORD PERIOD 1912 TO 2016


WEATHER ITEM   OBSERVED TIME   RECORD YEAR NORMAL DEPARTURE LAST
                VALUE   (LST)  VALUE       VALUE  FROM      YEAR
                                                  NORMAL
..................................................................
TEMPERATURE (F)
 YESTERDAY
  MAXIMUM         82    402 PM 100    2011  89     -7       89
                                      2005
  MINIMUM         72    830 AM  53    2000  70      2       68
  AVERAGE         77                        80     -3       79

PRECIPITATION (IN)
  YESTERDAY        T             4.40 1944   0.14  -0.14     0.00
  MONTH TO DATE    2.32                      4.76  -2.44     4.68
  SINCE SEP 1      2.32                      4.76  -2.44     4.68
  SINCE JAN 1     17.22                     18.97  -1.75    24.24

SNOWFALL (IN)
  YESTERDAY        0.0
  MONTH TO DATE    0.0
  SINCE SEP 1      0.0
  SINCE JUL 1      0.0

DEGREE DAYS
 HEATING
  YESTERDAY        0                         0      0        0
  MONTH TO DATE    0                         0      0        0
  SINCE SEP 1      0                         0      0        0
  SINCE JUL 1      0                         0      0        0

 COOLING
  YESTERDAY       12                        15     -3       14
  MONTH TO DATE  553                       462     91      503
  SINCE SEP 1    553                       462     91      503
  SINCE JAN 1   3872                      3386    486     3494
..................................................................


WIND (MPH)
  HIGHEST WIND SPEED    21   HIGHEST WIND DIRECTION     N (340)
  HIGHEST GUST SPEED    29   HIGHEST GUST DIRECTION     N (360)
  AVERAGE WIND SPEED    12.5



WEATHER CONDITIONS
 THE FOLLOWING WEATHER WAS RECORDED YESTERDAY.
  LIGHT RAIN
  FOG


RELATIVE HUMIDITY (PERCENT)
 HIGHEST   100
 LOWEST     74
 AVERAGE    87

..........................................................


THE HARLINGEN CLIMATE NORMALS FOR TODAY
                         NORMAL    RECORD    YEAR
 MAXIMUM TEMPERATURE (F)   89       102      2005
                                             1953
 MINIMUM TEMPERATURE (F)   70        52      1942


SUNRISE AND SUNSET
SEPTEMBER 28 2016.....SUNRISE   722 AM CDT   SUNSET   720 PM CDT
SEPTEMBER 29 2016.....SUNRISE   722 AM CDT   SUNSET   719 PM CDT


-  INDICATES NEGATIVE NUMBERS.
R  INDICATES RECORD WAS SET OR TIED.
MM INDICATES DATA IS MISSING.
T  INDICATES TRACE AMOUNT.




$$
