000
CDUS44 KBRO 250628
CLIHRL


CLIMATE REPORT
NATIONAL WEATHER SERVICE BROWNSVILLE TX
126 AM CDT SAT MAR 25 2017


...................................

...THE HARLINGEN CLIMATE SUMMARY FOR MARCH 24 2017...

CLIMATE NORMAL PERIOD 1981 TO 2010
CLIMATE RECORD PERIOD 1912 TO 2017


WEATHER ITEM   OBSERVED TIME   RECORD YEAR NORMAL DEPARTURE LAST
                VALUE   (LST)  VALUE       VALUE  FROM      YEAR
                                                  NORMAL
..................................................................
TEMPERATURE (F)
 YESTERDAY
  MAXIMUM         86    340 PM 102    1945  82      4       83
  MINIMUM         73   1159 PM  37    1952  60     13       55
  AVERAGE         80                        71      9       69

PRECIPITATION (IN)
  YESTERDAY        0.00          1.30 1940   0.06  -0.06     0.07
  MONTH TO DATE    2.22                      0.94   1.28     1.78
  SINCE MAR 1      2.22                      0.94   1.28     1.78
  SINCE JAN 1      3.53                      3.41   0.12     3.69

SNOWFALL (IN)
  YESTERDAY        0.0
  MONTH TO DATE    0.0
  SINCE MAR 1      0.0
  SINCE JUL 1      0.0

DEGREE DAYS
 HEATING
  YESTERDAY        0                         1     -1        0
  MONTH TO DATE    4                        42    -38       11
  SINCE MAR 1      4                        42    -38       11
  SINCE JUL 1    234                       610   -376      387

 COOLING
  YESTERDAY       15                         7      8        4
  MONTH TO DATE  205                       120     85      215
  SINCE MAR 1    205                       120     85      215
  SINCE JAN 1    572                       245    327      355
..................................................................


WIND (MPH)
  HIGHEST WIND SPEED    37   HIGHEST WIND DIRECTION     S (180)
  HIGHEST GUST SPEED    47   HIGHEST GUST DIRECTION     S (180)
  AVERAGE WIND SPEED    22.4



WEATHER CONDITIONS
 THE FOLLOWING WEATHER WAS RECORDED YESTERDAY.
  NO SIGNIFICANT WEATHER WAS OBSERVED.


RELATIVE HUMIDITY (PERCENT)
 HIGHEST    93
 LOWEST     51
 AVERAGE    72

..........................................................


THE HARLINGEN CLIMATE NORMALS FOR TODAY
                         NORMAL    RECORD    YEAR
 MAXIMUM TEMPERATURE (F)   82       102      1928
 MINIMUM TEMPERATURE (F)   60        39      1952


SUNRISE AND SUNSET
MARCH 25 2017.........SUNRISE   729 AM CDT   SUNSET   744 PM CDT
MARCH 26 2017.........SUNRISE   728 AM CDT   SUNSET   745 PM CDT


-  INDICATES NEGATIVE NUMBERS.
R  INDICATES RECORD WAS SET OR TIED.
MM INDICATES DATA IS MISSING.
T  INDICATES TRACE AMOUNT.




$$
