000
CDUS44 KBRO 012139
CLIHRL


CLIMATE REPORT
NATIONAL WEATHER SERVICE BROWNSVILLE TX
437 PM CDT SUN MAY 1 2016


...................................

...THE HARLINGEN CLIMATE SUMMARY FOR MAY 1 2016...
VALID TODAY AS OF 0400 PM LOCAL TIME.

CLIMATE NORMAL PERIOD 1981 TO 2010
CLIMATE RECORD PERIOD 1912 TO 2016


WEATHER ITEM   OBSERVED TIME   RECORD YEAR NORMAL DEPARTURE LAST
                VALUE   (LST)  VALUE       VALUE  FROM      YEAR
                                                  NORMAL
..................................................................
TEMPERATURE (F)
 TODAY
  MAXIMUM         91    258 PM 100    1933  88      3       85
  MINIMUM         76   1257 AM  46    1925  68      8       59
  AVERAGE         84                        78      6       72

PRECIPITATION (IN)
  TODAY            0.00          6.09 1982   0.07  -0.07     0.00
  MONTH TO DATE    0.00                      0.07  -0.07     0.00
  SINCE MAR 1      2.27                      3.03  -0.76     6.79
  SINCE JAN 1      4.18                      5.50  -1.32     9.71

SNOWFALL (IN)
  TODAY            0.0
  MONTH TO DATE    0.0
  SINCE MAR 1      0.0
  SINCE JUL 1      0.0
  SNOW DEPTH       0

DEGREE DAYS
 HEATING
  TODAY            0                         0      0        0
  MONTH TO DATE    0                         0      0        0
  SINCE MAR 1     13                        54    -41       74
  SINCE JUL 1    389                       622   -233      767

 COOLING
  TODAY           19                        13      6        7
  MONTH TO DATE   19                        13      6        7
  SINCE MAR 1    691                       502    189      507
  SINCE JAN 1    831                       627    204      566
..................................................................


WIND (MPH)
  HIGHEST WIND SPEED    13   HIGHEST WIND DIRECTION     E (110)
  HIGHEST GUST SPEED    17   HIGHEST GUST DIRECTION    SE (120)
  AVERAGE WIND SPEED     5.8



WEATHER CONDITIONS
 THE FOLLOWING WEATHER WAS RECORDED TODAY.
  FOG
  HAZE


RELATIVE HUMIDITY (PERCENT)
 HIGHEST    94
 LOWEST     59
 AVERAGE    77

..........................................................


THE HARLINGEN CLIMATE NORMALS FOR TOMORROW
                         NORMAL    RECORD    YEAR
 MAXIMUM TEMPERATURE (F)   88       103      1953
 MINIMUM TEMPERATURE (F)   69        52      1976


SUNRISE AND SUNSET
MAY  1 2016...........SUNRISE   653 AM CDT   SUNSET   803 PM CDT
MAY  2 2016...........SUNRISE   652 AM CDT   SUNSET   803 PM CDT


-  INDICATES NEGATIVE NUMBERS.
R  INDICATES RECORD WAS SET OR TIED.
MM INDICATES DATA IS MISSING.
T  INDICATES TRACE AMOUNT.




$$
