000
CDUS44 KBRO 240628
CLIHRL


CLIMATE REPORT
NATIONAL WEATHER SERVICE BROWNSVILLE TX
127 AM CDT WED AUG 24 2016


...................................

...THE HARLINGEN CLIMATE SUMMARY FOR AUGUST 23 2016...

CLIMATE NORMAL PERIOD 1981 TO 2010
CLIMATE RECORD PERIOD 1912 TO 2016


WEATHER ITEM   OBSERVED TIME   RECORD YEAR NORMAL DEPARTURE LAST
                VALUE   (LST)  VALUE       VALUE  FROM      YEAR
                                                  NORMAL
..................................................................
TEMPERATURE (F)
 YESTERDAY
  MAXIMUM         99    136 PM 104    1958  96      3       99
  MINIMUM         77    243 AM  64    1927  75      2       79
  AVERAGE         88                        85      3       89

PRECIPITATION (IN)
  YESTERDAY        0.00          1.25 1994   0.07  -0.07     0.00
  MONTH TO DATE    2.16                      0.96   1.20     2.24
  SINCE JUN 1      7.40                      5.39   2.01     5.57
  SINCE JAN 1     14.29                     13.31   0.98    18.07

SNOWFALL (IN)
  YESTERDAY        0.0
  MONTH TO DATE    0.0
  SINCE JUN 1      0.0
  SINCE JUL 1      0.0

DEGREE DAYS
 HEATING
  YESTERDAY        0                         0      0        0
  MONTH TO DATE    0                         0      0        0
  SINCE JUN 1      0                         0      0        0
  SINCE JUL 1      0                         0      0        0

 COOLING
  YESTERDAY       23                        20      3       24
  MONTH TO DATE  512                       478     34      529
  SINCE JUN 1   1792                      1669    123     1751
  SINCE JAN 1   3153                      2770    383     2835
..................................................................


WIND (MPH)
  HIGHEST WIND SPEED    MM   HIGHEST WIND DIRECTION    MM
  HIGHEST GUST SPEED    MM   HIGHEST GUST DIRECTION    MM
  AVERAGE WIND SPEED    MM



WEATHER CONDITIONS
 THE FOLLOWING WEATHER WAS RECORDED YESTERDAY.
  NO SIGNIFICANT WEATHER WAS OBSERVED.


RELATIVE HUMIDITY (PERCENT)
 HIGHEST   100
 LOWEST     38
 AVERAGE    69

..........................................................


THE HARLINGEN CLIMATE NORMALS FOR TODAY
                         NORMAL    RECORD    YEAR
 MAXIMUM TEMPERATURE (F)   96       102      2010
                                             1936
                                             1952
 MINIMUM TEMPERATURE (F)   75        61      1927


SUNRISE AND SUNSET
AUGUST 24 2016........SUNRISE   707 AM CDT   SUNSET   758 PM CDT
AUGUST 25 2016........SUNRISE   708 AM CDT   SUNSET   757 PM CDT


-  INDICATES NEGATIVE NUMBERS.
R  INDICATES RECORD WAS SET OR TIED.
MM INDICATES DATA IS MISSING.
T  INDICATES TRACE AMOUNT.




$$
