000
CDUS44 KBRO 230625
CLIHRL


CLIMATE REPORT
NATIONAL WEATHER SERVICE BROWNSVILLE TX
125 AM CDT SAT AUG 23 2014


...................................

...THE HARLINGEN CLIMATE SUMMARY FOR AUGUST 22 2014...

CLIMATE NORMAL PERIOD 1981 TO 2010
CLIMATE RECORD PERIOD 1912 TO 2014


WEATHER ITEM   OBSERVED TIME   RECORD YEAR NORMAL DEPARTURE LAST
                VALUE   (LST)  VALUE       VALUE  FROM      YEAR
                                                  NORMAL
..................................................................
TEMPERATURE (F)
 YESTERDAY
  MAXIMUM        101    207 PM 103    1958  96      5       90
  MINIMUM         74    621 AM  64    1946  75     -1       76
  AVERAGE         88                        85      3       83

PRECIPITATION (IN)
  YESTERDAY        0.00          1.33 1999   0.07  -0.07     0.12
  MONTH TO DATE    0.44                      0.89  -0.45     0.59
  SINCE JUN 1      1.32                      5.32  -4.00     3.01
  SINCE JAN 1      6.16                     13.24  -7.08    10.18

SNOWFALL (IN)
  YESTERDAY        0.0
  MONTH TO DATE    0.0
  SINCE JUN 1      0.0
  SINCE JUL 1      0.0

DEGREE DAYS
 HEATING
  YESTERDAY        0                         0      0        0
  MONTH TO DATE    0                         0      0        0
  SINCE JUN 1      0                         0      0        0
  SINCE JUL 1      0                         0      0        0

 COOLING
  YESTERDAY       23                        20      3       18
  MONTH TO DATE  497                       458     39      481
  SINCE JUN 1   1769                      1649    120     1757
  SINCE JAN 1   2705                      2750    -45     2852
..................................................................


WIND (MPH)
  HIGHEST WIND SPEED    24   HIGHEST WIND DIRECTION    SE (140)
  HIGHEST GUST SPEED    32   HIGHEST GUST DIRECTION    SE (140)
  AVERAGE WIND SPEED    12.0



WEATHER CONDITIONS
 THE FOLLOWING WEATHER WAS RECORDED YESTERDAY.
  FOG


RELATIVE HUMIDITY (PERCENT)
 HIGHEST   100
 LOWEST     31
 AVERAGE    66

..........................................................


THE HARLINGEN CLIMATE NORMALS FOR TODAY
                         NORMAL    RECORD    YEAR
 MAXIMUM TEMPERATURE (F)   96       104      1958
 MINIMUM TEMPERATURE (F)   75        64      1927


SUNRISE AND SUNSET
AUGUST 23 2014........SUNRISE   707 AM CDT   SUNSET   759 PM CDT
AUGUST 24 2014........SUNRISE   707 AM CDT   SUNSET   758 PM CDT


-  INDICATES NEGATIVE NUMBERS.
R  INDICATES RECORD WAS SET OR TIED.
MM INDICATES DATA IS MISSING.
T  INDICATES TRACE AMOUNT.




$$
