000
CDUS44 KBRO 310625
CLIHRL


CLIMATE REPORT
NATIONAL WEATHER SERVICE BROWNSVILLE TX
125 AM CDT THU JUL 31 2014


...................................

...THE HARLINGEN CLIMATE SUMMARY FOR JULY 30 2014...

CLIMATE NORMAL PERIOD 1981 TO 2010
CLIMATE RECORD PERIOD 1912 TO 2014


WEATHER ITEM   OBSERVED TIME   RECORD YEAR NORMAL DEPARTURE LAST
                VALUE   (LST)  VALUE       VALUE  FROM      YEAR
                                                  NORMAL
..................................................................
TEMPERATURE (F)
 YESTERDAY
  MAXIMUM        101    225 PM 105    1946  96      5      100
  MINIMUM         74    623 AM  69    1971  75     -1       77
  AVERAGE         88                        86      2       89

PRECIPITATION (IN)
  YESTERDAY        0.00          0.30 1931   0.04  -0.04     0.00
  MONTH TO DATE    0.59                      1.88  -1.29     1.62
  SINCE JUN 1      0.88                      4.38  -3.50     2.42
  SINCE JAN 1      5.72                     12.30  -6.58     9.59

SNOWFALL (IN)
  YESTERDAY        0.0
  MONTH TO DATE    0.0
  SINCE JUN 1      0.0
  SINCE JUL 1      0.0

DEGREE DAYS
 HEATING
  YESTERDAY        0                         0      0        0
  MONTH TO DATE    0                         0      0        0
  SINCE JUN 1      0                         0      0        0
  SINCE JUL 1      0                         0      0        0

 COOLING
  YESTERDAY       23                        21      2       24
  MONTH TO DATE  626                       601     25      619
  SINCE JUN 1   1248                      1169     79     1254
  SINCE JAN 1   2184                      2270    -86     2349
..................................................................


WIND (MPH)
  HIGHEST WIND SPEED    24   HIGHEST WIND DIRECTION    SE (150)
  HIGHEST GUST SPEED    32   HIGHEST GUST DIRECTION    SE (150)
  AVERAGE WIND SPEED    13.1



WEATHER CONDITIONS
 THE FOLLOWING WEATHER WAS RECORDED YESTERDAY.
  NO SIGNIFICANT WEATHER WAS OBSERVED.


RELATIVE HUMIDITY (PERCENT)
 HIGHEST   100
 LOWEST     37
 AVERAGE    69

..........................................................


THE HARLINGEN CLIMATE NORMALS FOR TODAY
                         NORMAL    RECORD    YEAR
 MAXIMUM TEMPERATURE (F)   96       104      1960
 MINIMUM TEMPERATURE (F)   75        69      1971


SUNRISE AND SUNSET
JULY 31 2014..........SUNRISE   656 AM CDT   SUNSET   818 PM CDT
AUGUST  1 2014........SUNRISE   656 AM CDT   SUNSET   817 PM CDT


-  INDICATES NEGATIVE NUMBERS.
R  INDICATES RECORD WAS SET OR TIED.
MM INDICATES DATA IS MISSING.
T  INDICATES TRACE AMOUNT.




$$
