000
CDUS44 KBRO 050726
CLIHRL


CLIMATE REPORT
NATIONAL WEATHER SERVICE BROWNSVILLE TX
125 AM CST THU MAR 5 2015


...................................

...THE HARLINGEN CLIMATE SUMMARY FOR MARCH 4 2015...

CLIMATE NORMAL PERIOD 1981 TO 2010
CLIMATE RECORD PERIOD 1912 TO 2015


WEATHER ITEM   OBSERVED TIME   RECORD YEAR NORMAL DEPARTURE LAST
                VALUE   (LST)  VALUE       VALUE  FROM      YEAR
                                                  NORMAL
..................................................................
TEMPERATURE (F)
 YESTERDAY
  MAXIMUM         84    240 PM  95    1953  77      7       45
  MINIMUM         70   1105 PM  30    1922  55     15       38
  AVERAGE         77                        66     11       42

PRECIPITATION (IN)
  YESTERDAY        0.00          0.87 1915   0.04  -0.04     0.10
  MONTH TO DATE    0.06                      0.15  -0.09     0.19
  SINCE MAR 1      0.06                      0.15  -0.09     0.19
  SINCE JAN 1      2.98                      2.62   0.36     1.19

DEGREE DAYS
 HEATING
  YESTERDAY        0                         3     -3       23
  MONTH TO DATE   22                        12     10       41
  SINCE MAR 1     22                        12     10       41
  SINCE JUL 1    715                       580    135      852

 COOLING
  YESTERDAY       12                         4      8        0
  MONTH TO DATE   15                        16     -1       17
  SINCE MAR 1     15                        16     -1       17
  SINCE JAN 1     74                       141    -67      128
..................................................................


WIND (MPH)
  HIGHEST WIND SPEED    24   HIGHEST WIND DIRECTION     S (170)
  HIGHEST GUST SPEED    32   HIGHEST GUST DIRECTION     S (180)
  AVERAGE WIND SPEED    15.2



WEATHER CONDITIONS
 THE FOLLOWING WEATHER WAS RECORDED YESTERDAY.
  FOG


RELATIVE HUMIDITY (PERCENT)
 HIGHEST    97
 LOWEST     65
 AVERAGE    81

..........................................................


THE HARLINGEN CLIMATE NORMALS FOR TODAY
                         NORMAL    RECORD    YEAR
 MAXIMUM TEMPERATURE (F)   78        98      1983
 MINIMUM TEMPERATURE (F)   56        33      1965


SUNRISE AND SUNSET
MARCH  5 2015.........SUNRISE   650 AM CST   SUNSET   634 PM CST
MARCH  6 2015.........SUNRISE   649 AM CST   SUNSET   635 PM CST


-  INDICATES NEGATIVE NUMBERS.
R  INDICATES RECORD WAS SET OR TIED.
MM INDICATES DATA IS MISSING.
T  INDICATES TRACE AMOUNT.

$$
