000
CDUS44 KLZK 220907
CLIHRO


CLIMATE REPORT
NATIONAL WEATHER SERVICE LITTLE ROCK AR
406 AM CDT FRI AUG 22 2014


...................................

...THE HARRISON CLIMATE SUMMARY FOR AUGUST 21 2014...

CLIMATE NORMAL PERIOD 1981 TO 2010
CLIMATE RECORD PERIOD 1891 TO 2014


WEATHER ITEM   OBSERVED TIME   RECORD YEAR NORMAL DEPARTURE LAST
                VALUE   (LST)  VALUE       VALUE  FROM      YEAR
                                                  NORMAL
..................................................................
TEMPERATURE (F)
 YESTERDAY
  MAXIMUM         91    154 PM 105    1936  89      2       88
  MINIMUM         72    435 AM  47    1956  66      6       63
  AVERAGE         82                        77      5       76

PRECIPITATION (IN)
  YESTERDAY        0.00          1.37 1911   0.10  -0.10     0.00
  MONTH TO DATE    1.01                      2.47  -1.46     7.45
  SINCE JUN 1     11.23                      9.85   1.38    14.70
  SINCE JAN 1     26.54                     27.85  -1.31    32.82

SNOWFALL (IN)
  YESTERDAY        0.0          MM      MM   0.0    0.0      0.0
  MONTH TO DATE    0.0                       0.0    0.0      0.0
  SINCE JUN 1      0.0                       0.0    0.0      0.0
  SINCE JUL 1      0.0                       0.0    0.0      0.0
  SNOW DEPTH       0

DEGREE DAYS
 HEATING
  YESTERDAY        0                         0      0        0
  MONTH TO DATE    0                         0      0        1
  SINCE JUN 1      1                         6     -5        6
  SINCE JUL 1      1                         0      1        1

 COOLING
  YESTERDAY       17                        12      5       11
  MONTH TO DATE  243                       284    -41      190
  SINCE JUN 1    787                       963   -176      854
  SINCE JAN 1    974                      1102   -128     1000
..................................................................


WIND (MPH)
  HIGHEST WIND SPEED    15   HIGHEST WIND DIRECTION     S (160)
  HIGHEST GUST SPEED    21   HIGHEST GUST DIRECTION    SW (240)
  AVERAGE WIND SPEED     7.7


SKY COVER
  POSSIBLE SUNSHINE  MM
  AVERAGE SKY COVER 0.0


WEATHER CONDITIONS
 THE FOLLOWING WEATHER WAS RECORDED YESTERDAY.
  NO SIGNIFICANT WEATHER WAS OBSERVED.


RELATIVE HUMIDITY (PERCENT)
 HIGHEST    93           300 AM
 LOWEST     47           100 PM
 AVERAGE    70

..........................................................


THE HARRISON CLIMATE NORMALS FOR TODAY
                         NORMAL    RECORD    YEAR
 MAXIMUM TEMPERATURE (F)   89       104      1936
 MINIMUM TEMPERATURE (F)   66        45      1956


SUNRISE AND SUNSET
AUGUST 22 2014........SUNRISE   636 AM CDT   SUNSET   754 PM CDT
AUGUST 23 2014........SUNRISE   637 AM CDT   SUNSET   753 PM CDT


-  INDICATES NEGATIVE NUMBERS.
R  INDICATES RECORD WAS SET OR TIED.
MM INDICATES DATA IS MISSING.
T  INDICATES TRACE AMOUNT.




$$
