000
CDUS44 KLZK 280635
CLIHRO


CLIMATE REPORT
NATIONAL WEATHER SERVICE LITTLE ROCK AR
135 AM CDT TUE MAR 28 2017


...................................

...THE HARRISON CLIMATE SUMMARY FOR MARCH 27 2017...

CLIMATE NORMAL PERIOD 1981 TO 2010
CLIMATE RECORD PERIOD 1891 TO 2017


WEATHER ITEM   OBSERVED TIME   RECORD YEAR NORMAL DEPARTURE LAST
                VALUE   (LST)  VALUE       VALUE  FROM      YEAR
                                                  NORMAL
..................................................................
TEMPERATURE (F)
 YESTERDAY
  MAXIMUM         67    204 PM  81    2008  64      3       61
  MINIMUM         53   1159 PM  17    1955  41     12       37
  AVERAGE         60                        52      8       49

PRECIPITATION (IN)
  YESTERDAY        0.67          3.11 1977   0.13   0.54     0.00
  MONTH TO DATE    5.47                      3.23   2.24     3.18
  SINCE MAR 1      5.47                      3.23   2.24     3.18
  SINCE JAN 1      9.05                      8.43   0.62     5.46

SNOWFALL (IN)
  YESTERDAY        0.0           T    2011   0.0    0.0      0.0
                                      1996
  MONTH TO DATE    2.5                       2.0    0.5      0.0
  SINCE MAR 1      2.5                       2.0    0.5      0.0
  SINCE JUL 1      3.4                      11.2   -7.8      3.7
  SNOW DEPTH       0

DEGREE DAYS
 HEATING
  YESTERDAY        5                        13     -8       16
  MONTH TO DATE  342                       458   -116      330
  SINCE MAR 1    342                       458   -116      330
  SINCE JUL 1   2748                      3630   -882     2943

 COOLING
  YESTERDAY        0                         0      0        0
  MONTH TO DATE    6                         0      6        5
  SINCE MAR 1      6                         0      6        5
  SINCE JAN 1     13                         0     13        5
..................................................................


WIND (MPH)
  HIGHEST WIND SPEED    25   HIGHEST WIND DIRECTION    SE (140)
  HIGHEST GUST SPEED    35   HIGHEST GUST DIRECTION    SE (130)
  AVERAGE WIND SPEED     7.4


SKY COVER
  POSSIBLE SUNSHINE  MM
  AVERAGE SKY COVER 0.9


WEATHER CONDITIONS
 THE FOLLOWING WEATHER WAS RECORDED YESTERDAY.
  THUNDERSTORM
  HEAVY RAIN
  RAIN
  LIGHT RAIN
  FOG


RELATIVE HUMIDITY (PERCENT)
 HIGHEST   100          1200 AM
 LOWEST     68           200 PM
 AVERAGE    84

..........................................................


THE HARRISON CLIMATE NORMALS FOR TODAY
                         NORMAL    RECORD    YEAR
 MAXIMUM TEMPERATURE (F)   64        85      1963
                                             1928
 MINIMUM TEMPERATURE (F)   41        19      1947


SUNRISE AND SUNSET
MARCH 28 2017.........SUNRISE   704 AM CDT   SUNSET   732 PM CDT
MARCH 29 2017.........SUNRISE   703 AM CDT   SUNSET   732 PM CDT


-  INDICATES NEGATIVE NUMBERS.
R  INDICATES RECORD WAS SET OR TIED.
MM INDICATES DATA IS MISSING.
T  INDICATES TRACE AMOUNT.




$$
