458
CDUS44 KLZK 030650
CLIHRO


CLIMATE REPORT
NATIONAL WEATHER SERVICE LITTLE ROCK AR
150 AM CDT TUE MAY 3 2016


...................................

...THE HARRISON CLIMATE SUMMARY FOR MAY 2 2016...

CLIMATE NORMAL PERIOD 1981 TO 2010
CLIMATE RECORD PERIOD 1891 TO 2016


WEATHER ITEM   OBSERVED TIME   RECORD YEAR NORMAL DEPARTURE LAST
                VALUE   (LST)  VALUE       VALUE  FROM      YEAR
                                                  NORMAL
..................................................................
TEMPERATURE (F)
 YESTERDAY
  MAXIMUM         60    207 PM  91    1943  73    -13       77
  MINIMUM         47   1131 PM  26    1911  52     -5       45
  AVERAGE         54                        62     -8       61

PRECIPITATION (IN)
  YESTERDAY        T             3.13 1990   0.16  -0.16     0.00
  MONTH TO DATE    T                         0.33  -0.33     0.00
  SINCE MAR 1      7.06                      8.44  -1.38     8.70
  SINCE JAN 1      9.34                     13.64  -4.30    12.24

SNOWFALL (IN)
  YESTERDAY       MM            MM      MM   0.0   MM        0.0
  MONTH TO DATE    0.0                       0.0    0.0      0.0
  SINCE MAR 1      0.0                       2.3   -2.3      4.3
  SINCE JUL 1      3.7                      11.5   -7.8     13.6
  SNOW DEPTH       0

DEGREE DAYS
 HEATING
  YESTERDAY       11                         4      7        4
  MONTH TO DATE   14                         8      6       10
  SINCE MAR 1    530                       757   -227      713
  SINCE JUL 1   3143                      3929   -786     4108

 COOLING
  YESTERDAY        0                         2     -2        0
  MONTH TO DATE    0                         4     -4        0
  SINCE MAR 1     23                        41    -18       25
  SINCE JAN 1     23                        41    -18       25
..................................................................


WIND (MPH)
  HIGHEST WIND SPEED    12   HIGHEST WIND DIRECTION    NW (330)
  HIGHEST GUST SPEED    16   HIGHEST GUST DIRECTION    NW (330)
  AVERAGE WIND SPEED     4.8


SKY COVER
  POSSIBLE SUNSHINE  MM
  AVERAGE SKY COVER 0.7


WEATHER CONDITIONS
 THE FOLLOWING WEATHER WAS RECORDED YESTERDAY.
  LIGHT RAIN


RELATIVE HUMIDITY (PERCENT)
 HIGHEST    93           500 AM
 LOWEST     62           200 PM
 AVERAGE    78

..........................................................


THE HARRISON CLIMATE NORMALS FOR TODAY
                         NORMAL    RECORD    YEAR
 MAXIMUM TEMPERATURE (F)   73        90      1952
 MINIMUM TEMPERATURE (F)   52        30      1929


SUNRISE AND SUNSET
MAY  3 2016...........SUNRISE   617 AM CDT   SUNSET   802 PM CDT
MAY  4 2016...........SUNRISE   616 AM CDT   SUNSET   803 PM CDT


-  INDICATES NEGATIVE NUMBERS.
R  INDICATES RECORD WAS SET OR TIED.
MM INDICATES DATA IS MISSING.
T  INDICATES TRACE AMOUNT.




$$
