000
CDUS44 KLZK 220635
CLIHRO


CLIMATE REPORT
NATIONAL WEATHER SERVICE LITTLE ROCK AR
1234 AM CST WED NOV 22 2017


...................................

...THE HARRISON CLIMATE SUMMARY FOR NOVEMBER 21 2017...

CLIMATE NORMAL PERIOD 1981 TO 2010
CLIMATE RECORD PERIOD 1891 TO 2017


WEATHER ITEM   OBSERVED TIME   RECORD YEAR NORMAL DEPARTURE LAST
                VALUE   (LST)  VALUE       VALUE  FROM      YEAR
                                                  NORMAL
..................................................................
TEMPERATURE (F)
 YESTERDAY
  MAXIMUM         64   1127 AM  81    1908  56      8       62
  MINIMUM         37   1159 PM  11    1937  36      1       31
  AVERAGE         51                        46      5       47

PRECIPITATION (IN)
  YESTERDAY        0.00          1.64 2011   0.14  -0.14     0.00
                                      1916
  MONTH TO DATE    0.69                      3.05  -2.36     0.40
  SINCE SEP 1      3.73                     10.80  -7.07     4.87
  SINCE JAN 1     38.91                     39.76  -0.85    33.15

SNOWFALL (IN)
  YESTERDAY        0.0           2.0  1972   0.0    0.0      0.0
  MONTH TO DATE    0.0                       0.0    0.0      0.0
  SINCE SEP 1      0.0                       0.1   -0.1      0.0
  SINCE JUL 1      0.0                       0.1   -0.1      0.0
  SNOW DEPTH       0

DEGREE DAYS
 HEATING
  YESTERDAY       14                        19     -5       18
  MONTH TO DATE  278                       311    -33      206
  SINCE SEP 1    477                       575    -98      293
  SINCE JUL 1    477                       576    -99      293

 COOLING
  YESTERDAY        0                         0      0        0
  MONTH TO DATE   14                         0     14       24
  SINCE SEP 1    301                       201    100      336
  SINCE JAN 1   1406                      1412     -6     1647
..................................................................


WIND (MPH)
  HIGHEST WIND SPEED    15   HIGHEST WIND DIRECTION    NW (330)
  HIGHEST GUST SPEED    20   HIGHEST GUST DIRECTION    NW (330)
  AVERAGE WIND SPEED     7.8


SKY COVER
  POSSIBLE SUNSHINE  MM
  AVERAGE SKY COVER 0.0


WEATHER CONDITIONS
 THE FOLLOWING WEATHER WAS RECORDED YESTERDAY.
  NO SIGNIFICANT WEATHER WAS OBSERVED.


RELATIVE HUMIDITY (PERCENT)
 HIGHEST    67           300 AM
 LOWEST     39          1100 AM
 AVERAGE    53

..........................................................


THE HARRISON CLIMATE NORMALS FOR TODAY
                         NORMAL    RECORD    YEAR
 MAXIMUM TEMPERATURE (F)   56        81      1900
 MINIMUM TEMPERATURE (F)   36        10      1964


SUNRISE AND SUNSET
NOVEMBER 22 2017......SUNRISE   657 AM CST   SUNSET   500 PM CST
NOVEMBER 23 2017......SUNRISE   658 AM CST   SUNSET   500 PM CST


-  INDICATES NEGATIVE NUMBERS.
R  INDICATES RECORD WAS SET OR TIED.
MM INDICATES DATA IS MISSING.
T  INDICATES TRACE AMOUNT.




$$
