000
CDUS44 KLZK 302116
CLIHRO


CLIMATE REPORT
NATIONAL WEATHER SERVICE LITTLE ROCK AR
416 PM CDT SUN AUG 30 2015


...................................

...THE HARRISON CLIMATE SUMMARY FOR AUGUST 30 2015...
VALID TODAY AS OF 0400 PM LOCAL TIME.

CLIMATE NORMAL PERIOD 1981 TO 2010
CLIMATE RECORD PERIOD 1891 TO 2015


WEATHER ITEM   OBSERVED TIME   RECORD YEAR NORMAL DEPARTURE LAST
                VALUE   (LST)  VALUE       VALUE  FROM      YEAR
                                                  NORMAL
..................................................................
TEMPERATURE (F)
 TODAY
  MAXIMUM         85    220 PM 102    2000  87     -2       88
  MINIMUM         67    711 AM  46    1917  64      3       69
  AVERAGE         76                        75      1       79

PRECIPITATION (IN)
  TODAY            2.51R         2.21 1962   0.11   2.40      T
  MONTH TO DATE    5.13                      3.46   1.67     1.15
  SINCE JUN 1     17.27                     10.84   6.43    11.37
  SINCE JAN 1     40.22                     28.84  11.38    26.68

SNOWFALL (IN)
  TODAY            0.0          MM      MM   0.0    0.0      0.0
  MONTH TO DATE    0.0                       0.0    0.0      0.0
  SINCE JUN 1      0.0                       0.0    0.0      0.0
  SINCE JUL 1      0.0                       0.0    0.0      0.0
  SNOW DEPTH       0

DEGREE DAYS
 HEATING
  TODAY            0                         0      0        0
  MONTH TO DATE    1                         0      1        0
  SINCE JUN 1      1                         6     -5        1
  SINCE JUL 1      1                         0      1        1

 COOLING
  TODAY           11                        10      1       14
  MONTH TO DATE  292                       386    -94      386
  SINCE JUN 1   1086                      1065     21      930
  SINCE JAN 1   1210                      1204      6     1117
..................................................................


WIND (MPH)
  HIGHEST WIND SPEED    18   HIGHEST WIND DIRECTION    SW (220)
  HIGHEST GUST SPEED    26   HIGHEST GUST DIRECTION    SW (230)
  AVERAGE WIND SPEED    MM


SKY COVER
  POSSIBLE SUNSHINE  MM
  AVERAGE SKY COVER  MM


WEATHER CONDITIONS
 THE FOLLOWING WEATHER WAS RECORDED TODAY.
  HEAVY RAIN
  RAIN
  LIGHT RAIN
  FOG


RELATIVE HUMIDITY (PERCENT)
 HIGHEST    MM
 LOWEST     MM
 AVERAGE    MM

..........................................................


THE HARRISON CLIMATE NORMALS FOR TOMORROW
                         NORMAL    RECORD    YEAR
 MAXIMUM TEMPERATURE (F)   86       106      1913
 MINIMUM TEMPERATURE (F)   64        41      1915


SUNRISE AND SUNSET
AUGUST 30 2015........SUNRISE   642 AM CDT   SUNSET   744 PM CDT
AUGUST 31 2015........SUNRISE   643 AM CDT   SUNSET   742 PM CDT


-  INDICATES NEGATIVE NUMBERS.
R  INDICATES RECORD WAS SET OR TIED.
MM INDICATES DATA IS MISSING.
T  INDICATES TRACE AMOUNT.




$$
