000
CDUS44 KLZK 192202
CLIHRO


CLIMATE REPORT
NATIONAL WEATHER SERVICE LITTLE ROCK AR
401 PM CST THU JAN 19 2017


...................................

...THE HARRISON CLIMATE SUMMARY FOR JANUARY 19 2017...
VALID TODAY AS OF 0400 PM LOCAL TIME.

CLIMATE NORMAL PERIOD 1981 TO 2010
CLIMATE RECORD PERIOD 1891 TO 2017


WEATHER ITEM   OBSERVED TIME   RECORD YEAR NORMAL DEPARTURE LAST
                VALUE   (LST)  VALUE       VALUE  FROM      YEAR
                                                  NORMAL
..................................................................
TEMPERATURE (F)
 TODAY
  MAXIMUM         55    353 PM  78    1952  47      8       28
  MINIMUM         42    734 AM -13    1893  26     16       21
  AVERAGE         49                        36     13       25

PRECIPITATION (IN)
  TODAY            0.00          2.85 1990   0.08  -0.08     0.05
  MONTH TO DATE    1.44                      1.60  -0.16     0.85
  SINCE DEC 1      2.76                      4.80  -2.04     9.29
  SINCE JAN 1      1.44                      1.60  -0.16     0.85

SNOWFALL (IN)
  TODAY            0.0           4.1  1956   0.2   -0.2      0.1
  MONTH TO DATE    0.4                       2.0   -1.6      0.6
  SINCE DEC 1      0.9                       3.3   -2.4      0.6
  SINCE JUL 1      0.9                       3.8   -2.9      0.6
  SNOW DEPTH       0

DEGREE DAYS
 HEATING
  TODAY           16                        29    -13       40
  MONTH TO DATE  511                       551    -40      579
  SINCE DEC 1   1320                      1386    -66     1140
  SINCE JUL 1   1770                      2150   -380     1726

 COOLING
  TODAY            0                         0      0        0
  MONTH TO DATE    0                         0      0        0
  SINCE DEC 1      0                         0      0        2
  SINCE JAN 1      0                         0      0        0
..................................................................


WIND (MPH)
  HIGHEST WIND SPEED    15   HIGHEST WIND DIRECTION    SE (140)
  HIGHEST GUST SPEED    17   HIGHEST GUST DIRECTION    SE (140)
  AVERAGE WIND SPEED     7.4


SKY COVER
  POSSIBLE SUNSHINE  MM
  AVERAGE SKY COVER 1.0


WEATHER CONDITIONS
 THE FOLLOWING WEATHER WAS RECORDED TODAY.
  FOG
  FOG W/VISIBILITY <= 1/4 MILE


RELATIVE HUMIDITY (PERCENT)
 HIGHEST   100          1200 AM
 LOWEST     93           100 PM
 AVERAGE    97

..........................................................


THE HARRISON CLIMATE NORMALS FOR TOMORROW
                         NORMAL    RECORD    YEAR
 MAXIMUM TEMPERATURE (F)   47        73      1972
 MINIMUM TEMPERATURE (F)   26       -13      1985


SUNRISE AND SUNSET
JANUARY 19 2017.......SUNRISE   722 AM CST   SUNSET   526 PM CST
JANUARY 20 2017.......SUNRISE   721 AM CST   SUNSET   527 PM CST


-  INDICATES NEGATIVE NUMBERS.
R  INDICATES RECORD WAS SET OR TIED.
MM INDICATES DATA IS MISSING.
T  INDICATES TRACE AMOUNT.




$$
