335
CDUS44 KLZK 102158
CLIHRO


CLIMATE REPORT
NATIONAL WEATHER SERVICE LITTLE ROCK AR
358 PM CST SAT DEC 10 2016


...................................

...THE HARRISON CLIMATE SUMMARY FOR DECEMBER 10 2016...
VALID TODAY AS OF 0300 PM LOCAL TIME.

CLIMATE NORMAL PERIOD 1981 TO 2010
CLIMATE RECORD PERIOD 1891 TO 2016


WEATHER ITEM   OBSERVED TIME   RECORD YEAR NORMAL DEPARTURE LAST
                VALUE   (LST)  VALUE       VALUE  FROM      YEAR
                                                  NORMAL
..................................................................
TEMPERATURE (F)
 TODAY
  MAXIMUM         44    230 PM  74    2015  49     -5       74
  MINIMUM         26   1257 AM   1    1919  29     -3       47
  AVERAGE         35                        39     -4       61

PRECIPITATION (IN)
  TODAY            0.00          4.58 1971   0.10  -0.10     0.00
  MONTH TO DATE    0.53                      1.17  -0.64     0.00
  SINCE DEC 1      0.53                      1.17  -0.64     0.00
  SINCE JAN 1     34.62                     42.11  -7.49    54.20

SNOWFALL (IN)
  TODAY            0.0           0.5  2003   0.0    0.0      0.0
  MONTH TO DATE    0.0                       0.0    0.0      0.0
  SINCE DEC 1      0.0                       0.0    0.0      0.0
  SINCE JUL 1      0.0                       0.5   -0.5       T
  SNOW DEPTH       0

DEGREE DAYS
 HEATING
  TODAY           30                        26      4        4
  MONTH TO DATE  292                       245     47      177
  SINCE DEC 1    292                       245     47      177
  SINCE JUL 1    742                      1009   -267      763

 COOLING
  TODAY            0                         0      0        0
  MONTH TO DATE    0                         0      0        0
  SINCE DEC 1      0                         0      0        0
  SINCE JAN 1   1647                      1416    231     1464
..................................................................


WIND (MPH)
  HIGHEST WIND SPEED    18   HIGHEST WIND DIRECTION    SE (150)
  HIGHEST GUST SPEED    23   HIGHEST GUST DIRECTION    SE (150)
  AVERAGE WIND SPEED     7.8


SKY COVER
  POSSIBLE SUNSHINE  MM
  AVERAGE SKY COVER 0.9


WEATHER CONDITIONS
 THE FOLLOWING WEATHER WAS RECORDED TODAY.
  NO SIGNIFICANT WEATHER WAS OBSERVED.


RELATIVE HUMIDITY (PERCENT)
 HIGHEST    69           500 AM
 LOWEST     29           300 PM
 AVERAGE    49

..........................................................


THE HARRISON CLIMATE NORMALS FOR TOMORROW
                         NORMAL    RECORD    YEAR
 MAXIMUM TEMPERATURE (F)   48        80      1929
 MINIMUM TEMPERATURE (F)   29         3      1917


SUNRISE AND SUNSET
DECEMBER 10 2016......SUNRISE   713 AM CST   SUNSET   458 PM CST
DECEMBER 11 2016......SUNRISE   714 AM CST   SUNSET   458 PM CST


-  INDICATES NEGATIVE NUMBERS.
R  INDICATES RECORD WAS SET OR TIED.
MM INDICATES DATA IS MISSING.
T  INDICATES TRACE AMOUNT.




$$
