000
CDUS44 KLZK 230904
CLIHRO


CLIMATE REPORT
NATIONAL WEATHER SERVICE LITTLE ROCK AR
403 AM CDT WED JUL 23 2014


...................................

...THE HARRISON CLIMATE SUMMARY FOR JULY 22 2014...

CLIMATE NORMAL PERIOD 1981 TO 2010
CLIMATE RECORD PERIOD 1891 TO 2014


WEATHER ITEM   OBSERVED TIME   RECORD YEAR NORMAL DEPARTURE LAST
                VALUE   (LST)  VALUE       VALUE  FROM      YEAR
                                                  NORMAL
..................................................................
TEMPERATURE (F)
 YESTERDAY
  MAXIMUM         93    359 PM 106    1974  90      3       85
  MINIMUM         66    544 AM  45    1947  68     -2       66
  AVERAGE         80                        79      1       76

PRECIPITATION (IN)
  YESTERDAY        0.00          1.31 1950   0.11  -0.11     0.55
  MONTH TO DATE    0.27                      2.21  -1.94     3.66
  SINCE JUN 1      5.15                      6.45  -1.30     4.62
  SINCE JAN 1     20.46                     24.45  -3.99    22.74

SNOWFALL (IN)
  YESTERDAY        0.0          MM      MM   0.0    0.0      0.0
  MONTH TO DATE    0.0                       0.0    0.0      0.0
  SINCE JUN 1      0.0                       0.0    0.0      0.0
  SINCE JUL 1      0.0                       0.0    0.0      0.0
  SNOW DEPTH       0

DEGREE DAYS
 HEATING
  YESTERDAY        0                         0      0        0
  MONTH TO DATE    0                         0      0        0
  SINCE JUN 1      0                         6     -6        5
  SINCE JUL 1      0                         0      0        0

 COOLING
  YESTERDAY       15                        14      1       11
  MONTH TO DATE  183                       289   -106      267
  SINCE JUN 1    458                       554    -96      573
  SINCE JAN 1    645                       693    -48      719
..................................................................


WIND (MPH)
  HIGHEST WIND SPEED     9   HIGHEST WIND DIRECTION     S (160)
  HIGHEST GUST SPEED    12   HIGHEST GUST DIRECTION    SE (150)
  AVERAGE WIND SPEED     3.4


SKY COVER
  POSSIBLE SUNSHINE  MM
  AVERAGE SKY COVER 0.1


WEATHER CONDITIONS
 THE FOLLOWING WEATHER WAS RECORDED YESTERDAY.
  FOG


RELATIVE HUMIDITY (PERCENT)
 HIGHEST   100           300 AM
 LOWEST     46           300 PM
 AVERAGE    73

..........................................................


THE HARRISON CLIMATE NORMALS FOR TODAY
                         NORMAL    RECORD    YEAR
 MAXIMUM TEMPERATURE (F)   90       109      1901
 MINIMUM TEMPERATURE (F)   68        44      1947


SUNRISE AND SUNSET
JULY 23 2014..........SUNRISE   612 AM CDT   SUNSET   825 PM CDT
JULY 24 2014..........SUNRISE   613 AM CDT   SUNSET   825 PM CDT


-  INDICATES NEGATIVE NUMBERS.
R  INDICATES RECORD WAS SET OR TIED.
MM INDICATES DATA IS MISSING.
T  INDICATES TRACE AMOUNT.




$$
