537
CDUS44 KLZK 202206
CLIHRO


CLIMATE REPORT
NATIONAL WEATHER SERVICE LITTLE ROCK AR
401 PM CST TUE FEB 20 2018


...................................

...THE HARRISON CLIMATE SUMMARY FOR FEBRUARY 20 2018...
VALID TODAY AS OF 0400 PM LOCAL TIME.

CLIMATE NORMAL PERIOD 1981 TO 2010
CLIMATE RECORD PERIOD 1891 TO 2018


WEATHER ITEM   OBSERVED TIME   RECORD YEAR NORMAL DEPARTURE LAST
                VALUE   (LST)  VALUE       VALUE  FROM      YEAR
                                                  NORMAL
..................................................................
TEMPERATURE (F)
 TODAY
  MAXIMUM         70    232 PM  78    1996  52     18       69
  MINIMUM         63    744 AM   9    1918  32     31       57
                                      1908
  AVERAGE         67                        42     25       63

PRECIPITATION (IN)
  TODAY            T             2.14 1997   0.09  -0.09     0.23
  MONTH TO DATE    0.87                      1.82  -0.95     1.24
  SINCE DEC 1      5.38                      7.58  -2.20     4.74
  SINCE JAN 1      3.50                      4.38  -0.88     3.42

SNOWFALL (IN)
  TODAY            0.0           6.0  1912   0.1   -0.1      0.0
  MONTH TO DATE    0.3                       2.4   -2.1      0.0
  SINCE DEC 1      2.1                       7.9   -5.8      0.9
  SINCE JUL 1      2.1                       8.4   -6.3      0.9
  SNOW DEPTH       0

DEGREE DAYS
 HEATING
  TODAY            0                        23    -23        2
  MONTH TO DATE  471                       509    -38      311
  SINCE DEC 1   2196                      2231    -35     1861
  SINCE JUL 1   2792                      2995   -203     2311

 COOLING
  TODAY            2                         0      2        0
  MONTH TO DATE    7                         0      7        3
  SINCE DEC 1      7                         0      7        3
  SINCE JAN 1      7                         0      7        3
..................................................................


WIND (MPH)
  HIGHEST WIND SPEED    25   HIGHEST WIND DIRECTION     S (180)
  HIGHEST GUST SPEED    36   HIGHEST GUST DIRECTION     S (170)
  AVERAGE WIND SPEED    15.7


SKY COVER
  POSSIBLE SUNSHINE  MM
  AVERAGE SKY COVER 0.8


WEATHER CONDITIONS
 THE FOLLOWING WEATHER WAS RECORDED TODAY.
  THUNDERSTORM
  RAIN
  LIGHT RAIN
  FOG


RELATIVE HUMIDITY (PERCENT)
 HIGHEST   100           500 AM
 LOWEST     63          1200 AM
 AVERAGE    82

..........................................................


THE HARRISON CLIMATE NORMALS FOR TOMORROW
                         NORMAL    RECORD    YEAR
 MAXIMUM TEMPERATURE (F)   52        76      1897
 MINIMUM TEMPERATURE (F)   32         9      1963
                                             1939
                                             1911


SUNRISE AND SUNSET
FEBRUARY 20 2018......SUNRISE   654 AM CST   SUNSET   559 PM CST
FEBRUARY 21 2018......SUNRISE   653 AM CST   SUNSET   600 PM CST


-  INDICATES NEGATIVE NUMBERS.
R  INDICATES RECORD WAS SET OR TIED.
MM INDICATES DATA IS MISSING.
T  INDICATES TRACE AMOUNT.




$$
