000
CDUS44 KLZK 020905
CLIHRO


CLIMATE REPORT
NATIONAL WEATHER SERVICE LITTLE ROCK AR
405 AM CDT THU JUL 2 2015


...................................

...THE HARRISON CLIMATE SUMMARY FOR JULY 1 2015...

CLIMATE NORMAL PERIOD 1981 TO 2010
CLIMATE RECORD PERIOD 1891 TO 2015


WEATHER ITEM   OBSERVED TIME   RECORD YEAR NORMAL DEPARTURE LAST
                VALUE   (LST)  VALUE       VALUE  FROM      YEAR
                                                  NORMAL
..................................................................
TEMPERATURE (F)
 YESTERDAY
  MAXIMUM         86    226 PM 102    1941  88     -2       88
  MINIMUM         73    851 AM  48    1924  66      7       72
  AVERAGE         80                        77      3       80

PRECIPITATION (IN)
  YESTERDAY        0.01          1.65 1968   0.10  -0.09     0.00
  MONTH TO DATE    0.01                      0.10  -0.09     0.00
  SINCE JUN 1      5.53                      4.34   1.19     4.88
  SINCE JAN 1     28.48                     22.34   6.14    20.19

SNOWFALL (IN)
  YESTERDAY        0.0          MM      MM   0.0    0.0      0.0
  MONTH TO DATE    0.0                       0.0    0.0      0.0
  SINCE JUN 1      0.0                       0.0    0.0      0.0
  SINCE JUL 1      0.0                       0.0    0.0      0.0
  SNOW DEPTH       0

DEGREE DAYS
 HEATING
  YESTERDAY        0                         0      0        0
  MONTH TO DATE    0                         0      0        0
  SINCE JUN 1      0                         6     -6        0
  SINCE JUL 1      0                         0      0        0

 COOLING
  YESTERDAY       15                        12      3       15
  MONTH TO DATE   15                        12      3       15
  SINCE JUN 1    344                       277     67      290
  SINCE JAN 1    468                       416     52      477
..................................................................


WIND (MPH)
  HIGHEST WIND SPEED    16   HIGHEST WIND DIRECTION    SE (150)
  HIGHEST GUST SPEED    25   HIGHEST GUST DIRECTION     W (250)
  AVERAGE WIND SPEED     7.9


SKY COVER
  POSSIBLE SUNSHINE  MM
  AVERAGE SKY COVER 0.3


WEATHER CONDITIONS
 THE FOLLOWING WEATHER WAS RECORDED YESTERDAY.
  LIGHT RAIN


RELATIVE HUMIDITY (PERCENT)
 HIGHEST    87          1200 AM
 LOWEST     69          1200 PM
 AVERAGE    78

..........................................................


THE HARRISON CLIMATE NORMALS FOR TODAY
                         NORMAL    RECORD    YEAR
 MAXIMUM TEMPERATURE (F)   88       104      1933
 MINIMUM TEMPERATURE (F)   67        47      1924


SUNRISE AND SUNSET
JULY  2 2015..........SUNRISE   559 AM CDT   SUNSET   834 PM CDT
JULY  3 2015..........SUNRISE   600 AM CDT   SUNSET   834 PM CDT


-  INDICATES NEGATIVE NUMBERS.
R  INDICATES RECORD WAS SET OR TIED.
MM INDICATES DATA IS MISSING.
T  INDICATES TRACE AMOUNT.




$$
