000
CDUS44 KLZK 202100
CLIHRO


CLIMATE REPORT
NATIONAL WEATHER SERVICE LITTLE ROCK AR
400 PM CDT SAT SEP 20 2014


...................................

...THE HARRISON CLIMATE SUMMARY FOR SEPTEMBER 20 2014...
VALID TODAY AS OF 0400 PM LOCAL TIME.

CLIMATE NORMAL PERIOD 1981 TO 2010
CLIMATE RECORD PERIOD 1891 TO 2014


WEATHER ITEM   OBSERVED TIME   RECORD YEAR NORMAL DEPARTURE LAST
                VALUE   (LST)  VALUE       VALUE  FROM      YEAR
                                                  NORMAL
..................................................................
TEMPERATURE (F)
 TODAY
  MAXIMUM         86    117 PM 101    1954  79      7       76
  MINIMUM         62    554 AM  31    1918  56      6       57
  AVERAGE         74                        67      7       67

PRECIPITATION (IN)
  TODAY            T             1.62 1974   0.14  -0.14     0.74
  MONTH TO DATE    5.14                      2.82   2.32     1.09
  SINCE SEP 1      5.14                      2.82   2.32     1.09
  SINCE JAN 1     31.82                     31.78   0.04    33.91

SNOWFALL (IN)
  TODAY            0.0          MM      MM   0.0    0.0      0.0
  MONTH TO DATE    0.0                       0.0    0.0      0.0
  SINCE SEP 1      0.0                       0.0    0.0      0.0
  SINCE JUL 1      0.0                       0.0    0.0      0.0
  SNOW DEPTH       0

DEGREE DAYS
 HEATING
  TODAY            0                         2     -2        0
  MONTH TO DATE   22                        13      9        0
  SINCE SEP 1     22                        13      9        0
  SINCE JUL 1     23                        14      9        1

 COOLING
  TODAY            9                         4      5        2
  MONTH TO DATE  135                       136     -1      189
  SINCE SEP 1    135                       136     -1      189
  SINCE JAN 1   1265                      1347    -82     1333
..................................................................


WIND (MPH)
  HIGHEST WIND SPEED    10   HIGHEST WIND DIRECTION     S (190)
  HIGHEST GUST SPEED    14   HIGHEST GUST DIRECTION     S (160)
  AVERAGE WIND SPEED     4.1


SKY COVER
  POSSIBLE SUNSHINE  MM
  AVERAGE SKY COVER 0.2


WEATHER CONDITIONS
 THE FOLLOWING WEATHER WAS RECORDED TODAY.
  LIGHT RAIN
  FOG


RELATIVE HUMIDITY (PERCENT)
 HIGHEST   100           100 AM
 LOWEST     63          1200 PM
 AVERAGE    82

..........................................................


THE HARRISON CLIMATE NORMALS FOR TOMORROW
                         NORMAL    RECORD    YEAR
 MAXIMUM TEMPERATURE (F)   78        96      1955
 MINIMUM TEMPERATURE (F)   56        34      1918


SUNRISE AND SUNSET
SEPTEMBER 20 2014.....SUNRISE   659 AM CDT   SUNSET   712 PM CDT
SEPTEMBER 21 2014.....SUNRISE   700 AM CDT   SUNSET   711 PM CDT


-  INDICATES NEGATIVE NUMBERS.
R  INDICATES RECORD WAS SET OR TIED.
MM INDICATES DATA IS MISSING.
T  INDICATES TRACE AMOUNT.




$$
