184
CDUS42 KMHX 230529
CLIHSE


CLIMATE REPORT
NATIONAL WEATHER SERVICE NEWPORT/MOREHEAD CITY NC
129 AM EDT SAT SEP 23 2017


...................................

...THE CAPE HATTERAS NC CLIMATE SUMMARY FOR SEPTEMBER 22 2017...

CLIMATE NORMAL PERIOD 1981 TO 2010
CLIMATE RECORD PERIOD 1874 TO 2017


WEATHER ITEM   OBSERVED TIME   RECORD YEAR NORMAL DEPARTURE LAST
                VALUE   (LST)  VALUE       VALUE  FROM      YEAR
                                                  NORMAL
..................................................................
TEMPERATURE (F)
 YESTERDAY
  MAXIMUM         85    106 PM  88    1931  79      6       87
  MINIMUM         66    603 AM  54    1976  68     -2       74
  AVERAGE         76                        73      3       81

PRECIPITATION (IN)
  YESTERDAY        0.00          5.79 1952   0.18  -0.18     0.00
  MONTH TO DATE    6.84                      4.74   2.10     8.56
  SINCE SEP 1      6.84                      4.74   2.10     8.56
  SINCE JAN 1     49.20                     41.93   7.27    60.82

SNOWFALL (IN)
  YESTERDAY        0.0
  MONTH TO DATE    0.0
  SINCE NOV 1      T
  SINCE JUL 1      0.0
  SNOW DEPTH       0

DEGREE DAYS
 HEATING
  YESTERDAY        0                         0      0        0
  MONTH TO DATE    0                         0      0        0
  SINCE SEP 1      0                         0      0        0
  SINCE JUL 1      0                         0      0        0

 COOLING
  YESTERDAY       11                         8      3       16
  MONTH TO DATE  257                       229     28      311
  SINCE SEP 1    257                       229     28      311
  SINCE JAN 1   2018                      1535    483     1946
..................................................................


WIND (MPH)
  HIGHEST WIND SPEED     9   HIGHEST WIND DIRECTION    SW (210)
  HIGHEST GUST SPEED    11   HIGHEST GUST DIRECTION    SW (220)
  AVERAGE WIND SPEED     3.2


SKY COVER
  POSSIBLE SUNSHINE  MM
  AVERAGE SKY COVER 0.1


WEATHER CONDITIONS
 THE FOLLOWING WEATHER WAS RECORDED YESTERDAY.
  FOG


RELATIVE HUMIDITY (PERCENT)
 HIGHEST   100           300 AM
 LOWEST     59           100 PM
 AVERAGE    80

..........................................................


THE CAPE HATTERAS NC CLIMATE NORMALS FOR TODAY
                         NORMAL    RECORD    YEAR
 MAXIMUM TEMPERATURE (F)   78        88      1900
 MINIMUM TEMPERATURE (F)   67        49      1983


SUNRISE AND SUNSET
SEPTEMBER 23 2017.....SUNRISE   651 AM EDT   SUNSET   657 PM EDT
SEPTEMBER 24 2017.....SUNRISE   652 AM EDT   SUNSET   656 PM EDT


-  INDICATES NEGATIVE NUMBERS.
R  INDICATES RECORD WAS SET OR TIED.
MM INDICATES DATA IS MISSING.
T  INDICATES TRACE AMOUNT.




$$
