000
CDUS42 KMHX 300526
CLIHSE


CLIMATE REPORT
NATIONAL WEATHER SERVICE NEWPORT/MOREHEAD CITY NC
126 AM EDT MON MAY 30 2016


...................................

...THE CAPE HATTERAS NC CLIMATE SUMMARY FOR MAY 29 2016...

CLIMATE NORMAL PERIOD 1981 TO 2010
CLIMATE RECORD PERIOD 1874 TO 2016


WEATHER ITEM   OBSERVED TIME   RECORD YEAR NORMAL DEPARTURE LAST
                VALUE   (LST)  VALUE       VALUE  FROM      YEAR
                                                  NORMAL
..................................................................
TEMPERATURE (F)
 YESTERDAY
  MAXIMUM         86    102 PM  91    1991  77      9       84
  MINIMUM         73    734 AM  49    1961  64      9       65
  AVERAGE         80                        71      9       75

PRECIPITATION (IN)
  YESTERDAY        0.69          1.45 1921   0.11   0.58     0.00
  MONTH TO DATE    5.15                      3.35   1.80     3.21
  SINCE MAR 1     13.43                     11.76   1.67     7.68
  SINCE JAN 1     26.54                     21.02   5.52    19.63

SNOWFALL (IN)
  YESTERDAY        0.0
  MONTH TO DATE    0.0
  SINCE NOV 1      T
  SINCE JUL 1      T
  SNOW DEPTH       0

DEGREE DAYS
 HEATING
  YESTERDAY        0                         0      0        0
  MONTH TO DATE   21                        49    -28       56
  SINCE MAR 1    387                       659   -272      633
  SINCE JUL 1   1700                      2583   -883     2806

 COOLING
  YESTERDAY       15                         6      9       10
  MONTH TO DATE  136                       103     33      123
  SINCE MAR 1    190                       131     59      140
  SINCE JAN 1    191                       131     60      142
..................................................................


WIND (MPH)
  HIGHEST WIND SPEED    21   HIGHEST WIND DIRECTION     S (170)
  HIGHEST GUST SPEED    30   HIGHEST GUST DIRECTION     S (170)
  AVERAGE WIND SPEED    10.9


SKY COVER
  POSSIBLE SUNSHINE  MM
  AVERAGE SKY COVER 0.5


WEATHER CONDITIONS
 THE FOLLOWING WEATHER WAS RECORDED YESTERDAY.
  HEAVY RAIN
  RAIN
  LIGHT RAIN
  FOG


RELATIVE HUMIDITY (PERCENT)
 HIGHEST    94           100 AM
 LOWEST     70          1200 PM
 AVERAGE    82

..........................................................


THE CAPE HATTERAS NC CLIMATE NORMALS FOR TODAY
                         NORMAL    RECORD    YEAR
 MAXIMUM TEMPERATURE (F)   77        89      1991
 MINIMUM TEMPERATURE (F)   65        49      1968
                                             1895


SUNRISE AND SUNSET
MAY 30 2016...........SUNRISE   550 AM EDT   SUNSET   811 PM EDT
MAY 31 2016...........SUNRISE   549 AM EDT   SUNSET   812 PM EDT


-  INDICATES NEGATIVE NUMBERS.
R  INDICATES RECORD WAS SET OR TIED.
MM INDICATES DATA IS MISSING.
T  INDICATES TRACE AMOUNT.




$$
