000
CDUS42 KMHX 180525
CLIHSE


CLIMATE REPORT
NATIONAL WEATHER SERVICE NEWPORT/MOREHEAD CITY NC
1225 AM EST SAT NOV 18 2017


...................................

...THE CAPE HATTERAS NC CLIMATE SUMMARY FOR NOVEMBER 17 2017...

CLIMATE NORMAL PERIOD 1981 TO 2010
CLIMATE RECORD PERIOD 1874 TO 2017


WEATHER ITEM   OBSERVED TIME   RECORD YEAR NORMAL DEPARTURE LAST
                VALUE   (LST)  VALUE       VALUE  FROM      YEAR
                                                  NORMAL
..................................................................
TEMPERATURE (F)
 YESTERDAY
  MAXIMUM         56    216 AM  79    1993  64     -8       63
                                      1988
  MINIMUM         38    949 PM  22    1967  51    -13       47
  AVERAGE         47                        57    -10       55

PRECIPITATION (IN)
  YESTERDAY        0.00          1.93 2011   0.17  -0.17     0.00
  MONTH TO DATE    1.07                      3.00  -1.93     1.08
  SINCE SEP 1     10.32                     14.63  -4.31    14.98
  SINCE JAN 1     52.68                     51.82   0.86    67.24

SNOWFALL (IN)
  YESTERDAY        0.0
  MONTH TO DATE    0.0
  SINCE NOV 1      0.0
  SINCE JUL 1      0.0
  SNOW DEPTH       0

DEGREE DAYS
 HEATING
  YESTERDAY       18                         8     10       10
  MONTH TO DATE   83                       110    -27      101
  SINCE SEP 1    116                       185    -69      132
  SINCE JUL 1    116                       185    -69      132

 COOLING
  YESTERDAY        0                         1     -1        0
  MONTH TO DATE   29                        17     12        9
  SINCE SEP 1    589                       401    188      578
  SINCE JAN 1   2350                      1707    643     2213
..................................................................


WIND (MPH)
  HIGHEST WIND SPEED    15   HIGHEST WIND DIRECTION     N (20)
  HIGHEST GUST SPEED    24   HIGHEST GUST DIRECTION     N (20)
  AVERAGE WIND SPEED     6.3


SKY COVER
  POSSIBLE SUNSHINE  MM
  AVERAGE SKY COVER 0.0


WEATHER CONDITIONS
 THE FOLLOWING WEATHER WAS RECORDED YESTERDAY.
  NO SIGNIFICANT WEATHER WAS OBSERVED.


RELATIVE HUMIDITY (PERCENT)
 HIGHEST    93          1200 AM
 LOWEST     66          1100 AM
 AVERAGE    80

..........................................................


THE CAPE HATTERAS NC CLIMATE NORMALS FOR TODAY
                         NORMAL    RECORD    YEAR
 MAXIMUM TEMPERATURE (F)   63        79      1994
 MINIMUM TEMPERATURE (F)   51        28      1973


SUNRISE AND SUNSET
NOVEMBER 18 2017......SUNRISE   641 AM EST   SUNSET   455 PM EST
NOVEMBER 19 2017......SUNRISE   642 AM EST   SUNSET   454 PM EST


-  INDICATES NEGATIVE NUMBERS.
R  INDICATES RECORD WAS SET OR TIED.
MM INDICATES DATA IS MISSING.
T  INDICATES TRACE AMOUNT.




$$
