000
CDUS42 KMHX 230530
CLIHSE


CLIMATE REPORT
NATIONAL WEATHER SERVICE NEWPORT/MOREHEAD CITY NC
130 AM EDT THU OCT 23 2014


...................................

...THE CAPE HATTERAS NC CLIMATE SUMMARY FOR OCTOBER 22 2014...

CLIMATE NORMAL PERIOD 1981 TO 2010
CLIMATE RECORD PERIOD 1874 TO 2014


WEATHER ITEM   OBSERVED TIME   RECORD YEAR NORMAL DEPARTURE LAST
                VALUE   (LST)  VALUE       VALUE  FROM      YEAR
                                                  NORMAL
..................................................................
TEMPERATURE (F)
 YESTERDAY
  MAXIMUM         67   1223 AM  82    1990  70     -3       68
  MINIMUM         56    716 AM  38    1974  58     -2       63
  AVERAGE         62                        64     -2       66

PRECIPITATION (IN)
  YESTERDAY        0.00          2.44 1893   0.19  -0.19     0.01
  MONTH TO DATE    3.09                      3.85  -0.76     8.92
  SINCE SEP 1     13.93                     10.10   3.83    13.75
  SINCE JAN 1     54.98                     47.29   7.69    44.95

SNOWFALL (IN)
  YESTERDAY        0.0
  MONTH TO DATE    0.0
  SINCE NOV 1      5.7
  SINCE JUL 1      0.0
  SNOW DEPTH       0

DEGREE DAYS
 HEATING
  YESTERDAY        3                         3      0        0
  MONTH TO DATE   27                        37    -10        2
  SINCE SEP 1     27                        40    -13        6
  SINCE JUL 1     27                        40    -13        6

 COOLING
  YESTERDAY        0                         2     -2        1
  MONTH TO DATE   91                        83      8      131
  SINCE SEP 1    378                       369      9      423
  SINCE JAN 1   1754                      1675     79     1967
..................................................................


WIND (MPH)
  HIGHEST WIND SPEED    21   HIGHEST WIND DIRECTION    NW (310)
  HIGHEST GUST SPEED    33   HIGHEST GUST DIRECTION    NW (320)
  AVERAGE WIND SPEED    14.2


SKY COVER
  POSSIBLE SUNSHINE  MM
  AVERAGE SKY COVER 0.8


WEATHER CONDITIONS
 THE FOLLOWING WEATHER WAS RECORDED YESTERDAY.
  NO SIGNIFICANT WEATHER WAS OBSERVED.


RELATIVE HUMIDITY (PERCENT)
 HIGHEST    87          1200 AM
 LOWEST     72           300 AM
 AVERAGE    80

..........................................................


THE CAPE HATTERAS NC CLIMATE NORMALS FOR TODAY
                         NORMAL    RECORD    YEAR
 MAXIMUM TEMPERATURE (F)   70        83      2007
 MINIMUM TEMPERATURE (F)   57        38      1976
                                             1974


SUNRISE AND SUNSET
OCTOBER 23 2014.......SUNRISE   716 AM EDT   SUNSET   618 PM EDT
OCTOBER 24 2014.......SUNRISE   716 AM EDT   SUNSET   616 PM EDT


-  INDICATES NEGATIVE NUMBERS.
R  INDICATES RECORD WAS SET OR TIED.
MM INDICATES DATA IS MISSING.
T  INDICATES TRACE AMOUNT.




$$
