000
CDUS42 KMHX 160536
CLIHSE


CLIMATE REPORT
NATIONAL WEATHER SERVICE NEWPORT/MOREHEAD CITY NC
1236 AM EST TUE JAN 16 2018


...................................

...THE CAPE HATTERAS NC CLIMATE SUMMARY FOR JANUARY 15 2018...

CLIMATE NORMAL PERIOD 1981 TO 2010
CLIMATE RECORD PERIOD 1874 TO 2018


WEATHER ITEM   OBSERVED TIME   RECORD YEAR NORMAL DEPARTURE LAST
                VALUE   (LST)  VALUE       VALUE  FROM      YEAR
                                                  NORMAL
..................................................................
TEMPERATURE (F)
 YESTERDAY
  MAXIMUM         43    400 PM  74    1937  52     -9       51
  MINIMUM         35   1159 PM  19    1964  39     -4       44
  AVERAGE         39                        45     -6       48

PRECIPITATION (IN)
  YESTERDAY        0.03          2.29 1995   0.17  -0.14     0.00
  MONTH TO DATE    5.27                      2.55   2.72     2.76
  SINCE DEC 1     10.17                      6.82   3.35     7.77
  SINCE JAN 1      5.27                      2.55   2.72     2.76

SNOWFALL (IN)
  YESTERDAY        0.0
  MONTH TO DATE    1.0
  SINCE NOV 1      1.0
  SINCE JUL 1      1.0
  SNOW DEPTH      MM

DEGREE DAYS
 HEATING
  YESTERDAY       26                        20      6       17
  MONTH TO DATE  393                       293    100      199
  SINCE DEC 1    866                       782     84      585
  SINCE JUL 1   1112                      1100     12      857

 COOLING
  YESTERDAY        0                         0      0        0
  MONTH TO DATE    0                         0      0        0
  SINCE DEC 1      2                         3     -1        3
  SINCE JAN 1      0                         0      0        0
..................................................................


WIND (MPH)
  HIGHEST WIND SPEED    16   HIGHEST WIND DIRECTION     N (10)
  HIGHEST GUST SPEED    20   HIGHEST GUST DIRECTION    NE (30)
  AVERAGE WIND SPEED     8.6


SKY COVER
  POSSIBLE SUNSHINE  MM
  AVERAGE SKY COVER  MM


WEATHER CONDITIONS
 THE FOLLOWING WEATHER WAS RECORDED YESTERDAY.
  LIGHT RAIN


RELATIVE HUMIDITY (PERCENT)
 HIGHEST    MM
 LOWEST     MM
 AVERAGE    MM

..........................................................


THE CAPE HATTERAS NC CLIMATE NORMALS FOR TODAY
                         NORMAL    RECORD    YEAR
 MAXIMUM TEMPERATURE (F)   52        69      1950
                                             1913
 MINIMUM TEMPERATURE (F)   39        16      1994
                                             1972


SUNRISE AND SUNSET
JANUARY 16 2018.......SUNRISE   710 AM EST   SUNSET   515 PM EST
JANUARY 17 2018.......SUNRISE   710 AM EST   SUNSET   516 PM EST


-  INDICATES NEGATIVE NUMBERS.
R  INDICATES RECORD WAS SET OR TIED.
MM INDICATES DATA IS MISSING.
T  INDICATES TRACE AMOUNT.




$$
