733
CDUS42 KMHX 070525
CLIHSE


CLIMATE REPORT
NATIONAL WEATHER SERVICE NEWPORT/MOREHEAD CITY NC
1225 AM EST SUN FEB 7 2016


...................................

...THE CAPE HATTERAS NC CLIMATE SUMMARY FOR FEBRUARY 6 2016...

CLIMATE NORMAL PERIOD 1981 TO 2010
CLIMATE RECORD PERIOD 1874 TO 2016


WEATHER ITEM   OBSERVED TIME   RECORD YEAR NORMAL DEPARTURE LAST
                VALUE   (LST)  VALUE       VALUE  FROM      YEAR
                                                  NORMAL
..................................................................
TEMPERATURE (F)
 YESTERDAY
  MAXIMUM         49   1246 PM  71    1938  53     -4       38
  MINIMUM         39    410 AM  17    1917  39      0       27
  AVERAGE         44                        46     -2       33

PRECIPITATION (IN)
  YESTERDAY        T             1.81 1963   0.15  -0.15     0.00
  MONTH TO DATE    3.50                      0.92   2.58     2.55
  SINCE DEC 1     13.34                     10.43   2.91     9.61
  SINCE JAN 1      8.37                      6.16   2.21     7.16

SNOWFALL (IN)
  YESTERDAY       MM
  MONTH TO DATE    0.0
  SINCE NOV 1      T
  SINCE JUL 1      T
  SNOW DEPTH       0

DEGREE DAYS
 HEATING
  YESTERDAY       21                        19      2       32
  MONTH TO DATE   33                       114    -81      145
  SINCE DEC 1    722                      1209   -487     1181
  SINCE JUL 1    894                      1527   -633     1582

 COOLING
  YESTERDAY        0                         0      0        0
  MONTH TO DATE    1                         0      1        0
  SINCE DEC 1     65                         3     62        2
  SINCE JAN 1      1                         0      1        2
..................................................................


WIND (MPH)
  HIGHEST WIND SPEED    15   HIGHEST WIND DIRECTION    NE (30)
  HIGHEST GUST SPEED    24   HIGHEST GUST DIRECTION     N (20)
  AVERAGE WIND SPEED     8.6


SKY COVER
  POSSIBLE SUNSHINE  MM
  AVERAGE SKY COVER 0.6


WEATHER CONDITIONS
 THE FOLLOWING WEATHER WAS RECORDED YESTERDAY.
  NO SIGNIFICANT WEATHER WAS OBSERVED.


RELATIVE HUMIDITY (PERCENT)
 HIGHEST    76           800 PM
 LOWEST     53          1200 AM
 AVERAGE    65

..........................................................


THE CAPE HATTERAS NC CLIMATE NORMALS FOR TODAY
                         NORMAL    RECORD    YEAR
 MAXIMUM TEMPERATURE (F)   53        68      1989
 MINIMUM TEMPERATURE (F)   39        18      1910


SUNRISE AND SUNSET
FEBRUARY  7 2016......SUNRISE   657 AM EST   SUNSET   536 PM EST
FEBRUARY  8 2016......SUNRISE   656 AM EST   SUNSET   538 PM EST


-  INDICATES NEGATIVE NUMBERS.
R  INDICATES RECORD WAS SET OR TIED.
MM INDICATES DATA IS MISSING.
T  INDICATES TRACE AMOUNT.




$$
