000
CDUS42 KMHX 040527
CLIHSE


CLIMATE REPORT
NATIONAL WEATHER SERVICE NEWPORT/MOREHEAD CITY NC
127 AM EDT TUE AUG 4 2015


...................................

...THE CAPE HATTERAS NC CLIMATE SUMMARY FOR AUGUST 3 2015...

CLIMATE NORMAL PERIOD 1981 TO 2010
CLIMATE RECORD PERIOD 1874 TO 2015


WEATHER ITEM   OBSERVED TIME   RECORD YEAR NORMAL DEPARTURE LAST
                VALUE   (LST)  VALUE       VALUE  FROM      YEAR
                                                  NORMAL
..................................................................
TEMPERATURE (F)
 YESTERDAY
  MAXIMUM         79   1159 PM  92    1975  85     -6       79
  MINIMUM         69    742 AM  60    1959  73     -4       70
  AVERAGE         74                        79     -5       75

PRECIPITATION (IN)
  YESTERDAY        2.42          6.74 1986   0.20   2.22     2.34
  MONTH TO DATE    2.42                      0.59   1.83     3.86
  SINCE JUN 1     13.82                      9.61   4.21    12.07
  SINCE JAN 1     33.45                     30.85   2.60    34.86

SNOWFALL (IN)
  YESTERDAY        0.0
  MONTH TO DATE    0.0
  SINCE NOV 1      2.0
  SINCE JUL 1      0.0
  SNOW DEPTH       0

DEGREE DAYS
 HEATING
  YESTERDAY        0                         0      0        0
  MONTH TO DATE    0                         0      0        0
  SINCE JUN 1      0                         3     -3        0
  SINCE JUL 1      0                         0      0        0

 COOLING
  YESTERDAY        9                        14     -5       10
  MONTH TO DATE   44                        42      2       34
  SINCE JUN 1    960                       787    173      745
  SINCE JAN 1   1127                       930    197      981
..................................................................


WIND (MPH)
  HIGHEST WIND SPEED    18   HIGHEST WIND DIRECTION    SW (210)
  HIGHEST GUST SPEED    25   HIGHEST GUST DIRECTION    SW (220)
  AVERAGE WIND SPEED    10.4


SKY COVER
  POSSIBLE SUNSHINE  MM
  AVERAGE SKY COVER 0.6


WEATHER CONDITIONS
 THE FOLLOWING WEATHER WAS RECORDED YESTERDAY.
  HEAVY RAIN
  RAIN
  LIGHT RAIN


RELATIVE HUMIDITY (PERCENT)
 HIGHEST    97           900 AM
 LOWEST     82           600 PM
 AVERAGE    90

..........................................................


THE CAPE HATTERAS NC CLIMATE NORMALS FOR TODAY
                         NORMAL    RECORD    YEAR
 MAXIMUM TEMPERATURE (F)   85        93      1991
 MINIMUM TEMPERATURE (F)   73        57      1959


SUNRISE AND SUNSET
AUGUST  4 2015........SUNRISE   614 AM EDT   SUNSET   803 PM EDT
AUGUST  5 2015........SUNRISE   614 AM EDT   SUNSET   802 PM EDT


-  INDICATES NEGATIVE NUMBERS.
R  INDICATES RECORD WAS SET OR TIED.
MM INDICATES DATA IS MISSING.
T  INDICATES TRACE AMOUNT.




$$
