000
CDUS42 KMHX 060625
CLIHSE


CLIMATE REPORT
NATIONAL WEATHER SERVICE NEWPORT/MOREHEAD CITY NC
125 AM EST FRI MAR 6 2015


...................................

...THE CAPE HATTERAS NC CLIMATE SUMMARY FOR MARCH 5 2015...

CLIMATE NORMAL PERIOD 1981 TO 2010
CLIMATE RECORD PERIOD 1874 TO 2015


WEATHER ITEM   OBSERVED TIME   RECORD YEAR NORMAL DEPARTURE LAST
                VALUE   (LST)  VALUE       VALUE  FROM      YEAR
                                                  NORMAL
..................................................................
TEMPERATURE (F)
 YESTERDAY
  MAXIMUM         63   1154 AM  74    1976  56      7       42
  MINIMUM         33   1159 PM  23    2009  42     -9       37
  AVERAGE         48                        49     -1       40

PRECIPITATION (IN)
  YESTERDAY        0.24          1.06 1925   0.15   0.09     0.13
  MONTH TO DATE    0.31                      0.74  -0.43     0.32
  SINCE MAR 1      0.31                      0.74  -0.43     0.32
  SINCE JAN 1     12.26                     10.00   2.26    10.41

SNOWFALL (IN)
  YESTERDAY       MM
  MONTH TO DATE    0.0
  SINCE NOV 1      2.0
  SINCE JUL 1      2.0
  SNOW DEPTH       0

DEGREE DAYS
 HEATING
  YESTERDAY       17                        16      1       25
  MONTH TO DATE   84                        81      3      104
  SINCE MAR 1     84                        81      3      104
  SINCE JUL 1   2257                      2005    252     1937

 COOLING
  YESTERDAY        0                         0      0        0
  MONTH TO DATE    0                         0      0        0
  SINCE MAR 1      0                         0      0        0
  SINCE JAN 1      2                         0      2        0
..................................................................


WIND (MPH)
  HIGHEST WIND SPEED    23   HIGHEST WIND DIRECTION     N (20)
  HIGHEST GUST SPEED    39   HIGHEST GUST DIRECTION     N (20)
  AVERAGE WIND SPEED    14.6


SKY COVER
  POSSIBLE SUNSHINE  MM
  AVERAGE SKY COVER 1.0


WEATHER CONDITIONS
 THE FOLLOWING WEATHER WAS RECORDED YESTERDAY.
  LIGHT RAIN
  FOG
  FOG W/VISIBILITY <= 1/4 MILE


RELATIVE HUMIDITY (PERCENT)
 HIGHEST   100          1200 AM
 LOWEST     92           100 PM
 AVERAGE    96

..........................................................


THE CAPE HATTERAS NC CLIMATE NORMALS FOR TODAY
                         NORMAL    RECORD    YEAR
 MAXIMUM TEMPERATURE (F)   56        76      1992
                                             1961
 MINIMUM TEMPERATURE (F)   42        26      1960
                                             1901


SUNRISE AND SUNSET
MARCH  6 2015.........SUNRISE   626 AM EST   SUNSET   602 PM EST
MARCH  7 2015.........SUNRISE   624 AM EST   SUNSET   603 PM EST


-  INDICATES NEGATIVE NUMBERS.
R  INDICATES RECORD WAS SET OR TIED.
MM INDICATES DATA IS MISSING.
T  INDICATES TRACE AMOUNT.




$$
