000
CDUS43 KGID 090716
CLIHSI


CLIMATE REPORT
NATIONAL WEATHER SERVICE HASTINGS NE
116 AM CST TUE FEB 9 2016


...................................

...THE HASTINGS NE CLIMATE SUMMARY FOR FEBRUARY 8 2016...

CLIMATE NORMAL PERIOD 1981 TO 2010
CLIMATE RECORD PERIOD 1894 TO 2016


WEATHER ITEM   OBSERVED TIME   RECORD YEAR NORMAL DEPARTURE LAST
                VALUE   (LST)  VALUE       VALUE  FROM      YEAR
                                                  NORMAL
..................................................................
TEMPERATURE (F)
 YESTERDAY
  MAXIMUM         36    422 PM  72    1999  39     -3       63
  MINIMUM         21   1149 PM -19    1936  18      3       33
  AVERAGE         29                        28      1       48

PRECIPITATION (IN)
  YESTERDAY        0.00          0.40 1919   0.02  -0.02     0.00
  MONTH TO DATE    1.57                      0.14   1.43     0.22
  SINCE DEC 1      4.10                      1.16   2.94     1.53
  SINCE JAN 1      1.92                      0.55   1.37     0.99

SNOWFALL (IN)
  YESTERDAY        0.0           5.1  2005   0.3   -0.3      0.0
  MONTH TO DATE   16.0                       2.1   13.9      3.6
  SINCE DEC 1     26.1                      14.2   11.9     12.7
  SINCE JUL 1     30.3                      18.0   12.3     14.4
  SNOW DEPTH       7

DEGREE DAYS
 HEATING
  YESTERDAY       36                        37     -1       17
  MONTH TO DATE  304                       299      5      292
  SINCE DEC 1   2429                      2667   -238     2475
  SINCE JUL 1   3355                      3948   -593     3813

 COOLING
  YESTERDAY        0                         0      0        0
  MONTH TO DATE    0                         0      0        0
  SINCE DEC 1      0                         0      0        0
  SINCE JAN 1      0                         0      0        0
..................................................................


WIND (MPH)
  HIGHEST WIND SPEED    37   HIGHEST WIND DIRECTION    NW (330)
  HIGHEST GUST SPEED    48   HIGHEST GUST DIRECTION    NW (330)
  AVERAGE WIND SPEED    19.9


SKY COVER
  AVERAGE SKY COVER 0.1


WEATHER CONDITIONS
 THE FOLLOWING WEATHER WAS RECORDED YESTERDAY.
  NO SIGNIFICANT WEATHER WAS OBSERVED.


RELATIVE HUMIDITY (PERCENT)
 HIGHEST    68           800 PM
 LOWEST     47           500 PM
 AVERAGE    58

..........................................................


THE HASTINGS NE CLIMATE NORMALS FOR TODAY
                         NORMAL    RECORD    YEAR
 MAXIMUM TEMPERATURE (F)   39        70      1954
 MINIMUM TEMPERATURE (F)   18       -15      1994
                                             1933


SUNRISE AND SUNSET
FEBRUARY  9 2016......SUNRISE   735 AM CST   SUNSET   601 PM CST
FEBRUARY 10 2016......SUNRISE   734 AM CST   SUNSET   602 PM CST


-  INDICATES NEGATIVE NUMBERS.
R  INDICATES RECORD WAS SET OR TIED.
MM INDICATES DATA IS MISSING.
T  INDICATES TRACE AMOUNT.




$$
