000
CDUS43 KGID 290653
CLIHSI


CLIMATE REPORT
NATIONAL WEATHER SERVICE HASTINGS NE
1252 AM CST THU JAN 29 2015


...................................

...THE HASTINGS NE CLIMATE SUMMARY FOR JANUARY 28 2015...

CLIMATE NORMAL PERIOD 1981 TO 2010
CLIMATE RECORD PERIOD 1894 TO 2015


WEATHER ITEM   OBSERVED TIME   RECORD YEAR NORMAL DEPARTURE LAST
                VALUE   (LST)  VALUE       VALUE  FROM      YEAR
                                                  NORMAL
..................................................................
TEMPERATURE (F)
 YESTERDAY
  MAXIMUM         69R   420 PM  69    1931  37     32       24
  MINIMUM         24    805 AM -19    1918  17      7        1
  AVERAGE         47                        27     20       13

PRECIPITATION (IN)
  YESTERDAY        0.00          0.40 1949   0.02  -0.02     0.00
  MONTH TO DATE    0.07                      0.35  -0.28     0.17
  SINCE DEC 1      0.61                      0.96  -0.35     0.31
  SINCE JAN 1      0.07                      0.35  -0.28     0.17

SNOWFALL (IN)
  YESTERDAY        0.0           4.0  1949   0.2   -0.2      0.0
  MONTH TO DATE    1.2                       5.3   -4.1      2.1
  SINCE DEC 1      4.6                      11.4   -6.8      7.1
  SINCE JUL 1      6.3                      15.2   -8.9      7.5
  SNOW DEPTH       0

DEGREE DAYS
 HEATING
  YESTERDAY       18                        38    -20       52
  MONTH TO DATE 1012                      1093    -81     1087
  SINCE DEC 1   2086                      2252   -166     2340
  SINCE JUL 1   3424                      3533   -109     3605

 COOLING
  YESTERDAY        0                         0      0        0
  MONTH TO DATE    0                         0      0        0
  SINCE DEC 1      0                         0      0        0
  SINCE JAN 1      0                         0      0        0
..................................................................


WIND (MPH)
  HIGHEST WIND SPEED    38   HIGHEST WIND DIRECTION     N (340)
  HIGHEST GUST SPEED    48   HIGHEST GUST DIRECTION     N (350)
  AVERAGE WIND SPEED    12.4


SKY COVER
  AVERAGE SKY COVER 0.1


WEATHER CONDITIONS
 THE FOLLOWING WEATHER WAS RECORDED YESTERDAY.
  FOG
  HAZE


RELATIVE HUMIDITY (PERCENT)
 HIGHEST    92           700 AM
 LOWEST     22           400 PM
 AVERAGE    57

..........................................................


THE HASTINGS NE CLIMATE NORMALS FOR TODAY
                         NORMAL    RECORD    YEAR
 MAXIMUM TEMPERATURE (F)   37        64      1986
                                             1971
                                             1931
 MINIMUM TEMPERATURE (F)   17       -18      1918


SUNRISE AND SUNSET
JANUARY 29 2015.......SUNRISE   746 AM CST   SUNSET   548 PM CST
JANUARY 30 2015.......SUNRISE   745 AM CST   SUNSET   549 PM CST


-  INDICATES NEGATIVE NUMBERS.
R  INDICATES RECORD WAS SET OR TIED.
MM INDICATES DATA IS MISSING.
T  INDICATES TRACE AMOUNT.




$$
