000
CDUS43 KGID 230647
CLIHSI


CLIMATE REPORT
NATIONAL WEATHER SERVICE HASTINGS NE
145 AM CDT TUE MAY 23 2017


...................................

...THE HASTINGS NE CLIMATE SUMMARY FOR MAY 22 2017...

CLIMATE NORMAL PERIOD 1981 TO 2010
CLIMATE RECORD PERIOD 1894 TO 2017


WEATHER ITEM   OBSERVED TIME   RECORD YEAR NORMAL DEPARTURE LAST
                VALUE   (LST)  VALUE       VALUE  FROM      YEAR
                                                  NORMAL
..................................................................
TEMPERATURE (F)
 YESTERDAY
  MAXIMUM         74    229 PM  95    1926  74      0       79
  MINIMUM         53   1159 PM  34    1963  53      0       59
                                      1931
  AVERAGE         64                        64      0       69

PRECIPITATION (IN)
  YESTERDAY        0.14          2.90 1965   0.15  -0.01     0.00
  MONTH TO DATE    6.06                      3.43   2.63     1.02
  SINCE MAR 1     10.38                      7.78   2.60     7.25
  SINCE JAN 1     11.48                      8.68   2.80     9.17

SNOWFALL (IN)
  YESTERDAY        0.0           T    2008   0.0    0.0      0.0
                                      1949
  MONTH TO DATE    0.6                       0.0    0.6      0.0
  SINCE MAR 1      2.0                       6.4   -4.4      2.1
  SINCE JUL 1     11.1                      28.8  -17.7     32.4
  SNOW DEPTH       0

DEGREE DAYS
 HEATING
  YESTERDAY        1                         4     -3        0
  MONTH TO DATE  141                       144     -3      173
  SINCE MAR 1   1191                      1353   -162     1103
  SINCE JUL 1   5121                      5983   -862     5013

 COOLING
  YESTERDAY        0                         2     -2        4
  MONTH TO DATE   46                        28     18        8
  SINCE MAR 1     54                        33     21        8
  SINCE JAN 1     54                        33     21        8
..................................................................


WIND (MPH)
  HIGHEST WIND SPEED    32   HIGHEST WIND DIRECTION    NW (330)
  HIGHEST GUST SPEED    37   HIGHEST GUST DIRECTION    NW (330)
  AVERAGE WIND SPEED    10.3


SKY COVER
  AVERAGE SKY COVER 0.4


WEATHER CONDITIONS
 THE FOLLOWING WEATHER WAS RECORDED YESTERDAY.
  THUNDERSTORM
  LIGHT RAIN


RELATIVE HUMIDITY (PERCENT)
 HIGHEST    83          1100 PM
 LOWEST     29           200 PM
 AVERAGE    56

..........................................................


THE HASTINGS NE CLIMATE NORMALS FOR TODAY
                         NORMAL    RECORD    YEAR
 MAXIMUM TEMPERATURE (F)   74        95      1926
 MINIMUM TEMPERATURE (F)   53        38      1917


SUNRISE AND SUNSET
MAY 23 2017...........SUNRISE   610 AM CDT   SUNSET   851 PM CDT
MAY 24 2017...........SUNRISE   609 AM CDT   SUNSET   852 PM CDT


-  INDICATES NEGATIVE NUMBERS.
R  INDICATES RECORD WAS SET OR TIED.
MM INDICATES DATA IS MISSING.
T  INDICATES TRACE AMOUNT.




$$
