000
CDUS43 KGID 300636
CLIHSI


CLIMATE REPORT
NATIONAL WEATHER SERVICE HASTINGS NE
134 AM CDT SUN AUG 30 2015


...................................

...THE HASTINGS NE CLIMATE SUMMARY FOR AUGUST 29 2015...

CLIMATE NORMAL PERIOD 1981 TO 2010
CLIMATE RECORD PERIOD 1894 TO 2015


WEATHER ITEM   OBSERVED TIME   RECORD YEAR NORMAL DEPARTURE LAST
                VALUE   (LST)  VALUE       VALUE  FROM      YEAR
                                                  NORMAL
..................................................................
TEMPERATURE (F)
 YESTERDAY
  MAXIMUM         82    412 PM 102    1947  83     -1       79
                                      1937
  MINIMUM         55    353 AM  45    1946  60     -5       64
  AVERAGE         69                        72     -3       72

PRECIPITATION (IN)
  YESTERDAY        0.00          1.48 1993   0.13  -0.13     0.25
  MONTH TO DATE    2.15                      3.02  -0.87     7.79
  SINCE JUN 1     14.33                     10.56   3.77    17.96
  SINCE JAN 1     23.05                     20.38   2.67    24.90

SNOWFALL (IN)
  YESTERDAY        0.0                       0.0    0.0      0.0
  MONTH TO DATE    0.0                       0.0    0.0      0.0
  SINCE JUN 1      0.0                       0.0    0.0      0.0
  SINCE JUL 1      0.0                       0.0    0.0      0.0
  SNOW DEPTH       0

DEGREE DAYS
 HEATING
  YESTERDAY        0                         0      0        0
  MONTH TO DATE   11                         0     11        0
  SINCE JUN 1     18                        22     -4       14
  SINCE JUL 1     15                         1     14        6

 COOLING
  YESTERDAY        4                         7     -3        7
  MONTH TO DATE  230                       279    -49      275
  SINCE JUN 1    794                       880    -86      786
  SINCE JAN 1    825                       939   -114      904
..................................................................


WIND (MPH)
  HIGHEST WIND SPEED    10   HIGHEST WIND DIRECTION     S (180)
  HIGHEST GUST SPEED    14   HIGHEST GUST DIRECTION     S (170)
  AVERAGE WIND SPEED     5.3


SKY COVER
  AVERAGE SKY COVER 0.3


WEATHER CONDITIONS
 THE FOLLOWING WEATHER WAS RECORDED YESTERDAY.
  FOG
  FOG W/VISIBILITY <= 1/4 MILE


RELATIVE HUMIDITY (PERCENT)
 HIGHEST   100           300 AM
 LOWEST     51           300 PM
 AVERAGE    76

..........................................................


THE HASTINGS NE CLIMATE NORMALS FOR TODAY
                         NORMAL    RECORD    YEAR
 MAXIMUM TEMPERATURE (F)   83       103      1947
                                             1913
 MINIMUM TEMPERATURE (F)   60        40      1911


SUNRISE AND SUNSET
AUGUST 30 2015........SUNRISE   659 AM CDT   SUNSET   809 PM CDT
AUGUST 31 2015........SUNRISE   700 AM CDT   SUNSET   808 PM CDT


-  INDICATES NEGATIVE NUMBERS.
R  INDICATES RECORD WAS SET OR TIED.
MM INDICATES DATA IS MISSING.
T  INDICATES TRACE AMOUNT.

$$

HALBLAUB
