000
CDUS43 KGID 252224
CLIHSI


CLIMATE REPORT
NATIONAL WEATHER SERVICE HASTINGS NE
524 PM CDT SAT OCT 25 2014


...................................

...THE HASTINGS NE CLIMATE SUMMARY FOR OCTOBER 25 2014...
VALID TODAY AS OF 0500 PM LOCAL TIME.

CLIMATE NORMAL PERIOD 1981 TO 2010
CLIMATE RECORD PERIOD 1894 TO 2014


WEATHER ITEM   OBSERVED TIME   RECORD YEAR NORMAL DEPARTURE LAST
                VALUE   (LST)  VALUE       VALUE  FROM      YEAR
                                                  NORMAL
..................................................................
TEMPERATURE (F)
 TODAY
  MAXIMUM         77    259 PM  89    1927  60     17       57
  MINIMUM         42    538 AM  19    1975  37      5       32
  AVERAGE         60                        49     11       45

PRECIPITATION (IN)
  TODAY            0.00          1.45 1997   0.06  -0.06     0.00
  MONTH TO DATE    1.76                      1.71   0.05     4.65
  SINCE SEP 1      3.54                      4.27  -0.73     5.91
  SINCE JAN 1     28.44                     24.93   3.51    23.97

SNOWFALL (IN)
  TODAY            0.0          12.5  1997   0.1   -0.1      0.0
  MONTH TO DATE    0.0                       0.7   -0.7      0.0
  SINCE SEP 1      0.0                       0.9   -0.9      0.0
  SINCE JUL 1      0.0                       0.9   -0.9      0.0
  SNOW DEPTH       0

DEGREE DAYS
 HEATING
  TODAY            5                        16    -11       20
  MONTH TO DATE  220                       289    -69      296
  SINCE SEP 1    329                       379    -50      325
  SINCE JUL 1    335                       385    -50      331

 COOLING
  TODAY            0                         0      0        0
  MONTH TO DATE    3                        11     -8       15
  SINCE SEP 1     98                       121    -23      200
  SINCE JAN 1   1018                      1074    -56     1158
..................................................................


WIND (MPH)
  HIGHEST WIND SPEED    13   HIGHEST WIND DIRECTION     E (110)
  HIGHEST GUST SPEED    16   HIGHEST GUST DIRECTION     E (110)
  AVERAGE WIND SPEED     4.9


SKY COVER
  AVERAGE SKY COVER 0.0


WEATHER CONDITIONS
 THE FOLLOWING WEATHER WAS RECORDED TODAY.
  NO SIGNIFICANT WEATHER WAS OBSERVED.


RELATIVE HUMIDITY (PERCENT)
 HIGHEST    89           500 AM
 LOWEST     29           300 PM
 AVERAGE    59

..........................................................


THE HASTINGS NE CLIMATE NORMALS FOR TOMORROW
                         NORMAL    RECORD    YEAR
 MAXIMUM TEMPERATURE (F)   60        86      1977
                                             1927
 MINIMUM TEMPERATURE (F)   37        10      1997


SUNRISE AND SUNSET
OCTOBER 25 2014.......SUNRISE   756 AM CDT   SUNSET   639 PM CDT
OCTOBER 26 2014.......SUNRISE   757 AM CDT   SUNSET   638 PM CDT


-  INDICATES NEGATIVE NUMBERS.
R  INDICATES RECORD WAS SET OR TIED.
MM INDICATES DATA IS MISSING.
T  INDICATES TRACE AMOUNT.




$$
