000
CDUS43 KGID 222232
CLIHSI


CLIMATE REPORT
NATIONAL WEATHER SERVICE HASTINGS NE
530 PM CDT SUN OCT 22 2017


...................................

...THE HASTINGS NE CLIMATE SUMMARY FOR OCTOBER 22 2017...
VALID TODAY AS OF 0500 PM LOCAL TIME.

CLIMATE NORMAL PERIOD 1981 TO 2010
CLIMATE RECORD PERIOD 1894 TO 2017


WEATHER ITEM   OBSERVED TIME   RECORD YEAR NORMAL DEPARTURE LAST
                VALUE   (LST)  VALUE       VALUE  FROM      YEAR
                                                  NORMAL
..................................................................
TEMPERATURE (F)
 TODAY
  MAXIMUM         69    358 PM  90    1927  62      7       79
  MINIMUM         35    609 AM  18    1936  38     -3       36
  AVERAGE         52                        50      2       58

PRECIPITATION (IN)
  TODAY            0.00          1.58 2008   0.06  -0.06     0.00
  MONTH TO DATE    4.68                      1.53   3.15     0.22
  SINCE SEP 1      6.86                      4.09   2.77     2.02
  SINCE JAN 1     30.30                     24.75   5.55    18.59

SNOWFALL (IN)
  TODAY            0.0           0.4  2009   0.0    0.0      0.0
  MONTH TO DATE    T                         0.5   -0.5      0.0
  SINCE SEP 1      T                         0.7   -0.7      0.0
  SINCE JUL 1      T                         0.7   -0.7      0.0
  SNOW DEPTH       0

DEGREE DAYS
 HEATING
  TODAY           13                        15     -2        7
  MONTH TO DATE  172                       241    -69      180
  SINCE SEP 1    224                       331   -107      243
  SINCE JUL 1    228                       337   -109      247

 COOLING
  TODAY            0                         0      0        0
  MONTH TO DATE    6                        11     -5        7
  SINCE SEP 1    172                       121     51      145
  SINCE JAN 1   1129                      1074     55     1193
..................................................................


WIND (MPH)
  HIGHEST WIND SPEED    23   HIGHEST WIND DIRECTION     W (270)
  HIGHEST GUST SPEED    29   HIGHEST GUST DIRECTION     W (250)
  AVERAGE WIND SPEED     7.9


SKY COVER
  AVERAGE SKY COVER 0.0


WEATHER CONDITIONS
 THE FOLLOWING WEATHER WAS RECORDED TODAY.
  NO SIGNIFICANT WEATHER WAS OBSERVED.


RELATIVE HUMIDITY (PERCENT)
 HIGHEST    85          1200 AM
 LOWEST     17           200 PM
 AVERAGE    51

..........................................................


THE HASTINGS NE CLIMATE NORMALS FOR TOMORROW
                         NORMAL    RECORD    YEAR
 MAXIMUM TEMPERATURE (F)   61        90      1927
 MINIMUM TEMPERATURE (F)   38        15      1917


SUNRISE AND SUNSET
OCTOBER 22 2017.......SUNRISE   753 AM CDT   SUNSET   643 PM CDT
OCTOBER 23 2017.......SUNRISE   754 AM CDT   SUNSET   642 PM CDT


-  INDICATES NEGATIVE NUMBERS.
R  INDICATES RECORD WAS SET OR TIED.
MM INDICATES DATA IS MISSING.
T  INDICATES TRACE AMOUNT.




$$

Thies
