000
CDUS43 KGID 310728
CLIHSI


CLIMATE REPORT
NATIONAL WEATHER SERVICE HASTINGS NE
227 AM CDT FRI JUL 31 2015


...................................

...THE HASTINGS NE CLIMATE SUMMARY FOR JULY 30 2015...

CLIMATE NORMAL PERIOD 1981 TO 2010
CLIMATE RECORD PERIOD 1894 TO 2015


WEATHER ITEM   OBSERVED TIME   RECORD YEAR NORMAL DEPARTURE LAST
                VALUE   (LST)  VALUE       VALUE  FROM      YEAR
                                                  NORMAL
..................................................................
TEMPERATURE (F)
 YESTERDAY
  MAXIMUM         88    440 PM 106    1917  87      1       80
  MINIMUM         58    402 AM  48    1971  67     -9       59
  AVERAGE         73                        77     -4       70

PRECIPITATION (IN)
  YESTERDAY        0.00          0.75 1915   0.10  -0.10     0.00
  MONTH TO DATE    4.01                      3.62   0.39     1.48
  SINCE JUN 1     12.06                      7.42   4.64    10.17
  SINCE JAN 1     20.78                     17.24   3.54    17.11

SNOWFALL (IN)
  YESTERDAY        0.0                       0.0    0.0      0.0
  MONTH TO DATE    0.0                       0.0    0.0      0.0
  SINCE JUN 1      0.0                       0.0    0.0      0.0
  SINCE JUL 1      0.0                       0.0    0.0      0.0
  SNOW DEPTH       0

DEGREE DAYS
 HEATING
  YESTERDAY        0                         0      0        0
  MONTH TO DATE    4                         0      4        6
  SINCE JUN 1      7                        21    -14       14
  SINCE JUL 1      4                         0      4        6

 COOLING
  YESTERDAY        8                        12     -4        5
  MONTH TO DATE  329                       363    -34      271
  SINCE JUN 1    549                       588    -39      502
  SINCE JAN 1    580                       647    -67      620
..................................................................


WIND (MPH)
  HIGHEST WIND SPEED    15   HIGHEST WIND DIRECTION    SW (210)
  HIGHEST GUST SPEED    20   HIGHEST GUST DIRECTION    SW (210)
  AVERAGE WIND SPEED     6.0


SKY COVER
  AVERAGE SKY COVER 0.0


WEATHER CONDITIONS
 THE FOLLOWING WEATHER WAS RECORDED YESTERDAY.
  NO SIGNIFICANT WEATHER WAS OBSERVED.


RELATIVE HUMIDITY (PERCENT)
 HIGHEST    84           700 AM
 LOWEST     43           600 PM
 AVERAGE    64

..........................................................


THE HASTINGS NE CLIMATE NORMALS FOR TODAY
                         NORMAL    RECORD    YEAR
 MAXIMUM TEMPERATURE (F)   87       105      1935
                                             1934
 MINIMUM TEMPERATURE (F)   66        53      2009
                                             1992
                                             1971


SUNRISE AND SUNSET
JULY 31 2015..........SUNRISE   630 AM CDT   SUNSET   850 PM CDT
AUGUST  1 2015........SUNRISE   630 AM CDT   SUNSET   849 PM CDT


-  INDICATES NEGATIVE NUMBERS.
R  INDICATES RECORD WAS SET OR TIED.
MM INDICATES DATA IS MISSING.
T  INDICATES TRACE AMOUNT.




$$
