000
CDUS43 KGID 190628
CLIHSI


CLIMATE REPORT
NATIONAL WEATHER SERVICE HASTINGS NE
1225 AM CST FRI JAN 19 2018


...................................

...THE HASTINGS NE CLIMATE SUMMARY FOR JANUARY 18 2018...

CLIMATE NORMAL PERIOD 1981 TO 2010
CLIMATE RECORD PERIOD 1894 TO 2018


WEATHER ITEM   OBSERVED TIME   RECORD YEAR NORMAL DEPARTURE LAST
                VALUE   (LST)  VALUE       VALUE  FROM      YEAR
                                                  NORMAL
..................................................................
TEMPERATURE (F)
 YESTERDAY
  MAXIMUM         45    428 PM  65    1951  36      9       49
  MINIMUM         13    830 AM -21    1940  16     -3       28
  AVERAGE         29                        26      3       39

PRECIPITATION (IN)
  YESTERDAY        0.00          0.50 1912   0.02  -0.02     0.00
  MONTH TO DATE    0.10                      0.18  -0.08     0.82
  SINCE DEC 1      0.38                      0.79  -0.41     1.43
  SINCE JAN 1      0.10                      0.18  -0.08     0.82

SNOWFALL (IN)
  YESTERDAY        0.0           2.5  1960   0.2   -0.2      0.0
  MONTH TO DATE    2.3                       3.2   -0.9      3.7
  SINCE DEC 1      8.1                       9.3   -1.2      4.7
  SINCE JUL 1      8.3                      13.1   -4.8      4.8
  SNOW DEPTH       1

DEGREE DAYS
 HEATING
  YESTERDAY       36                        39     -3       26
  MONTH TO DATE  822                       706    116      775
  SINCE DEC 1   1997                      1865    132     1957
  SINCE JUL 1   3140                      3146     -6     2824

 COOLING
  YESTERDAY        0                         0      0        0
  MONTH TO DATE    0                         0      0        0
  SINCE DEC 1      0                         0      0        0
  SINCE JAN 1      0                         0      0        0
..................................................................


WIND (MPH)
  HIGHEST WIND SPEED    13   HIGHEST WIND DIRECTION    SW (220)
  HIGHEST GUST SPEED    19   HIGHEST GUST DIRECTION    SW (220)
  AVERAGE WIND SPEED     6.3


SKY COVER
  AVERAGE SKY COVER 0.0


WEATHER CONDITIONS
 THE FOLLOWING WEATHER WAS RECORDED YESTERDAY.
  NO SIGNIFICANT WEATHER WAS OBSERVED.


RELATIVE HUMIDITY (PERCENT)
 HIGHEST    80           900 AM
 LOWEST     53           300 PM
 AVERAGE    67

..........................................................


THE HASTINGS NE CLIMATE NORMALS FOR TODAY
                         NORMAL    RECORD    YEAR
 MAXIMUM TEMPERATURE (F)   36        67      2014
 MINIMUM TEMPERATURE (F)   16       -17      1943


SUNRISE AND SUNSET
JANUARY 19 2018.......SUNRISE   753 AM CST   SUNSET   536 PM CST
JANUARY 20 2018.......SUNRISE   753 AM CST   SUNSET   537 PM CST


-  INDICATES NEGATIVE NUMBERS.
R  INDICATES RECORD WAS SET OR TIED.
MM INDICATES DATA IS MISSING.
T  INDICATES TRACE AMOUNT.




$$
