000
CDUS43 KGID 280646
CLIHSI


CLIMATE REPORT
NATIONAL WEATHER SERVICE HASTINGS NE
1246 AM CST TUE FEB 28 2017


...................................

...THE HASTINGS NE CLIMATE SUMMARY FOR FEBRUARY 27 2017...

CLIMATE NORMAL PERIOD 1981 TO 2010
CLIMATE RECORD PERIOD 1894 TO 2017


WEATHER ITEM   OBSERVED TIME   RECORD YEAR NORMAL DEPARTURE LAST
                VALUE   (LST)  VALUE       VALUE  FROM      YEAR
                                                  NORMAL
..................................................................
TEMPERATURE (F)
 YESTERDAY
  MAXIMUM         57    519 PM  77    2006  44     13       74
  MINIMUM         21   1226 AM  -8    1962  23     -2       32
  AVERAGE         39                        34      5       53

PRECIPITATION (IN)
  YESTERDAY        0.00          1.13 1958   0.02  -0.02     0.00
  MONTH TO DATE    0.27                      0.47  -0.20     1.57
  SINCE DEC 1      1.71                      1.49   0.22     4.10
  SINCE JAN 1      1.10                      0.88   0.22     1.92

SNOWFALL (IN)
  YESTERDAY        0.0          10.0  1915   0.2   -0.2      0.0
  MONTH TO DATE    4.3                       6.3   -2.0     16.0
  SINCE DEC 1      9.0                      18.4   -9.4     26.1
  SINCE JUL 1      9.1                      22.2  -13.1     30.3
  SNOW DEPTH       0

DEGREE DAYS
 HEATING
  YESTERDAY       26                        32     -6       12
  MONTH TO DATE  706                       951   -245      817
  SINCE DEC 1   3038                      3319   -281     2942
  SINCE JUL 1   3905                      4600   -695     3868

 COOLING
  YESTERDAY        0                         0      0        0
  MONTH TO DATE    0                         0      0        0
  SINCE DEC 1      0                         0      0        0
  SINCE JAN 1      0                         0      0        0
..................................................................


WIND (MPH)
  HIGHEST WIND SPEED    21   HIGHEST WIND DIRECTION     S (160)
  HIGHEST GUST SPEED    27   HIGHEST GUST DIRECTION    SE (150)
  AVERAGE WIND SPEED     9.5


SKY COVER
  AVERAGE SKY COVER 0.1


WEATHER CONDITIONS
 THE FOLLOWING WEATHER WAS RECORDED YESTERDAY.
  NO SIGNIFICANT WEATHER WAS OBSERVED.


RELATIVE HUMIDITY (PERCENT)
 HIGHEST    76           900 PM
 LOWEST     42          1200 PM
 AVERAGE    59

..........................................................


THE HASTINGS NE CLIMATE NORMALS FOR TODAY
                         NORMAL    RECORD    YEAR
 MAXIMUM TEMPERATURE (F)   44        80      2006
 MINIMUM TEMPERATURE (F)   23       -12      1962


SUNRISE AND SUNSET
FEBRUARY 28 2017......SUNRISE   709 AM CST   SUNSET   624 PM CST
MARCH  1 2017.........SUNRISE   707 AM CST   SUNSET   625 PM CST


-  INDICATES NEGATIVE NUMBERS.
R  INDICATES RECORD WAS SET OR TIED.
MM INDICATES DATA IS MISSING.
T  INDICATES TRACE AMOUNT.




$$
