000
CDUS44 KHUN 270801
CLIHSV


CLIMATE REPORT
NATIONAL WEATHER SERVICE HUNTSVILLE AL
201 AM CST SAT DEC 27 2014


...................................

...THE HUNTSVILLE CLIMATE SUMMARY FOR DECEMBER 26 2014...

CLIMATE NORMAL PERIOD 1981 TO 2010
CLIMATE RECORD PERIOD 1894 TO 2014


WEATHER ITEM   OBSERVED TIME   RECORD YEAR NORMAL DEPARTURE LAST
                VALUE   (LST)  VALUE       VALUE  FROM      YEAR
                                                  NORMAL
..................................................................
TEMPERATURE (F)
 YESTERDAY
  MAXIMUM         54    258 PM  70    1971  52      2       51
                                      1911
  MINIMUM         33    713 AM   4    1983  33      0       26
  AVERAGE         44                        42      2       39

PRECIPITATION (IN)
  YESTERDAY        T             2.93 1973   0.17  -0.17     0.00
  MONTH TO DATE    4.79                      4.94  -0.15     5.59
  SINCE DEC 1      4.79                      4.94  -0.15     5.59
  SINCE JAN 1     52.53                     53.51  -0.98    57.31

SNOWFALL (IN)
  YESTERDAY        0.0
  MONTH TO DATE    0.0
  SINCE DEC 1      0.0
  SINCE JUL 1      T
  SNOW DEPTH       0

DEGREE DAYS
 HEATING
  YESTERDAY       21                        23     -2       26
  MONTH TO DATE  444                       539    -95      512
  SINCE DEC 1    444                       539    -95      512
  SINCE JUL 1   1060                      1066     -6     1147

 COOLING
  YESTERDAY        0                         0      0        0
  MONTH TO DATE    0                         0      0        5
  SINCE DEC 1      0                         0      0        5
  SINCE JAN 1   2032                      1949     83     1839
..................................................................


WIND (MPH)
  HIGHEST WIND SPEED    12   HIGHEST WIND DIRECTION    SE (120)
  HIGHEST GUST SPEED    14   HIGHEST GUST DIRECTION     S (160)
  AVERAGE WIND SPEED     5.2


SKY COVER
  POSSIBLE SUNSHINE  MM
  AVERAGE SKY COVER 0.6


WEATHER CONDITIONS
 THE FOLLOWING WEATHER WAS RECORDED YESTERDAY.
  LIGHT RAIN
  FOG
  HAZE


RELATIVE HUMIDITY (PERCENT)
 HIGHEST    89           300 AM
 LOWEST     59           100 PM
 AVERAGE    74

..........................................................


THE HUNTSVILLE CLIMATE NORMALS FOR TODAY
                         NORMAL    RECORD    YEAR
 MAXIMUM TEMPERATURE (F)   51        75      1982
 MINIMUM TEMPERATURE (F)   33        12      1935


SUNRISE AND SUNSET
DECEMBER 27 2014......SUNRISE   653 AM CST   SUNSET   444 PM CST
DECEMBER 28 2014......SUNRISE   653 AM CST   SUNSET   444 PM CST


-  INDICATES NEGATIVE NUMBERS.
R  INDICATES RECORD WAS SET OR TIED.
MM INDICATES DATA IS MISSING.
T  INDICATES TRACE AMOUNT.




$$
