000
CDUS44 KHUN 010706
CLIHSV


CLIMATE REPORT
NATIONAL WEATHER SERVICE HUNTSVILLE AL
205 AM CDT TUE SEP 1 2015


...................................

...THE HUNTSVILLE CLIMATE SUMMARY FOR AUGUST 31 2015...

CLIMATE NORMAL PERIOD 1981 TO 2010
CLIMATE RECORD PERIOD 1894 TO 2015


WEATHER ITEM   OBSERVED TIME   RECORD YEAR NORMAL DEPARTURE LAST
                VALUE   (LST)  VALUE       VALUE  FROM      YEAR
                                                  NORMAL
..................................................................
TEMPERATURE (F)
 YESTERDAY
  MAXIMUM         87    400 PM 101    1945  90     -3       84
  MINIMUM         67    418 AM  51    1946  68     -1       72
  AVERAGE         77                        79     -2       78

PRECIPITATION (IN)
  YESTERDAY        T             3.12 1961   0.11  -0.11     0.56
  MONTH TO DATE    7.19                      3.61   3.58     3.08
  SINCE JUN 1     15.38                     11.95   3.43    14.68
  SINCE JAN 1     40.76                     36.32   4.44    38.15

SNOWFALL (IN)
  YESTERDAY        0.0
  MONTH TO DATE    0.0
  SINCE JUN 1      0.0
  SINCE JUL 1      0.0
  SNOW DEPTH       0

DEGREE DAYS
 HEATING
  YESTERDAY        0                         0      0        0
  MONTH TO DATE    0                         0      0        0
  SINCE JUN 1      0                         1     -1        0
  SINCE JUL 1      0                         0      0        0

 COOLING
  YESTERDAY       12                        14     -2       13
  MONTH TO DATE  450                       470    -20      487
  SINCE JUN 1   1523                      1332    191     1281
  SINCE JAN 1   1848                      1595    253     1552
..................................................................


WIND (MPH)
  HIGHEST WIND SPEED     8   HIGHEST WIND DIRECTION     E (100)
  HIGHEST GUST SPEED    11   HIGHEST GUST DIRECTION     W (280)
  AVERAGE WIND SPEED     2.8


SKY COVER
  POSSIBLE SUNSHINE  MM
  AVERAGE SKY COVER 0.5


WEATHER CONDITIONS
 THE FOLLOWING WEATHER WAS RECORDED YESTERDAY.
  LIGHT RAIN


RELATIVE HUMIDITY (PERCENT)
 HIGHEST    87           900 PM
 LOWEST     51           400 PM
 AVERAGE    69

..........................................................


THE HUNTSVILLE CLIMATE NORMALS FOR TODAY
                         NORMAL    RECORD    YEAR
 MAXIMUM TEMPERATURE (F)   89       101      1951
 MINIMUM TEMPERATURE (F)   67        48      1946


SUNRISE AND SUNSET
SEPTEMBER  1 2015.....SUNRISE   620 AM CDT   SUNSET   714 PM CDT
SEPTEMBER  2 2015.....SUNRISE   621 AM CDT   SUNSET   712 PM CDT


-  INDICATES NEGATIVE NUMBERS.
R  INDICATES RECORD WAS SET OR TIED.
MM INDICATES DATA IS MISSING.
T  INDICATES TRACE AMOUNT.




$$
