000
CDUS44 KHUN 242135
CLIHSV


CLIMATE REPORT
NATIONAL WEATHER SERVICE HUNTSVILLE AL
435 PM CDT FRI MAR 24 2017


...................................

...THE HUNTSVILLE CLIMATE SUMMARY FOR MARCH 24 2017...
VALID TODAY AS OF 0400 PM LOCAL TIME.

CLIMATE NORMAL PERIOD 1981 TO 2010
CLIMATE RECORD PERIOD 1894 TO 2017


WEATHER ITEM   OBSERVED TIME   RECORD YEAR NORMAL DEPARTURE LAST
                VALUE   (LST)  VALUE       VALUE  FROM      YEAR
                                                  NORMAL
..................................................................
TEMPERATURE (F)
 TODAY
  MAXIMUM         76    238 PM  90    1929  67      9       66
  MINIMUM         61    143 AM  24    1968  44     17       55
  AVERAGE         69                        56     13       61

PRECIPITATION (IN)
  TODAY            0.00          2.18 1936   0.17  -0.17     0.14
  MONTH TO DATE    2.65                      4.01  -1.36     2.64
  SINCE MAR 1      2.65                      4.01  -1.36     2.64
  SINCE JAN 1     11.52                     13.74  -2.22    12.59

SNOWFALL (IN)
  TODAY            0.0
  MONTH TO DATE    T
  SINCE MAR 1      T
  SINCE JUL 1      T
  SNOW DEPTH       0

DEGREE DAYS
 HEATING
  TODAY            0                        10    -10        4
  MONTH TO DATE  307                       306      1      194
  SINCE MAR 1    307                       306      1      194
  SINCE JUL 1   1874                      2758   -884     2090

 COOLING
  TODAY            4                         1      3        0
  MONTH TO DATE   11                         2      9       23
  SINCE MAR 1     11                         2      9       23
  SINCE JAN 1     16                         3     13       24
..................................................................


WIND (MPH)
  HIGHEST WIND SPEED    28   HIGHEST WIND DIRECTION    SE (150)
  HIGHEST GUST SPEED    33   HIGHEST GUST DIRECTION    SE (150)
  AVERAGE WIND SPEED    16.5


SKY COVER
  POSSIBLE SUNSHINE  MM
  AVERAGE SKY COVER 0.8


WEATHER CONDITIONS
 THE FOLLOWING WEATHER WAS RECORDED TODAY.
  NO SIGNIFICANT WEATHER WAS OBSERVED.


RELATIVE HUMIDITY (PERCENT)
 HIGHEST    67           400 AM
 LOWEST     46           100 PM
 AVERAGE    57

..........................................................


THE HUNTSVILLE CLIMATE NORMALS FOR TOMORROW
                         NORMAL    RECORD    YEAR
 MAXIMUM TEMPERATURE (F)   68        88      1910
 MINIMUM TEMPERATURE (F)   44        25      1940


SUNRISE AND SUNSET
MARCH 24 2017.........SUNRISE   645 AM CDT   SUNSET   702 PM CDT
MARCH 25 2017.........SUNRISE   643 AM CDT   SUNSET   703 PM CDT


-  INDICATES NEGATIVE NUMBERS.
R  INDICATES RECORD WAS SET OR TIED.
MM INDICATES DATA IS MISSING.
T  INDICATES TRACE AMOUNT.




$$
