000
CDUS44 KHUN 190704
CLIHSV


CLIMATE REPORT
NATIONAL WEATHER SERVICE HUNTSVILLE AL
203 AM CDT THU OCT 19 2017


...................................

...THE HUNTSVILLE CLIMATE SUMMARY FOR OCTOBER 18 2017...

CLIMATE NORMAL PERIOD 1981 TO 2010
CLIMATE RECORD PERIOD 1894 TO 2017


WEATHER ITEM   OBSERVED TIME   RECORD YEAR NORMAL DEPARTURE LAST
                VALUE   (LST)  VALUE       VALUE  FROM      YEAR
                                                  NORMAL
..................................................................
TEMPERATURE (F)
 YESTERDAY
  MAXIMUM         74    240 PM  90    2016  74      0       90
  MINIMUM         42    612 AM  28    1943  50     -8       67
  AVERAGE         58                        62     -4       79

PRECIPITATION (IN)
  YESTERDAY        0.00          2.34 1966   0.12  -0.12     0.00
  MONTH TO DATE    3.32                      2.01   1.31      T
  SINCE SEP 1      6.03                      5.73   0.30     0.47
  SINCE JAN 1     46.24                     42.05   4.19    32.98

SNOWFALL (IN)
  YESTERDAY        0.0
  MONTH TO DATE    0.0
  SINCE SEP 1      0.0
  SINCE JUL 1      0.0
  SNOW DEPTH       0

DEGREE DAYS
 HEATING
  YESTERDAY        7                         5      2        0
  MONTH TO DATE   20                        56    -36        0
  SINCE SEP 1     31                        69    -38        3
  SINCE JUL 1     31                        69    -38        3

 COOLING
  YESTERDAY        0                         2     -2       14
  MONTH TO DATE  110                        54     56      115
  SINCE SEP 1    351                       329     22      560
  SINCE JAN 1   2079                      1924    155     2465
..................................................................


WIND (MPH)
  HIGHEST WIND SPEED     9   HIGHEST WIND DIRECTION    SE (120)
  HIGHEST GUST SPEED    13   HIGHEST GUST DIRECTION    SE (150)
  AVERAGE WIND SPEED     3.6


SKY COVER
  POSSIBLE SUNSHINE  MM
  AVERAGE SKY COVER 0.0


WEATHER CONDITIONS
 THE FOLLOWING WEATHER WAS RECORDED YESTERDAY.
  FOG


RELATIVE HUMIDITY (PERCENT)
 HIGHEST   100          1200 AM
 LOWEST     41           100 PM
 AVERAGE    71

..........................................................


THE HUNTSVILLE CLIMATE NORMALS FOR TODAY
                         NORMAL    RECORD    YEAR
 MAXIMUM TEMPERATURE (F)   74        90      2016
                                             1926
 MINIMUM TEMPERATURE (F)   50        25      1948


SUNRISE AND SUNSET
OCTOBER 19 2017.......SUNRISE   656 AM CDT   SUNSET   607 PM CDT
OCTOBER 20 2017.......SUNRISE   657 AM CDT   SUNSET   606 PM CDT


-  INDICATES NEGATIVE NUMBERS.
R  INDICATES RECORD WAS SET OR TIED.
MM INDICATES DATA IS MISSING.
T  INDICATES TRACE AMOUNT.




$$
