000
CDUS44 KHUN 300709
CLIHSV


CLIMATE REPORT
NATIONAL WEATHER SERVICE HUNTSVILLE AL
208 AM CDT SAT APR 30 2016


...................................

...THE HUNTSVILLE CLIMATE SUMMARY FOR APRIL 29 2016...

CLIMATE NORMAL PERIOD 1981 TO 2010
CLIMATE RECORD PERIOD 1894 TO 2016


WEATHER ITEM   OBSERVED TIME   RECORD YEAR NORMAL DEPARTURE LAST
                VALUE   (LST)  VALUE       VALUE  FROM      YEAR
                                                  NORMAL
..................................................................
TEMPERATURE (F)
 YESTERDAY
  MAXIMUM         84   1131 AM  92    1915  77      7       75
  MINIMUM         57    505 AM  35    1928  54      3       52
  AVERAGE         71                        66      5       64

PRECIPITATION (IN)
  YESTERDAY        0.41          3.32 1963   0.14   0.27     0.21
  MONTH TO DATE    2.23                      4.17  -1.94     6.94
  SINCE MAR 1      6.72                      9.38  -2.66    12.56
  SINCE JAN 1     16.67                     19.11  -2.44    20.30

SNOWFALL (IN)
  YESTERDAY        0.0
  MONTH TO DATE    0.0
  SINCE MAR 1      T
  SINCE JUL 1      0.4
  SNOW DEPTH       0

DEGREE DAYS
 HEATING
  YESTERDAY        0                         2     -2        1
  MONTH TO DATE  104                       152    -48       65
  SINCE MAR 1    337                       520   -183      372
  SINCE JUL 1   2233                      2972   -739     3013

 COOLING
  YESTERDAY        6                         3      3        0
  MONTH TO DATE   59                        55      4       58
  SINCE MAR 1     83                        68     15       63
  SINCE JAN 1     84                        69     15       63
..................................................................


WIND (MPH)
  HIGHEST WIND SPEED    17   HIGHEST WIND DIRECTION    SE (150)
  HIGHEST GUST SPEED    22   HIGHEST GUST DIRECTION    NW (320)
  AVERAGE WIND SPEED     6.7


SKY COVER
  POSSIBLE SUNSHINE  MM
  AVERAGE SKY COVER 0.7


WEATHER CONDITIONS
 THE FOLLOWING WEATHER WAS RECORDED YESTERDAY.
  THUNDERSTORM
  RAIN
  LIGHT RAIN
  FOG


RELATIVE HUMIDITY (PERCENT)
 HIGHEST    93           600 PM
 LOWEST     31          1200 PM
 AVERAGE    62

..........................................................


THE HUNTSVILLE CLIMATE NORMALS FOR TODAY
                         NORMAL    RECORD    YEAR
 MAXIMUM TEMPERATURE (F)   77        92      1942
 MINIMUM TEMPERATURE (F)   55        39      1969
                                             1945
                                             1939


SUNRISE AND SUNSET
APRIL 30 2016.........SUNRISE   557 AM CDT   SUNSET   732 PM CDT
MAY  1 2016...........SUNRISE   556 AM CDT   SUNSET   732 PM CDT


-  INDICATES NEGATIVE NUMBERS.
R  INDICATES RECORD WAS SET OR TIED.
MM INDICATES DATA IS MISSING.
T  INDICATES TRACE AMOUNT.




$$
