000
CDUS44 KHUN 310706
CLIHSV


CLIMATE REPORT
NATIONAL WEATHER SERVICE HUNTSVILLE AL
205 AM CDT TUE MAY 31 2016


...................................

...THE HUNTSVILLE CLIMATE SUMMARY FOR MAY 30 2016...

CLIMATE NORMAL PERIOD 1981 TO 2010
CLIMATE RECORD PERIOD 1894 TO 2016


WEATHER ITEM   OBSERVED TIME   RECORD YEAR NORMAL DEPARTURE LAST
                VALUE   (LST)  VALUE       VALUE  FROM      YEAR
                                                  NORMAL
..................................................................
TEMPERATURE (F)
 YESTERDAY
  MAXIMUM         94    313 PM  99    1914  85      9       86
  MINIMUM         64    459 AM  42    1984  63      1       68
  AVERAGE         79                        74      5       77

PRECIPITATION (IN)
  YESTERDAY        0.00          1.52 1949   0.15  -0.15     0.04
  MONTH TO DATE    1.62                      4.95  -3.33     4.80
  SINCE MAR 1      8.35                     14.48  -6.13    17.36
  SINCE JAN 1     18.30                     24.21  -5.91    25.10

SNOWFALL (IN)
  YESTERDAY        0.0
  MONTH TO DATE    0.0
  SINCE MAR 1      T
  SINCE JUL 1      0.4
  SNOW DEPTH       0

DEGREE DAYS
 HEATING
  YESTERDAY        0                         0      0        0
  MONTH TO DATE   20                        25     -5       14
  SINCE MAR 1    357                       547   -190      389
  SINCE JUL 1   2253                      2999   -746     3030

 COOLING
  YESTERDAY       14                         9      5       12
  MONTH TO DATE  182                       181      1      250
  SINCE MAR 1    272                       252     20      313
  SINCE JAN 1    273                       253     20      313
..................................................................


WIND (MPH)
  HIGHEST WIND SPEED    14   HIGHEST WIND DIRECTION     N (20)
  HIGHEST GUST SPEED    18   HIGHEST GUST DIRECTION     N (20)
  AVERAGE WIND SPEED     4.5


SKY COVER
  POSSIBLE SUNSHINE  MM
  AVERAGE SKY COVER 0.3


WEATHER CONDITIONS
 THE FOLLOWING WEATHER WAS RECORDED YESTERDAY.
  NO SIGNIFICANT WEATHER WAS OBSERVED.


RELATIVE HUMIDITY (PERCENT)
 HIGHEST    87           500 AM
 LOWEST     30           300 PM
 AVERAGE    59

..........................................................


THE HUNTSVILLE CLIMATE NORMALS FOR TODAY
                         NORMAL    RECORD    YEAR
 MAXIMUM TEMPERATURE (F)   85        98      1925
                                             1911
 MINIMUM TEMPERATURE (F)   64        43      1984
                                             1947


SUNRISE AND SUNSET
MAY 31 2016...........SUNRISE   535 AM CDT   SUNSET   755 PM CDT
JUNE  1 2016..........SUNRISE   535 AM CDT   SUNSET   755 PM CDT


-  INDICATES NEGATIVE NUMBERS.
R  INDICATES RECORD WAS SET OR TIED.
MM INDICATES DATA IS MISSING.
T  INDICATES TRACE AMOUNT.




$$
