000
CDUS44 KHUN 302123
CLIHSV


CLIMATE REPORT
NATIONAL WEATHER SERVICE HUNTSVILLE AL
423 PM CDT TUE AUG 30 2016


...................................

...THE HUNTSVILLE CLIMATE SUMMARY FOR AUGUST 30 2016...
VALID TODAY AS OF 0400 PM LOCAL TIME.

CLIMATE NORMAL PERIOD 1981 TO 2010
CLIMATE RECORD PERIOD 1894 TO 2016


WEATHER ITEM   OBSERVED TIME   RECORD YEAR NORMAL DEPARTURE LAST
                VALUE   (LST)  VALUE       VALUE  FROM      YEAR
                                                  NORMAL
..................................................................
TEMPERATURE (F)
 TODAY
  MAXIMUM         95    220 PM  99    1951  90      5       80
  MINIMUM         71    536 AM  51    1931  68      3       70
  AVERAGE         83                        79      4       75

PRECIPITATION (IN)
  TODAY            0.00          2.27 1989   0.11  -0.11     0.01
  MONTH TO DATE    4.88                      3.50   1.38     8.11
  SINCE JUN 1     14.21                     11.84   2.37    16.30
  SINCE JAN 1     32.51                     36.21  -3.70    41.68

SNOWFALL (IN)
  TODAY            0.0
  MONTH TO DATE    0.0
  SINCE JUN 1      0.0
  SINCE JUL 1      0.0
  SNOW DEPTH       0

DEGREE DAYS
 HEATING
  TODAY            0                         0      0        0
  MONTH TO DATE    0                         0      0        0
  SINCE JUN 1      0                         1     -1        0
  SINCE JUL 1      0                         0      0        0

 COOLING
  TODAY           18                        14      4       10
  MONTH TO DATE  543                       459     84      435
  SINCE JUN 1   1598                      1321    277     1508
  SINCE JAN 1   1885                      1584    301     1833
..................................................................


WIND (MPH)
  HIGHEST WIND SPEED    10   HIGHEST WIND DIRECTION     E (80)
  HIGHEST GUST SPEED    14   HIGHEST GUST DIRECTION     E (90)
  AVERAGE WIND SPEED     4.2


SKY COVER
  POSSIBLE SUNSHINE  MM
  AVERAGE SKY COVER 0.1


WEATHER CONDITIONS
 THE FOLLOWING WEATHER WAS RECORDED TODAY.
  NO SIGNIFICANT WEATHER WAS OBSERVED.


RELATIVE HUMIDITY (PERCENT)
 HIGHEST    87           200 AM
 LOWEST     39           200 PM
 AVERAGE    63

..........................................................


THE HUNTSVILLE CLIMATE NORMALS FOR TOMORROW
                         NORMAL    RECORD    YEAR
 MAXIMUM TEMPERATURE (F)   90       101      1945
 MINIMUM TEMPERATURE (F)   68        51      1946


SUNRISE AND SUNSET
AUGUST 30 2016........SUNRISE   619 AM CDT   SUNSET   715 PM CDT
AUGUST 31 2016........SUNRISE   620 AM CDT   SUNSET   714 PM CDT


-  INDICATES NEGATIVE NUMBERS.
R  INDICATES RECORD WAS SET OR TIED.
MM INDICATES DATA IS MISSING.
T  INDICATES TRACE AMOUNT.




$$
