000
CDUS44 KHUN 270821
CLIHSV


CLIMATE REPORT
NATIONAL WEATHER SERVICE HUNTSVILLE AL
221 AM CST THU NOV 27 2014


...................................

...THE HUNTSVILLE CLIMATE SUMMARY FOR NOVEMBER 26 2014...

CLIMATE NORMAL PERIOD 1981 TO 2010
CLIMATE RECORD PERIOD 1894 TO 2014


WEATHER ITEM   OBSERVED TIME   RECORD YEAR NORMAL DEPARTURE LAST
                VALUE   (LST)  VALUE       VALUE  FROM      YEAR
                                                  NORMAL
..................................................................
TEMPERATURE (F)
 YESTERDAY
  MAXIMUM         55    235 PM  78    1965  59     -4       47
                                      1910
  MINIMUM         31    700 AM  16    1950  39     -8       36
  AVERAGE         43                        49     -6       42

PRECIPITATION (IN)
  YESTERDAY        T             1.54 2013   0.19  -0.19     1.54
  MONTH TO DATE    2.67                      4.16  -1.49     3.08
  SINCE SEP 1      9.59                     11.47  -1.88     8.10
  SINCE JAN 1     47.74                     47.79  -0.05    51.72

SNOWFALL (IN)
  YESTERDAY        0.0
  MONTH TO DATE    T
  SINCE SEP 1      T
  SINCE JUL 1      T
  SNOW DEPTH       0

DEGREE DAYS
 HEATING
  YESTERDAY       22                        16      6       23
  MONTH TO DATE  448                       309    139      388
  SINCE SEP 1    545                       460     85      519
  SINCE JUL 1    545                       460     85      519

 COOLING
  YESTERDAY        0                         0      0        0
  MONTH TO DATE    0                         7     -7        1
  SINCE SEP 1    480                       352    128      368
  SINCE JAN 1   2032                      1947     85     1834
..................................................................


WIND (MPH)
  HIGHEST WIND SPEED    26   HIGHEST WIND DIRECTION     W (260)
  HIGHEST GUST SPEED    36   HIGHEST GUST DIRECTION     W (260)
  AVERAGE WIND SPEED     6.7


SKY COVER
  POSSIBLE SUNSHINE  MM
  AVERAGE SKY COVER 0.4


WEATHER CONDITIONS
 THE FOLLOWING WEATHER WAS RECORDED YESTERDAY.
  LIGHT RAIN


RELATIVE HUMIDITY (PERCENT)
 HIGHEST    78           600 AM
 LOWEST     32           100 PM
 AVERAGE    55

..........................................................


THE HUNTSVILLE CLIMATE NORMALS FOR TODAY
                         NORMAL    RECORD    YEAR
 MAXIMUM TEMPERATURE (F)   59        80      1990
 MINIMUM TEMPERATURE (F)   39        17      1930


SUNRISE AND SUNSET
NOVEMBER 27 2014......SUNRISE   632 AM CST   SUNSET   437 PM CST
NOVEMBER 28 2014......SUNRISE   633 AM CST   SUNSET   437 PM CST


-  INDICATES NEGATIVE NUMBERS.
R  INDICATES RECORD WAS SET OR TIED.
MM INDICATES DATA IS MISSING.
T  INDICATES TRACE AMOUNT.




$$
