000
CDUS44 KHUN 142126
CLIHSV


CLIMATE REPORT
NATIONAL WEATHER SERVICE HUNTSVILLE AL
423 PM CDT SUN SEP 14 2014


...................................

...THE HUNTSVILLE CLIMATE SUMMARY FOR SEPTEMBER 14 2014...
VALID TODAY AS OF 0400 PM LOCAL TIME.

CLIMATE NORMAL PERIOD 1981 TO 2010
CLIMATE RECORD PERIOD 1894 TO 2014


WEATHER ITEM   OBSERVED TIME   RECORD YEAR NORMAL DEPARTURE LAST
                VALUE   (LST)  VALUE       VALUE  FROM      YEAR
                                                  NORMAL
..................................................................
TEMPERATURE (F)
 TODAY
  MAXIMUM         87    302 PM 102    1927  86      1       79
  MINIMUM         59    527 AM  46    1953  63     -4       51
  AVERAGE         73                        74     -1       65

PRECIPITATION (IN)
  TODAY            0.00          2.07 2009   0.12  -0.12     0.00
  MONTH TO DATE    0.27                      1.68  -1.41     1.27
  SINCE SEP 1      0.27                      1.68  -1.41     1.27
  SINCE JAN 1     38.42                     38.00   0.42    44.89

SNOWFALL (IN)
  TODAY            0.0
  MONTH TO DATE    0.0
  SINCE SEP 1      0.0
  SINCE JUL 1      0.0
  SNOW DEPTH       0

DEGREE DAYS
 HEATING
  TODAY            0                         0      0        0
  MONTH TO DATE    0                         0      0        0
  SINCE SEP 1      0                         0      0        0
  SINCE JUL 1      0                         0      0        0

 COOLING
  TODAY            8                        10     -2        0
  MONTH TO DATE  217                       163     54      174
  SINCE SEP 1    217                       163     54      174
  SINCE JAN 1   1769                      1758     11     1640
..................................................................


WIND (MPH)
  HIGHEST WIND SPEED     9   HIGHEST WIND DIRECTION     N (350)
  HIGHEST GUST SPEED    14   HIGHEST GUST DIRECTION    NW (320)
  AVERAGE WIND SPEED     2.9


SKY COVER
  POSSIBLE SUNSHINE  MM
  AVERAGE SKY COVER 0.2


WEATHER CONDITIONS
 THE FOLLOWING WEATHER WAS RECORDED TODAY.
  NO SIGNIFICANT WEATHER WAS OBSERVED.


RELATIVE HUMIDITY (PERCENT)
 HIGHEST    90           100 AM
 LOWEST     44           100 PM
 AVERAGE    67

..........................................................


THE HUNTSVILLE CLIMATE NORMALS FOR TOMORROW
                         NORMAL    RECORD    YEAR
 MAXIMUM TEMPERATURE (F)   85       103      1927
 MINIMUM TEMPERATURE (F)   63        48      1937


SUNRISE AND SUNSET
SEPTEMBER 14 2014.....SUNRISE   629 AM CDT   SUNSET   655 PM CDT
SEPTEMBER 15 2014.....SUNRISE   630 AM CDT   SUNSET   654 PM CDT


-  INDICATES NEGATIVE NUMBERS.
R  INDICATES RECORD WAS SET OR TIED.
MM INDICATES DATA IS MISSING.
T  INDICATES TRACE AMOUNT.




$$
