000
CDUS43 KAPX 242132
CLIHTL


CLIMATE REPORT
NATIONAL WEATHER SERVICE GAYLORD MI
531 PM EDT THU APR 24 2014


...................................

...THE HOUGHTON LAKE MI CLIMATE SUMMARY FOR APRIL 24 2014...
VALID TODAY AS OF 0500 PM LOCAL TIME.

CLIMATE NORMAL PERIOD 1981 TO 2010
CLIMATE RECORD PERIOD 1913 TO 2014


WEATHER ITEM   OBSERVED TIME   RECORD YEAR NORMAL DEPARTURE LAST
                VALUE   (LST)  VALUE       VALUE  FROM      YEAR
                                                  NORMAL
..................................................................
TEMPERATURE (F)
 TODAY
  MAXIMUM         53    304 PM  85    1960  58     -5       44
                                      1942
  MINIMUM         29    230 AM  16    1917  34     -5       30
  AVERAGE         41                        46     -5       37

PRECIPITATION (IN)
  TODAY            0.00          0.94 1976   0.07  -0.07      T
  MONTH TO DATE    4.56                      2.00   2.56     5.45
  SINCE MAR 1      5.71                      3.84   1.87     6.71
  SINCE JAN 1      8.51                      6.56   1.95    11.97

SNOWFALL (IN)
  TODAY            0.0           3.8  1976   0.0              T
  MONTH TO DATE    3.5                       3.5             3.0
  SINCE OCT 1     61.9                      66.3            60.1
  SINCE JUL 1     61.9                      66.3            60.1

DEGREE DAYS
 HEATING
  TODAY           24                        19      5       28
  MONTH TO DATE  596                       571     25      695
  SINCE MAR 1   2002                      1684    318     1850
  SINCE JUL 1   8450                      7556    894     7224

 COOLING
  TODAY            0                         0      0        0
  MONTH TO DATE    0                         0      0        0
  SINCE MAR 1      0                         0      0        0
  SINCE JAN 1      0                         0      0        0
..................................................................


WIND (MPH)
  RESULTANT WIND SPEED   6   RESULTANT WIND DIRECTION  SE (140)
  HIGHEST WIND SPEED    18   HIGHEST WIND DIRECTION     E (110)
  HIGHEST GUST SPEED    25   HIGHEST GUST DIRECTION    SE (120)
  AVERAGE WIND SPEED     6.1


SKY COVER
  POSSIBLE SUNSHINE  MM
  AVERAGE SKY COVER 0.5


WEATHER CONDITIONS
 THE FOLLOWING WEATHER WAS RECORDED TODAY.
  NO SIGNIFICANT WEATHER WAS OBSERVED.


RELATIVE HUMIDITY (PERCENT)
 HIGHEST    85           200 AM
 LOWEST     24           200 PM
 AVERAGE    55

..........................................................


THE HOUGHTON LAKE MI CLIMATE NORMALS FOR TOMORROW
                         NORMAL    RECORD    YEAR
 MAXIMUM TEMPERATURE (F)   59        87      1939
 MINIMUM TEMPERATURE (F)   35        16      1918


SUNRISE AND SUNSET
APRIL 24 2014.........SUNRISE   640 AM EDT   SUNSET   834 PM EDT
APRIL 25 2014.........SUNRISE   639 AM EDT   SUNSET   836 PM EDT


-  INDICATES NEGATIVE NUMBERS.
R  INDICATES RECORD WAS SET OR TIED.
MM INDICATES DATA IS MISSING.
T  INDICATES TRACE AMOUNT.




$$
