000
CDUS43 KAPX 200538
CLIHTL


CLIMATE REPORT
NATIONAL WEATHER SERVICE GAYLORD MI
1237 AM EST SAT DEC 20 2014


...................................

...THE HOUGHTON LAKE MI CLIMATE SUMMARY FOR DECEMBER 19 2014...

CLIMATE NORMAL PERIOD 1981 TO 2010
CLIMATE RECORD PERIOD 1913 TO 2014


WEATHER ITEM   OBSERVED TIME   RECORD YEAR NORMAL DEPARTURE LAST
                VALUE   (LST)  VALUE       VALUE  FROM      YEAR
                                                  NORMAL
..................................................................
TEMPERATURE (F)
 YESTERDAY
  MAXIMUM         28    422 PM  53    1931  29     -1       29
  MINIMUM          9   1140 PM -17    1919  16     -7        6
  AVERAGE         19                        23     -4       18

PRECIPITATION (IN)
  YESTERDAY        0.00          0.35 1968   0.05  -0.05     0.02
  MONTH TO DATE    0.44                      1.08  -0.64     1.42
  SINCE DEC 1      0.44                      1.08  -0.64     1.42
  SINCE JAN 1     29.80                     28.18   1.62    29.92

SNOWFALL (IN)
  YESTERDAY        0.0           5.7  2008   0.5   -0.5      0.2
  MONTH TO DATE    4.6                       9.7   -5.1     11.6
  SINCE OCT 1     17.5                      18.8   -1.3     15.4
  SINCE JUL 1     17.5                      18.8   -1.3     15.4
  SNOW DEPTH       4

DEGREE DAYS
 HEATING
  YESTERDAY       46                        42      4       47
  MONTH TO DATE  711                       747    -36      876
  SINCE DEC 1    711                       747    -36      876
  SINCE JUL 1   2714                      2630     84     2741
..................................................................


WIND (MPH)
  HIGHEST WIND SPEED     6   HIGHEST WIND DIRECTION    SW (230)
  HIGHEST GUST SPEED     7   HIGHEST GUST DIRECTION     W (250)
  AVERAGE WIND SPEED     1.5




RELATIVE HUMIDITY (PERCENT)
 HIGHEST    96
 LOWEST     68
 AVERAGE    82

..........................................................


THE HOUGHTON LAKE MI CLIMATE NORMALS FOR TODAY
                         NORMAL    RECORD    YEAR
 MAXIMUM TEMPERATURE (F)   29        50      1923
 MINIMUM TEMPERATURE (F)   16       -19      1958


SUNRISE AND SUNSET
DECEMBER 20 2014......SUNRISE   811 AM EST   SUNSET   502 PM EST
DECEMBER 21 2014......SUNRISE   812 AM EST   SUNSET   502 PM EST


-  INDICATES NEGATIVE NUMBERS.
R  INDICATES RECORD WAS SET OR TIED.
MM INDICATES DATA IS MISSING.
T  INDICATES TRACE AMOUNT.




$$
