000
CDUS43 KAPX 170530
CLIHTL


CLIMATE REPORT
NATIONAL WEATHER SERVICE GAYLORD MI
129 AM EDT TUE OCT 17 2017


...................................

...THE HOUGHTON LAKE MI CLIMATE SUMMARY FOR OCTOBER 16 2017...

CLIMATE NORMAL PERIOD 1981 TO 2010
CLIMATE RECORD PERIOD 1913 TO 2017


WEATHER ITEM   OBSERVED TIME   RECORD YEAR NORMAL DEPARTURE LAST
                VALUE   (LST)  VALUE       VALUE  FROM      YEAR
                                                  NORMAL
..................................................................
TEMPERATURE (F)
 YESTERDAY
  MAXIMUM         56    325 PM  86    1938  56      0       68
  MINIMUM         31    249 AM  19    1940  36     -5       56
  AVERAGE         44                        46     -2       62

PRECIPITATION (IN)
  YESTERDAY        0.00          0.94 1954   0.08  -0.08     0.55
  MONTH TO DATE    1.83                      1.37   0.46     1.92
  SINCE SEP 1      2.56                      4.47  -1.91     4.85
  SINCE JAN 1     28.17                     23.59   4.58    28.46

SNOWFALL (IN)
  YESTERDAY        0.0           1.7  1943   0.0    0.0      0.0
  MONTH TO DATE    0.0                       0.1   -0.1      0.0
  SINCE OCT 1      0.0                       0.1   -0.1      0.0
  SINCE JUL 1      0.0                       0.1   -0.1      0.0
  SNOW DEPTH       0

DEGREE DAYS
 HEATING
  YESTERDAY       21                        19      2        3
  MONTH TO DATE  145                       267   -122      164
  SINCE SEP 1    317                       521   -204      288
  SINCE JUL 1    407                       648   -241      321

 COOLING
  YESTERDAY        0                         0      0        0
  MONTH TO DATE    4                         0      4        2
  SINCE SEP 1     76                        20     56       50
  SINCE JAN 1    320                       285     35      459
..................................................................


WIND (MPH)
  HIGHEST WIND SPEED    15   HIGHEST WIND DIRECTION    SW (230)
  HIGHEST GUST SPEED    19   HIGHEST GUST DIRECTION    SW (240)
  AVERAGE WIND SPEED     5.9




RELATIVE HUMIDITY (PERCENT)
 HIGHEST   100
 LOWEST     47
 AVERAGE    74

..........................................................


THE HOUGHTON LAKE MI CLIMATE NORMALS FOR TODAY
                         NORMAL    RECORD    YEAR
 MAXIMUM TEMPERATURE (F)   55        82      1953
                                             1947
 MINIMUM TEMPERATURE (F)   36        12      1919


SUNRISE AND SUNSET
OCTOBER 17 2017.......SUNRISE   757 AM EDT   SUNSET   651 PM EDT
OCTOBER 18 2017.......SUNRISE   758 AM EDT   SUNSET   649 PM EDT


-  INDICATES NEGATIVE NUMBERS.
R  INDICATES RECORD WAS SET OR TIED.
MM INDICATES DATA IS MISSING.
T  INDICATES TRACE AMOUNT.




$$
