196
CDUS43 KAPX 270530
CLIHTL


CLIMATE REPORT
NATIONAL WEATHER SERVICE GAYLORD MI
130 AM EDT WED JUL 27 2016


...................................

...THE HOUGHTON LAKE MI CLIMATE SUMMARY FOR JULY 26 2016...

CLIMATE NORMAL PERIOD 1981 TO 2010
CLIMATE RECORD PERIOD 1913 TO 2016


WEATHER ITEM   OBSERVED TIME   RECORD YEAR NORMAL DEPARTURE LAST
                VALUE   (LST)  VALUE       VALUE  FROM      YEAR
                                                  NORMAL
..................................................................
TEMPERATURE (F)
 YESTERDAY
  MAXIMUM         86    538 PM  99    1941  79      7       86
  MINIMUM         54    553 AM  33    1920  55     -1       52
  AVERAGE         70                        67      3       69

PRECIPITATION (IN)
  YESTERDAY        0.00          2.22 1960   0.10  -0.10     0.00
  MONTH TO DATE    2.76                      2.27   0.49     1.39
  SINCE JUN 1      5.52                      5.37   0.15     4.55
  SINCE JAN 1     19.59                     15.23   4.36    13.17

DEGREE DAYS
 HEATING
  YESTERDAY        0                         1     -1        0
  MONTH TO DATE   27                        38    -11       48
  SINCE JUN 1    132                       162    -30      165
  SINCE JUL 1     27                        38    -11       48

 COOLING
  YESTERDAY        5                         4      1        4
  MONTH TO DATE  141                       101     40       74
  SINCE JUN 1    185                       160     25       94
  SINCE JAN 1    214                       176     38      119
..................................................................


WIND (MPH)
  HIGHEST WIND SPEED    13   HIGHEST WIND DIRECTION     W (280)
  HIGHEST GUST SPEED    17   HIGHEST GUST DIRECTION     W (290)
  AVERAGE WIND SPEED     5.8




RELATIVE HUMIDITY (PERCENT)
 HIGHEST   100
 LOWEST     37
 AVERAGE    69

..........................................................


THE HOUGHTON LAKE MI CLIMATE NORMALS FOR TODAY
                         NORMAL    RECORD    YEAR
 MAXIMUM TEMPERATURE (F)   79        98      1941
 MINIMUM TEMPERATURE (F)   55        36      2001
                                             1920


SUNRISE AND SUNSET
JULY 27 2016..........SUNRISE   621 AM EDT   SUNSET   909 PM EDT
JULY 28 2016..........SUNRISE   622 AM EDT   SUNSET   908 PM EDT


-  INDICATES NEGATIVE NUMBERS.
R  INDICATES RECORD WAS SET OR TIED.
MM INDICATES DATA IS MISSING.
T  INDICATES TRACE AMOUNT.




$$
