000
CDUS43 KAPX 110532
CLIHTL


CLIMATE REPORT
NATIONAL WEATHER SERVICE GAYLORD MI
1231 AM EST SUN DEC 11 2016


...................................

...THE HOUGHTON LAKE MI CLIMATE SUMMARY FOR DECEMBER 10 2016...

CLIMATE NORMAL PERIOD 1981 TO 2010
CLIMATE RECORD PERIOD 1913 TO 2016


WEATHER ITEM   OBSERVED TIME   RECORD YEAR NORMAL DEPARTURE LAST
                VALUE   (LST)  VALUE       VALUE  FROM      YEAR
                                                  NORMAL
..................................................................
TEMPERATURE (F)
 YESTERDAY
  MAXIMUM         21    138 PM  55    1971  32    -11       54
  MINIMUM         16   1159 PM -10    1932  19     -3       37
  AVERAGE         19                        26     -7       46

PRECIPITATION (IN)
  YESTERDAY        0.06          2.02 1953   0.06   0.00      T
  MONTH TO DATE    0.62                      0.62   0.00     0.11
  SINCE DEC 1      0.62                      0.62   0.00     0.11
  SINCE JAN 1     31.67                     27.72   3.95    24.67

SNOWFALL (IN)
  YESTERDAY        0.8           4.0  1953   0.5    0.3      0.0
  MONTH TO DATE   12.2                       5.0    7.2       T
  SINCE OCT 1     23.2                      14.1    9.1      2.2
  SINCE JUL 1     23.2                      14.1    9.1      2.2
  SNOW DEPTH       8

DEGREE DAYS
 HEATING
  YESTERDAY       46                        39      7       19
  MONTH TO DATE  346                       378    -32      280
  SINCE DEC 1    346                       378    -32      280
  SINCE JUL 1   1666                      2261   -595     1759
..................................................................


WIND (MPH)
  HIGHEST WIND SPEED    17   HIGHEST WIND DIRECTION     W (270)
  HIGHEST GUST SPEED    22   HIGHEST GUST DIRECTION     W (270)
  AVERAGE WIND SPEED     8.2




RELATIVE HUMIDITY (PERCENT)
 HIGHEST    91
 LOWEST     67
 AVERAGE    79

..........................................................


THE HOUGHTON LAKE MI CLIMATE NORMALS FOR TODAY
                         NORMAL    RECORD    YEAR
 MAXIMUM TEMPERATURE (F)   32        48      1979
                                             1928
 MINIMUM TEMPERATURE (F)   19       -16      1977


SUNRISE AND SUNSET
DECEMBER 11 2016......SUNRISE   805 AM EST   SUNSET   459 PM EST
DECEMBER 12 2016......SUNRISE   806 AM EST   SUNSET   500 PM EST


-  INDICATES NEGATIVE NUMBERS.
R  INDICATES RECORD WAS SET OR TIED.
MM INDICATES DATA IS MISSING.
T  INDICATES TRACE AMOUNT.




$$
