000
CDUS41 KRLX 232219
CLIHTS


CLIMATE REPORT
NATIONAL WEATHER SERVICE CHARLESTON WV
519 PM EST THU NOV 23 2017


...................................

...THE HUNTINGTON WV CLIMATE SUMMARY FOR NOVEMBER 23 2017...
VALID TODAY AS OF 0500 PM LOCAL TIME.

CLIMATE NORMAL PERIOD 1981 TO 2010
CLIMATE RECORD PERIOD 1897 TO 2017


WEATHER ITEM   OBSERVED TIME   RECORD YEAR NORMAL DEPARTURE LAST
                VALUE   (LST)  VALUE       VALUE  FROM      YEAR
                                                  NORMAL
..................................................................
TEMPERATURE (F)
 TODAY
  MAXIMUM         46    355 PM  78    1931  53     -7       49
  MINIMUM         21    525 AM  12    1956  35    -14       28
  AVERAGE         34                        44    -10       39

PRECIPITATION (IN)
  TODAY            0.00          0.97 1942   0.12  -0.12     0.02
  MONTH TO DATE    2.21                      2.62  -0.41     0.70
  SINCE SEP 1      9.72                      8.21   1.51     4.82
  SINCE JAN 1     43.13                     38.46   4.67    40.91

DEGREE DAYS
 HEATING
  TODAY           31                        21     10       26
  MONTH TO DATE  406                       392     14      340
  SINCE SEP 1    651                       729    -78      486
  SINCE JUL 1    651                       731    -80      486

 COOLING
  TODAY            0                         0      0        0
  MONTH TO DATE    3                         0      3        7
  SINCE SEP 1    189                       155     34      339
  SINCE JAN 1   1191                      1132     59     1589
..................................................................


WIND (MPH)
  HIGHEST WIND SPEED     7   HIGHEST WIND DIRECTION     E (110)
  HIGHEST GUST SPEED     9   HIGHEST GUST DIRECTION     E (100)
  AVERAGE WIND SPEED     1.1


SKY COVER
  POSSIBLE SUNSHINE  MM
  AVERAGE SKY COVER 0.1


WEATHER CONDITIONS
 THE FOLLOWING WEATHER WAS RECORDED TODAY.
  FOG
  FOG W/VISIBILITY <= 1/4 MILE


RELATIVE HUMIDITY (PERCENT)
 HIGHEST    96           700 AM
 LOWEST     41           500 PM
 AVERAGE    69

..........................................................


THE HUNTINGTON WV CLIMATE NORMALS FOR TOMORROW
                         NORMAL    RECORD    YEAR
 MAXIMUM TEMPERATURE (F)   53        76      1931
 MINIMUM TEMPERATURE (F)   34         9      1950


SUNRISE AND SUNSET
NOVEMBER 23 2017......SUNRISE   721 AM EST   SUNSET   513 PM EST
NOVEMBER 24 2017......SUNRISE   722 AM EST   SUNSET   512 PM EST


-  INDICATES NEGATIVE NUMBERS.
R  INDICATES RECORD WAS SET OR TIED.
MM INDICATES DATA IS MISSING.
T  INDICATES TRACE AMOUNT.




$$
