000
CDUS41 KRLX 250716
CLIHTS


CLIMATE REPORT
NATIONAL WEATHER SERVICE CHARLESTON WV
316 AM EDT THU MAY 25 2017


...................................

...THE HUNTINGTON WV CLIMATE SUMMARY FOR MAY 24 2017...

CLIMATE NORMAL PERIOD 1981 TO 2010
CLIMATE RECORD PERIOD 1897 TO 2017


WEATHER ITEM   OBSERVED TIME   RECORD YEAR NORMAL DEPARTURE LAST
                VALUE   (LST)  VALUE       VALUE  FROM      YEAR
                                                  NORMAL
..................................................................
TEMPERATURE (F)
 YESTERDAY
  MAXIMUM         69    449 PM  91    1939  77     -8       83
                                      1901
  MINIMUM         60   1159 PM  37    1956  55      5       50
  AVERAGE         65                        66     -1       67

PRECIPITATION (IN)
  YESTERDAY        0.23          2.39 1902   0.15   0.08     0.00
  MONTH TO DATE    4.72                      3.57   1.15     5.10
  SINCE JAN 1     17.43                     16.95   0.48    19.47

SNOWFALL (IN)
  YESTERDAY        0.0
  MONTH TO DATE    0.0
  SINCE SEP 1      5.9
  SNOW DEPTH       0

DEGREE DAYS
 HEATING
  YESTERDAY        0                         3     -3        0
  MONTH TO DATE   96                       100     -4      127
  SINCE MAR 1    787                       987   -200      753
  SINCE JUL 1   3436                      4488  -1052     3788

 COOLING
  YESTERDAY        0                         3     -3        2
  MONTH TO DATE   66                        52     14       28
  SINCE MAR 1    136                        84     52       75
  SINCE JAN 1    137                        84     53       75
..................................................................


WIND (MPH)
  HIGHEST WIND SPEED    17   HIGHEST WIND DIRECTION     S (170)
  HIGHEST GUST SPEED    27   HIGHEST GUST DIRECTION    SE (150)
  AVERAGE WIND SPEED     5.8


SKY COVER
  POSSIBLE SUNSHINE  MM


WEATHER CONDITIONS
 THE FOLLOWING WEATHER WAS RECORDED YESTERDAY.
  HEAVY RAIN
  LIGHT RAIN
  FOG
  FOG W/VISIBILITY <= 1/4 MILE


RELATIVE HUMIDITY (PERCENT)
 HIGHEST    97           100 AM
 LOWEST     73          1100 AM
 AVERAGE    85

..........................................................


THE HUNTINGTON WV CLIMATE NORMALS FOR TODAY
                         NORMAL    RECORD    YEAR
 MAXIMUM TEMPERATURE (F)   77        96      1939
 MINIMUM TEMPERATURE (F)   55        37      1956


SUNRISE AND SUNSET
MAY 25 2017...........SUNRISE   612 AM EDT   SUNSET   843 PM EDT
MAY 26 2017...........SUNRISE   611 AM EDT   SUNSET   844 PM EDT


-  INDICATES NEGATIVE NUMBERS.
R  INDICATES RECORD WAS SET OR TIED.
MM INDICATES DATA IS MISSING.
T  INDICATES TRACE AMOUNT.




$$
