000
CDUS41 KRLX 242223
CLIHTS


CLIMATE REPORT
NATIONAL WEATHER SERVICE CHARLESTON WV
523 PM EST SAT FEB 24 2018


...................................

...THE HUNTINGTON WV CLIMATE SUMMARY FOR FEBRUARY 24 2018...
VALID TODAY AS OF 0500 PM LOCAL TIME.

CLIMATE NORMAL PERIOD 1981 TO 2010
CLIMATE RECORD PERIOD 1897 TO 2018


WEATHER ITEM   OBSERVED TIME   RECORD YEAR NORMAL DEPARTURE LAST
                VALUE   (LST)  VALUE       VALUE  FROM      YEAR
                                                  NORMAL
..................................................................
TEMPERATURE (F)
 TODAY
  MAXIMUM         60    148 AM  80    2017  49     11       80
  MINIMUM         55    359 PM   3    2015  30     25       51
                                      1967
  AVERAGE         58                        40     18       66

PRECIPITATION (IN)
  TODAY            1.58          2.16 1909   0.11   1.47     0.00
  MONTH TO DATE    7.78                      2.61   5.17     1.16
  SINCE DEC 1     13.04                      8.89   4.15     9.15
  SINCE JAN 1     10.69                      5.58   5.11     5.14

DEGREE DAYS
 HEATING
  TODAY            7                        26    -19        0
  MONTH TO DATE  497                       678   -181      442
  SINCE DEC 1   2421                      2515    -94     1969
  SINCE JUL 1   3193                      3402   -209     2567

 COOLING
  TODAY            0                         0      0        1
  MONTH TO DATE    7                         0      7        1
  SINCE DEC 1      7                         1      6        1
  SINCE JAN 1      7                         0      7        1
..................................................................


WIND (MPH)
  HIGHEST WIND SPEED    14   HIGHEST WIND DIRECTION    NW (320)
  HIGHEST GUST SPEED    19   HIGHEST GUST DIRECTION    NW (310)
  AVERAGE WIND SPEED     4.3


SKY COVER
  POSSIBLE SUNSHINE  MM
  AVERAGE SKY COVER 0.9


WEATHER CONDITIONS
 THE FOLLOWING WEATHER WAS RECORDED TODAY.
  THUNDERSTORM
  HEAVY RAIN
  RAIN
  LIGHT RAIN
  FOG
  FOG W/VISIBILITY <= 1/4 MILE


RELATIVE HUMIDITY (PERCENT)
 HIGHEST   100           600 AM
 LOWEST     84          1200 AM
 AVERAGE    92

..........................................................


THE HUNTINGTON WV CLIMATE NORMALS FOR TOMORROW
                         NORMAL    RECORD    YEAR
 MAXIMUM TEMPERATURE (F)   50        80      1930
 MINIMUM TEMPERATURE (F)   30        -1      1967


SUNRISE AND SUNSET
FEBRUARY 24 2018......SUNRISE   709 AM EST   SUNSET   618 PM EST
FEBRUARY 25 2018......SUNRISE   708 AM EST   SUNSET   619 PM EST


-  INDICATES NEGATIVE NUMBERS.
R  INDICATES RECORD WAS SET OR TIED.
MM INDICATES DATA IS MISSING.
T  INDICATES TRACE AMOUNT.




$$
