000
CDUS41 KRLX 232124
CLIHTS


CLIMATE REPORT
NATIONAL WEATHER SERVICE CHARLESTON WV
524 PM EDT SUN JUL 23 2017


...................................

...THE HUNTINGTON WV CLIMATE SUMMARY FOR JULY 23 2017...
VALID TODAY AS OF 0500 PM LOCAL TIME.

CLIMATE NORMAL PERIOD 1981 TO 2010
CLIMATE RECORD PERIOD 1897 TO 2017


WEATHER ITEM   OBSERVED TIME   RECORD YEAR NORMAL DEPARTURE LAST
                VALUE   (LST)  VALUE       VALUE  FROM      YEAR
                                                  NORMAL
..................................................................
TEMPERATURE (F)
 TODAY
  MAXIMUM         83    355 PM 102    1934  86     -3       93
  MINIMUM         70    645 AM  48    1947  66      4       68
  AVERAGE         77                        76      1       81

PRECIPITATION (IN)
  TODAY            0.55          2.21 1897   0.15   0.40     0.00
  MONTH TO DATE    4.90                      3.34   1.56     3.44
  SINCE JUN 1      9.76                      7.22   2.54    10.69
  SINCE JAN 1     27.97                     25.30   2.67    30.33

DEGREE DAYS
 HEATING
  TODAY            0                         0      0        0
  MONTH TO DATE    0                         0      0        0
  SINCE JUN 1      4                        12     -8        1
  SINCE JUL 1      0                         0      0        0

 COOLING
  TODAY           12                        11      1       16
  MONTH TO DATE  291                       250     41      272
  SINCE JUN 1    514                       475     39      552
  SINCE JAN 1    686                       588     98      692
..................................................................


WIND (MPH)
  HIGHEST WIND SPEED    17   HIGHEST WIND DIRECTION     W (270)
  HIGHEST GUST SPEED    30   HIGHEST GUST DIRECTION     W (290)
  AVERAGE WIND SPEED     7.1


SKY COVER
  POSSIBLE SUNSHINE  MM
  AVERAGE SKY COVER 0.5


WEATHER CONDITIONS
 THE FOLLOWING WEATHER WAS RECORDED TODAY.
  HEAVY RAIN
  RAIN
  LIGHT RAIN
  FOG


RELATIVE HUMIDITY (PERCENT)
 HIGHEST    97           300 AM
 LOWEST     63           400 PM
 AVERAGE    80

..........................................................


THE HUNTINGTON WV CLIMATE NORMALS FOR TOMORROW
                         NORMAL    RECORD    YEAR
 MAXIMUM TEMPERATURE (F)   86       103      1934
 MINIMUM TEMPERATURE (F)   66        50      1947
                                             1905


SUNRISE AND SUNSET
JULY 23 2017..........SUNRISE   625 AM EDT   SUNSET   848 PM EDT
JULY 24 2017..........SUNRISE   626 AM EDT   SUNSET   847 PM EDT


-  INDICATES NEGATIVE NUMBERS.
R  INDICATES RECORD WAS SET OR TIED.
MM INDICATES DATA IS MISSING.
T  INDICATES TRACE AMOUNT.




$$
