000
CDUS41 KRLX 160729
CLIHTS


CLIMATE REPORT
NATIONAL WEATHER SERVICE CHARLESTON WV
327 AM EDT TUE SEP 16 2014


...................................

...THE HUNTINGTON WV CLIMATE SUMMARY FOR SEPTEMBER 15 2014...

CLIMATE NORMAL PERIOD 1981 TO 2010
CLIMATE RECORD PERIOD 1897 TO 2014


WEATHER ITEM   OBSERVED TIME   RECORD YEAR NORMAL DEPARTURE LAST
                VALUE   (LST)  VALUE       VALUE  FROM      YEAR
                                                  NORMAL
..................................................................
TEMPERATURE (F)
 YESTERDAY
  MAXIMUM         73    303 PM  98    1936  79     -6       78
  MINIMUM         47    621 AM  40    1964  57    -10       45
  AVERAGE         60                        68     -8       62

PRECIPITATION (IN)
  YESTERDAY        0.02          1.89 1956   0.09  -0.07     0.00
  MONTH TO DATE    3.21                      1.48   1.73     0.53
  SINCE JAN 1     37.55                     31.73   5.82    32.95

SNOWFALL (IN)
  YESTERDAY        0.0
  MONTH TO DATE    0.0
  SINCE SEP 1      0.0
  SNOW DEPTH       0

DEGREE DAYS
 HEATING
  YESTERDAY        5                         1      4        3
  MONTH TO DATE   21                         8     13       11
  SINCE SEP 1     21                         8     13       11
  SINCE JUL 1     24                        10     14       15

 COOLING
  YESTERDAY        0                         4     -4        0
  MONTH TO DATE   99                        91      8      111
  SINCE SEP 1     99                        91      8      111
  SINCE JAN 1    940                      1068   -128     1143
..................................................................


WIND (MPH)
  HIGHEST WIND SPEED    12   HIGHEST WIND DIRECTION    NW (330)
  HIGHEST GUST SPEED    16   HIGHEST GUST DIRECTION    NW (330)
  AVERAGE WIND SPEED     3.0


SKY COVER
  POSSIBLE SUNSHINE  MM


WEATHER CONDITIONS
 THE FOLLOWING WEATHER WAS RECORDED YESTERDAY.
  LIGHT RAIN
  FOG
  FOG W/VISIBILITY <= 1/4 MILE


RELATIVE HUMIDITY (PERCENT)
 HIGHEST   100          1200 AM
 LOWEST     53           100 PM
 AVERAGE    77

..........................................................


THE HUNTINGTON WV CLIMATE NORMALS FOR TODAY
                         NORMAL    RECORD    YEAR
 MAXIMUM TEMPERATURE (F)   79        99      1939
 MINIMUM TEMPERATURE (F)   56        42      2007
                                             1966
                                             1961


SUNRISE AND SUNSET
SEPTEMBER 16 2014.....SUNRISE   713 AM EDT   SUNSET   737 PM EDT
SEPTEMBER 17 2014.....SUNRISE   713 AM EDT   SUNSET   735 PM EDT


-  INDICATES NEGATIVE NUMBERS.
R  INDICATES RECORD WAS SET OR TIED.
MM INDICATES DATA IS MISSING.
T  INDICATES TRACE AMOUNT.




$$
