000
CDUS41 KRLX 120838
CLIHTS


CLIMATE REPORT
NATIONAL WEATHER SERVICE CHARLESTON WV
335 AM EST FRI FEB 12 2016


...................................

...THE HUNTINGTON WV CLIMATE SUMMARY FOR FEBRUARY 11 2016...

CLIMATE NORMAL PERIOD 1981 TO 2010
CLIMATE RECORD PERIOD 1897 TO 2016


WEATHER ITEM   OBSERVED TIME   RECORD YEAR NORMAL DEPARTURE LAST
                VALUE   (LST)  VALUE       VALUE  FROM      YEAR
                                                  NORMAL
..................................................................
TEMPERATURE (F)
 YESTERDAY
  MAXIMUM         29    352 PM  78    1932  45    -16       36
  MINIMUM         16    753 AM   0    1899  27    -11       18
  AVERAGE         23                        36    -13       27

PRECIPITATION (IN)
  YESTERDAY        T             1.00 1899   0.10  -0.10     0.00
  MONTH TO DATE    1.62                      1.17   0.45     0.56
  SINCE JAN 1      3.61                      4.14  -0.53     2.73

SNOWFALL (IN)
  YESTERDAY        T
  MONTH TO DATE    0.2
  SINCE SEP 1     14.0
  SNOW DEPTH       T

DEGREE DAYS
 HEATING
  YESTERDAY       42                        29     13       38
  MONTH TO DATE  305                       325    -20      328
  SINCE DEC 1   1864                      2162   -298     2157
  SINCE JUL 1   2584                      3049   -465     3236

 COOLING
  YESTERDAY        0                         0      0        0
  MONTH TO DATE    0                         0      0        0
  SINCE DEC 1      0                         1     -1        0
  SINCE JAN 1      0                         0      0        0
..................................................................


WIND (MPH)
  HIGHEST WIND SPEED    13   HIGHEST WIND DIRECTION     W (270)
  HIGHEST GUST SPEED    19   HIGHEST GUST DIRECTION    SW (240)
  AVERAGE WIND SPEED     4.8


SKY COVER
  POSSIBLE SUNSHINE  MM


WEATHER CONDITIONS
 THE FOLLOWING WEATHER WAS RECORDED YESTERDAY.
  LIGHT SNOW


RELATIVE HUMIDITY (PERCENT)
 HIGHEST    67          1200 AM
 LOWEST     37           300 PM
 AVERAGE    52

..........................................................


THE HUNTINGTON WV CLIMATE NORMALS FOR TODAY
                         NORMAL    RECORD    YEAR
 MAXIMUM TEMPERATURE (F)   46        73      1932
 MINIMUM TEMPERATURE (F)   27       -10      1899


SUNRISE AND SUNSET
FEBRUARY 12 2016......SUNRISE   725 AM EST   SUNSET   605 PM EST
FEBRUARY 13 2016......SUNRISE   724 AM EST   SUNSET   606 PM EST


-  INDICATES NEGATIVE NUMBERS.
R  INDICATES RECORD WAS SET OR TIED.
MM INDICATES DATA IS MISSING.
T  INDICATES TRACE AMOUNT.




$$
