000
CDUS41 KRLX 230816
CLIHTS


CLIMATE REPORT
NATIONAL WEATHER SERVICE CHARLESTON WV
415 AM EDT SAT JUL 23 2016


...................................

...THE HUNTINGTON WV CLIMATE SUMMARY FOR JULY 22 2016...

CLIMATE NORMAL PERIOD 1981 TO 2010
CLIMATE RECORD PERIOD 1897 TO 2016


WEATHER ITEM   OBSERVED TIME   RECORD YEAR NORMAL DEPARTURE LAST
                VALUE   (LST)  VALUE       VALUE  FROM      YEAR
                                                  NORMAL
..................................................................
TEMPERATURE (F)
 YESTERDAY
  MAXIMUM         91   1244 PM 101    1934  86      5       83
                                      1930
  MINIMUM         69   1156 PM  51    1944  66      3       64
  AVERAGE         80                        76      4       74

PRECIPITATION (IN)
  YESTERDAY        0.01          1.65 1990   0.16  -0.15     0.00
  MONTH TO DATE    3.44                      3.19   0.25     7.96
  SINCE JAN 1     30.33                     25.15   5.18    33.59

SNOWFALL (IN)
  YESTERDAY        0.0
  MONTH TO DATE    0.0
  SINCE SEP 1     23.8
  SNOW DEPTH       0

DEGREE DAYS
 HEATING
  YESTERDAY        0                         0      0        0
  MONTH TO DATE    0                         0      0        0
  SINCE JUN 1      1                        12    -11       14
  SINCE JUL 1      0                         0      0        0

 COOLING
  YESTERDAY       15                        11      4        9
  MONTH TO DATE  256                       239     17      198
  SINCE JUN 1    536                       464     72      471
  SINCE JAN 1    676                       577     99      637
..................................................................


WIND (MPH)
  HIGHEST WIND SPEED    16   HIGHEST WIND DIRECTION     N (20)
  HIGHEST GUST SPEED    23   HIGHEST GUST DIRECTION     N (20)
  AVERAGE WIND SPEED     2.8


SKY COVER
  POSSIBLE SUNSHINE  MM


WEATHER CONDITIONS
 THE FOLLOWING WEATHER WAS RECORDED YESTERDAY.
  THUNDERSTORM
  LIGHT RAIN
  FOG
  FOG W/VISIBILITY <= 1/4 MILE


RELATIVE HUMIDITY (PERCENT)
 HIGHEST    93           800 PM
 LOWEST     56          1200 PM
 AVERAGE    75

..........................................................


THE HUNTINGTON WV CLIMATE NORMALS FOR TODAY
                         NORMAL    RECORD    YEAR
 MAXIMUM TEMPERATURE (F)   86       102      1934
 MINIMUM TEMPERATURE (F)   66        48      1947


SUNRISE AND SUNSET
JULY 23 2016..........SUNRISE   625 AM EDT   SUNSET   848 PM EDT
JULY 24 2016..........SUNRISE   626 AM EDT   SUNSET   847 PM EDT


-  INDICATES NEGATIVE NUMBERS.
R  INDICATES RECORD WAS SET OR TIED.
MM INDICATES DATA IS MISSING.
T  INDICATES TRACE AMOUNT.




$$
