000
CDUS41 KRLX 220730
CLIHTS


CLIMATE REPORT
NATIONAL WEATHER SERVICE CHARLESTON WV
330 AM EDT FRI SEP 22 2017


...................................

...THE HUNTINGTON WV CLIMATE SUMMARY FOR SEPTEMBER 21 2017...

CLIMATE NORMAL PERIOD 1981 TO 2010
CLIMATE RECORD PERIOD 1897 TO 2017


WEATHER ITEM   OBSERVED TIME   RECORD YEAR NORMAL DEPARTURE LAST
                VALUE   (LST)  VALUE       VALUE  FROM      YEAR
                                                  NORMAL
..................................................................
TEMPERATURE (F)
 YESTERDAY
  MAXIMUM         87    407 PM  96    1940  77     10       91
                                      1931
  MINIMUM         64    630 AM  36    1962  54     10       60
                                      1956
  AVERAGE         76                        66     10       76

PRECIPITATION (IN)
  YESTERDAY        0.00          2.16 1950   0.09  -0.09     0.00
  MONTH TO DATE    2.72                      2.00   0.72     0.34
  SINCE JAN 1     36.13                     32.25   3.88    36.43

SNOWFALL (IN)
  YESTERDAY        0.0           0.0  2016   0.0    0.0      0.0
  MONTH TO DATE    0.0                       0.0    0.0      0.0
  SINCE SEP 1      0.0                       0.0    0.0      0.0
  SNOW DEPTH       0

DEGREE DAYS
 HEATING
  YESTERDAY        0                         3     -3        0
  MONTH TO DATE   26                        20      6        0
  SINCE SEP 1     26                        20      6        0
  SINCE JUL 1     26                        22      4        0

 COOLING
  YESTERDAY       11                         3      8       11
  MONTH TO DATE   69                       112    -43      222
  SINCE SEP 1     69                       112    -43      222
  SINCE JAN 1   1071                      1089    -18     1472
..................................................................


WIND (MPH)
  HIGHEST WIND SPEED     8   HIGHEST WIND DIRECTION    NE (40)
  HIGHEST GUST SPEED    10   HIGHEST GUST DIRECTION    NE (40)
  AVERAGE WIND SPEED     1.1


SKY COVER
  POSSIBLE SUNSHINE  MM
  AVERAGE SKY COVER 0.1


WEATHER CONDITIONS
 THE FOLLOWING WEATHER WAS RECORDED YESTERDAY.
  FOG
  HAZE


RELATIVE HUMIDITY (PERCENT)
 HIGHEST    94          1000 AM
 LOWEST     46           400 PM
 AVERAGE    70

..........................................................


THE HUNTINGTON WV CLIMATE NORMALS FOR TODAY
                         NORMAL    RECORD    YEAR
 MAXIMUM TEMPERATURE (F)   76        96      1936
                                             1931
 MINIMUM TEMPERATURE (F)   54        38      1983


SUNRISE AND SUNSET
SEPTEMBER 22 2017.....SUNRISE   718 AM EDT   SUNSET   727 PM EDT
SEPTEMBER 23 2017.....SUNRISE   719 AM EDT   SUNSET   725 PM EDT


-  INDICATES NEGATIVE NUMBERS.
R  INDICATES RECORD WAS SET OR TIED.
MM INDICATES DATA IS MISSING.
T  INDICATES TRACE AMOUNT.




$$
