000
CDUS41 KRLX 310821
CLIHTS


CLIMATE REPORT
NATIONAL WEATHER SERVICE CHARLESTON WV
318 AM EST SAT JAN 31 2015


...................................

...THE HUNTINGTON WV CLIMATE SUMMARY FOR JANUARY 30 2015...

CLIMATE NORMAL PERIOD 1981 TO 2010
CLIMATE RECORD PERIOD 1897 TO 2015


WEATHER ITEM   OBSERVED TIME   RECORD YEAR NORMAL DEPARTURE LAST
                VALUE   (LST)  VALUE       VALUE  FROM      YEAR
                                                  NORMAL
..................................................................
TEMPERATURE (F)
 YESTERDAY
  MAXIMUM         34    327 AM  70    2013  43     -9       37
                                      1914
  MINIMUM         19   1153 PM  -5    1966  26     -7        1
  AVERAGE         27                        34     -7       19

PRECIPITATION (IN)
  YESTERDAY        0.04          1.43 1932   0.10  -0.06     0.00
  MONTH TO DATE    2.17                      2.86  -0.69     2.30
  SINCE JAN 1      2.17                      2.86  -0.69     2.30

SNOWFALL (IN)
  YESTERDAY        0.4
  MONTH TO DATE    0.8
  SINCE SEP 1      0.8
  SNOW DEPTH       0

DEGREE DAYS
 HEATING
  YESTERDAY       38                        31      7       46
  MONTH TO DATE  997                       936     61     1137
  SINCE DEC 1   1790                      1804    -14     1934
  SINCE JUL 1   2869                      2691    178     2885

 COOLING
  YESTERDAY        0                         0      0        0
  MONTH TO DATE    0                         0      0        0
  SINCE DEC 1      0                         1     -1        2
  SINCE JAN 1      0                         0      0        0
..................................................................


WIND (MPH)
  HIGHEST WIND SPEED    23   HIGHEST WIND DIRECTION     N (340)
  HIGHEST GUST SPEED    32   HIGHEST GUST DIRECTION     N (350)
  AVERAGE WIND SPEED     7.8


SKY COVER
  POSSIBLE SUNSHINE  MM


WEATHER CONDITIONS
 THE FOLLOWING WEATHER WAS RECORDED YESTERDAY.
  LIGHT SNOW
  FOG
  HAZE


RELATIVE HUMIDITY (PERCENT)
 HIGHEST    92           800 AM
 LOWEST     47          1200 PM
 AVERAGE    70

..........................................................


THE HUNTINGTON WV CLIMATE NORMALS FOR TODAY
                         NORMAL    RECORD    YEAR
 MAXIMUM TEMPERATURE (F)   43        78      2002
 MINIMUM TEMPERATURE (F)   26        -4      1899


SUNRISE AND SUNSET
JANUARY 31 2015.......SUNRISE   736 AM EST   SUNSET   551 PM EST
FEBRUARY  1 2015......SUNRISE   736 AM EST   SUNSET   552 PM EST


-  INDICATES NEGATIVE NUMBERS.
R  INDICATES RECORD WAS SET OR TIED.
MM INDICATES DATA IS MISSING.
T  INDICATES TRACE AMOUNT.




$$
