000
CDUS41 KRLX 222224
CLIHTS


CLIMATE REPORT
NATIONAL WEATHER SERVICE CHARLESTON WV
523 PM EST MON DEC 22 2014


...................................

...THE HUNTINGTON WV CLIMATE SUMMARY FOR DECEMBER 22 2014...
VALID TODAY AS OF 0500 PM LOCAL TIME.

CLIMATE NORMAL PERIOD 1981 TO 2010
CLIMATE RECORD PERIOD 1897 TO 2014


WEATHER ITEM   OBSERVED TIME   RECORD YEAR NORMAL DEPARTURE LAST
                VALUE   (LST)  VALUE       VALUE  FROM      YEAR
                                                  NORMAL
..................................................................
TEMPERATURE (F)
 TODAY
  MAXIMUM         58    244 PM  71    2013  44     14       71
  MINIMUM         28   1257 AM -11    1989  27      1       53
  AVERAGE         43                        35      8       62

PRECIPITATION (IN)
  TODAY            0.00          0.92 1926   0.10  -0.10     0.75
  MONTH TO DATE    2.62                      2.38   0.24     4.78
  SINCE DEC 1      2.62                      2.38   0.24     4.78
  SINCE JAN 1     47.82                     41.66   6.16    44.14

DEGREE DAYS
 HEATING
  TODAY           22                        30     -8        3
  MONTH TO DATE  579                       596    -17      525
  SINCE DEC 1    579                       596    -17      525
  SINCE JUL 1   1658                      1483    175     1476

 COOLING
  TODAY            0                         0      0        0
  MONTH TO DATE    0                         0      0        2
  SINCE DEC 1      0                         0      0        2
  SINCE JAN 1    971                      1134   -163     1217
..................................................................


WIND (MPH)
  HIGHEST WIND SPEED    12   HIGHEST WIND DIRECTION     E (90)
  HIGHEST GUST SPEED    14   HIGHEST GUST DIRECTION     E (90)
  AVERAGE WIND SPEED     3.5


SKY COVER
  POSSIBLE SUNSHINE  MM
  AVERAGE SKY COVER 0.7


WEATHER CONDITIONS
 THE FOLLOWING WEATHER WAS RECORDED TODAY.
  FOG


RELATIVE HUMIDITY (PERCENT)
 HIGHEST    92          1200 AM
 LOWEST     47           200 PM
 AVERAGE    70

..........................................................


THE HUNTINGTON WV CLIMATE NORMALS FOR TOMORROW
                         NORMAL    RECORD    YEAR
 MAXIMUM TEMPERATURE (F)   44        69      1933
                                             1932
 MINIMUM TEMPERATURE (F)   27       -13      1989


SUNRISE AND SUNSET
DECEMBER 22 2014......SUNRISE   744 AM EST   SUNSET   514 PM EST
DECEMBER 23 2014......SUNRISE   745 AM EST   SUNSET   514 PM EST


-  INDICATES NEGATIVE NUMBERS.
R  INDICATES RECORD WAS SET OR TIED.
MM INDICATES DATA IS MISSING.
T  INDICATES TRACE AMOUNT.




$$
